-- https://www.phpmyadmin.net/
--
-- Waktu pembuatan: 03 Jan 2024 pada 23.58
-- Versi server: 10.4.28-MariaDB
-- Versi PHP: 8.2.4

START TRANSACTION;



--
-- Database: `dbgaji`
--

-- --------------------------------------------------------

--
-- Struktur dari tabel `tbl_bpjs`
--

CREATE TABLE `tbl_bpjs` (
  `no_urut` int(11) NOT NULL,
  `tahun` varchar(20) NOT NULL,
  `bulan` varchar(30) NOT NULL,
  `kode_pegawai` varchar(255) DEFAULT NULL,
  `nama_pegawai` varchar(255) DEFAULT NULL,
  `iuran_bpjs` varchar(10) NOT NULL,
  `jumlah` double DEFAULT NULL
) ENGINE=InnoDB DEFAULT CHARSET=utf8mb4 COLLATE=utf8mb4_general_ci;

--
-- Dumping data untuk tabel `tbl_bpjs`
--

INSERT INTO `tbl_bpjs` (`no_urut`, `tahun`, `bulan`, `kode_pegawai`, `nama_pegawai`, `iuran_bpjs`, `jumlah`) VALUES
(1, '2024', 'Januari', 'P01', 'Dadang Supriatna', 'Ya', 41736),
(2, '2024', 'Januari', 'P02', 'Windi Ardilla', 'Tidak', 0),
(3, '2024', 'Januari', 'P03', 'Devi Ratnasari', 'Ya', 41736),
(4, '2024', 'Januari', 'P04', 'Ema Yulistia', 'Ya', 41736),
(5, '2024', 'Januari', 'P05', 'Ismi Sholihah', 'Tidak', 0),
(6, '2024', 'Januari', 'P06', 'Siti Nuraeni', 'Ya', 41736),
(7, '2024', 'Januari', 'P08', 'Novitasari', 'Tidak', 0),
(8, '2024', 'Januari', 'P09', 'Maulida Jahra', 'Tidak', 0),
(9, '2024', 'Januari', 'P10', 'Dwifi Salwiyah', 'Tidak', 0),
(10, '2024', 'Januari', 'P11', 'Galang Rambu A', 'Tidak', 0),
(11, '2024', 'Januari', 'P12', 'Kasim', 'Tidak', 0),
(12, '2024', 'Januari', 'P13', 'Deni', 'Tidak', 0),
(13, '2024', 'Januari', 'P14', 'Udin Sudarman', 'Tidak', 0),
(14, '2024', 'Januari', 'P15', 'Yanto Suseno', 'Tidak', 0);

-- --------------------------------------------------------

--
-- Struktur dari tabel `tbl_bulan`
--

CREATE TABLE `tbl_bulan` (
  `no` varchar(10) NOT NULL,
  `bulan` varchar(30) NOT NULL
) ENGINE=InnoDB DEFAULT CHARSET=utf8mb4 COLLATE=utf8mb4_general_ci;

--
-- Dumping data untuk tabel `tbl_bulan`
--

INSERT INTO `tbl_bulan` (`no`, `bulan`) VALUES
('01', 'JANUARI'),
('02', 'FEBRUARI'),
('03', 'MARET'),
('04', 'APRIL'),
('05', 'MEI'),
('06', 'JUNI'),
('07', 'JULI'),
('08', 'AGUSTUS'),
('09', 'SEPTEMBER'),
('10', 'OKTOBER'),
('11', 'NOVEMBER'),
('12', 'DESEMBER');

-- --------------------------------------------------------

--
-- Struktur dari tabel `tbl_data_gaji`
--

CREATE TABLE `tbl_data_gaji` (
  `kode_pegawai` varchar(10) NOT NULL,
  `nama_pegawai` varchar(255) NOT NULL,
  `gaji_pokok` double NOT NULL,
  `tunj_pendidikan` double NOT NULL,
  `tunj_masakerja` double NOT NULL,
  `tunj_jabatan` double NOT NULL,
  `tunj_transport` double NOT NULL,
  `total_gaji` double NOT NULL
) ENGINE=InnoDB DEFAULT CHARSET=utf8mb4 COLLATE=utf8mb4_general_ci;

--
-- Dumping data untuk tabel `tbl_data_gaji`
--

INSERT INTO `tbl_data_gaji` (`kode_pegawai`, `nama_pegawai`, `gaji_pokok`, `tunj_pendidikan`, `tunj_masakerja`, `tunj_jabatan`, `tunj_transport`, `total_gaji`) VALUES
('P01', 'Dadang Supriatna', 5500000, 100000, 225000, 1000000, 300000, 7125000),
('P02', 'Windi Ardilla', 1500000, 250000, 225000, 500000, 150000, 2625000),
('P03', 'Devi Ratnasari', 1500000, 250000, 225000, 250000, 150000, 2375000),
('P04', 'Ema Yulistia', 1500000, 250000, 225000, 250000, 150000, 2375000),
('P05', 'Ismi Sholihah', 1500000, 250000, 225000, 0, 150000, 2125000),
('P06', 'Siti Nuraeni', 1500000, 250000, 75000, 0, 150000, 1975000),
('P07', 'Yeni Siti Aminah', 1500000, 250000, 75000, 0, 150000, 1975000),
('P08', 'Novitasari', 1500000, 250000, 0, 0, 150000, 1900000),
('P09', 'Maulida', 1500000, 250000, 0, 0, 150000, 1900000),
('P10', 'Dwifi', 1100000, 200000, 0, 150000, 150000, 1600000),
('P11', 'Galang RA', 2500000, 500000, 0, 500000, 500000, 4000000),
('P12', 'Kasim', 1100000, 100000, 150000, 150000, 1100000, 2600000),
('P13', 'Deni', 1100000, 100000, 0, 0, 150000, 1350000),
('P14', 'Darman', 1100000, 100000, 0, 0, 150000, 1350000),
('P15', 'Yanto', 1100000, 100000, 0, 0, 300000, 1500000);

-- --------------------------------------------------------

--
-- Struktur dari tabel `tbl_data_uangmakan`
--

CREATE TABLE `tbl_data_uangmakan` (
  `kode_pegawai` varchar(10) NOT NULL,
  `nama_pegawai` varchar(255) NOT NULL,
  `uang_makan` double NOT NULL
) ENGINE=InnoDB DEFAULT CHARSET=utf8mb4 COLLATE=utf8mb4_general_ci;

--
-- Dumping data untuk tabel `tbl_data_uangmakan`
--

INSERT INTO `tbl_data_uangmakan` (`kode_pegawai`, `nama_pegawai`, `uang_makan`) VALUES
('P01', 'Dadang Supriatna', 350000),
('P02', 'Windi Ardilla', 350000),
('P03', 'Devi Ratnasari', 350000),
('P04', 'Ema Yulistia', 350000),
('P05', 'Ismi Sholihah', 350000),
('P06', 'Siti Nuraeni', 350000),
('P07', 'Yeni Siti Aminah', 350000),
('P08', 'Novitasari', 350000),
('P09', 'Maulida', 350000),
('P10', 'Dwifi', 350000),
('P11', 'Galang RA', 350000),
('P12', 'Kasim', 350000),
('P13', 'Deni', 350000),
('P14', 'Darman', 350000),
('P15', 'Yanto', 350000);

-- --------------------------------------------------------

--
-- Struktur dari tabel `tbl_gaji`
--

CREATE TABLE `tbl_gaji` (
  `no_urut` int(11) NOT NULL,
  `tahun` varchar(20) NOT NULL,
  `bulan` varchar(30) NOT NULL,
  `kode_pegawai` varchar(255) DEFAULT NULL,
  `nama_pegawai` varchar(255) DEFAULT NULL,
  `total_gaji` double DEFAULT NULL
) ENGINE=InnoDB DEFAULT CHARSET=utf8mb4 COLLATE=utf8mb4_general_ci;

--
-- Dumping data untuk tabel `tbl_gaji`
--

INSERT INTO `tbl_gaji` (`no_urut`, `tahun`, `bulan`, `kode_pegawai`, `nama_pegawai`, `total_gaji`) VALUES
(1, '2024', 'Januari', 'P01', 'Dadang Supriatna', 7125000),
(2, '2024', 'Januari', 'P02', 'Windi Ardilla', 2625000),
(3, '2024', 'Januari', 'P03', 'Devi Ratnasari', 2375000),
(4, '2024', 'Januari', 'P04', 'Ema Yulistia', 2375000),
(5, '2024', 'Januari', 'P05', 'Ismi Sholihah', 2125000),
(6, '2024', 'Januari', 'P06', 'Siti Nuraeni', 1975000),
(7, '2024', 'Januari', 'P07', 'Yeni Siti Aminah', 1975000),
(8, '2024', 'Januari', 'P08', 'Novitasari', 1900000),
(9, '2024', 'Januari', 'P09', 'Maulida', 1900000),
(10, '2024', 'Januari', 'P10', 'Dwifi', 1600000),
(11, '2024', 'Januari', 'P11', 'Galang RA', 4000000),
(12, '2024', 'Januari', 'P12', 'Kasim', 2600000),
(13, '2024', 'Januari', 'P13', 'Deni', 1350000),
(14, '2024', 'Januari', 'P14', 'Darman', 1350000),
(15, '2024', 'Januari', 'P15', 'Yanto', 1500000);

-- --------------------------------------------------------

--
-- Struktur dari tabel `tbl_hk`
--

CREATE TABLE `tbl_hk` (
  `kode` varchar(255) DEFAULT NULL,
  `hari_kerja` varchar(255) DEFAULT NULL,
  `indeks` varchar(255) DEFAULT NULL
) ENGINE=InnoDB DEFAULT CHARSET=utf8mb4 COLLATE=utf8mb4_general_ci;

--
-- Dumping data untuk tabel `tbl_hk`
--

INSERT INTO `tbl_hk` (`kode`, `hari_kerja`, `indeks`) VALUES
('HK01', 'Umum - Absen > 3 Shift : 1', '1'),
('HK02', 'Umum - Absen 3 Shift : 5', '5'),
('HK03', 'Umum - Absen 2 Shift : 10', '10'),
('HK04', 'Umum - Absen 1 Shift : 15', '15'),
('HK05', 'Umum - Tanpa Absen : 20', '20'),
('HK06', 'Pelayanan - Absen > 3 Shift : 5', '5'),
('HK07', 'Pelayanan - Absen 3 Shift : 15', '15'),
('HK08', 'Pelayanan - Absen 2 Shift : 20', '20'),
('HK09', 'Pelayanan - Absen 1 Shift : 30', '30'),
('HK10', 'Pelayanan - Tanpa Absen : 40', '40'),
('HK11', 'Cuti : 0', '0');

-- --------------------------------------------------------

--
-- Struktur dari tabel `tbl_indeks`
--

CREATE TABLE `tbl_indeks` (
  `kode_pegawai` varchar(255) NOT NULL,
  `nama_pegawai` varchar(255) DEFAULT NULL,
  `kelompok` varchar(255) DEFAULT NULL,
  `MK` varchar(255) DEFAULT NULL,
  `KK` varchar(255) DEFAULT NULL,
  `SK` varchar(255) DEFAULT NULL,
  `PK` varchar(255) DEFAULT NULL,
  `HK` varchar(255) DEFAULT NULL,
  `LK` varchar(255) DEFAULT NULL,
  `jumlah` varchar(255) DEFAULT NULL
) ENGINE=InnoDB DEFAULT CHARSET=utf8mb4 COLLATE=utf8mb4_general_ci;

--
-- Dumping data untuk tabel `tbl_indeks`
--

INSERT INTO `tbl_indeks` (`kode_pegawai`, `nama_pegawai`, `kelompok`, `MK`, `KK`, `SK`, `PK`, `HK`, `LK`, `jumlah`) VALUES
('P01', 'Dadang Supritana', 'Umum', '0', '0', '0', '0', '0', '0', '0'),
('P02', 'Windi Ardilla', 'Pelayanan', '40', '25', '30', '40', '40', '25', '200'),
('P03', 'Devi Ratnasari', 'Pelayanan', '40', '25', '30', '40', '40', '20', '195'),
('P04', 'Ema Yulistia', 'Pelayanan', '40', '25', '30', '40', '40', '25', '200'),
('P05', 'Ismi Sholihah', 'Pelayanan', '0', '0', '0', '0', '0', '0', '0'),
('P06', 'Siti Nuraeni', 'Pelayanan', '25', '25', '30', '20', '40', '25', '165'),
('P07', 'Yeni Siti Aminah', 'Pelayanan', '25', '25', '30', '20', '40', '25', '165'),
('P08', 'Novitasari', 'Pelayanan', '25', '25', '30', '20', '40', '20', '160'),
('P09', 'Maulida', 'Pelayanan', '20', '25', '30', '20', '40', '25', '160'),
('P10', 'Dwifi', 'Pelayanan', '15', '20', '35', '25', '40', '25', '160'),
('P11', 'Galang RA', 'Umum', '0', '0', '0', '0', '0', '0', '0'),
('P12', 'Kasim', 'Umum', '30', '5', '5', '5', '20', '5', '85'),
('P13', 'Deni', 'Umum', '25', '5', '10', '5', '20', '20', '85'),
('P14', 'Darman', 'Umum', '15', '5', '10', '5', '20', '20', '75'),
('P15', 'Yanto', 'Umum', '0', '0', '0', '0', '0', '0', '0');

-- --------------------------------------------------------

--
-- Struktur dari tabel `tbl_jamsostek`
--

CREATE TABLE `tbl_jamsostek` (
  `no_urut` int(11) NOT NULL,
  `tahun` varchar(30) NOT NULL,
  `bulan` varchar(30) NOT NULL,
  `kode_pegawai` varchar(255) DEFAULT NULL,
  `nama_pegawai` varchar(255) DEFAULT NULL,
  `iuran_jamsostek` varchar(10) NOT NULL,
  `jumlah` double DEFAULT NULL
) ENGINE=InnoDB DEFAULT CHARSET=utf8mb4 COLLATE=utf8mb4_general_ci;

--
-- Dumping data untuk tabel `tbl_jamsostek`
--

INSERT INTO `tbl_jamsostek` (`no_urut`, `tahun`, `bulan`, `kode_pegawai`, `nama_pegawai`, `iuran_jamsostek`, `jumlah`) VALUES
(1, '2024', 'Januari', 'P01', 'Dadang Supriatna', 'Ya', 110000),
(2, '2024', 'Januari', 'P02', 'Windi Ardilla', 'Ya', 70000),
(3, '2024', 'Januari', 'P03', 'Devi Ratnasari', 'Ya', 70000),
(4, '2024', 'Januari', 'P04', 'Ema Yulistia', 'Ya', 70000),
(5, '2024', 'Januari', 'P05', 'Ismi Sholihah', 'Ya', 61000),
(6, '2024', 'Januari', 'P06', 'Siti Nuraeni', 'Tidak', 0),
(7, '2024', 'Januari', 'P07', 'Yeni Siti Aminah', 'Tidak', 0),
(8, '2024', 'Januari', 'P08', 'Novitasari', 'Tidak', 0),
(9, '2024', 'Januari', 'P09', 'Maulida Jahra', 'Tidak', 0),
(10, '2024', 'Januari', 'P10', 'Dwifi Salwiyah', 'Tidak', 0),
(11, '2024', 'Januari', 'P11', 'Galang Rambu A', 'Tidak', 0),
(12, '2024', 'Januari', 'P12', 'Kasim', 'Tidak', 0),
(13, '2024', 'Januari', 'P13', 'Deni', 'Tidak', 0),
(14, '2024', 'Januari', 'P14', 'Udin Sudarman', 'Tidak', 0),
(15, '2024', 'Januari', 'P15', 'Yanto Suseno', 'Tidak', 0);

-- --------------------------------------------------------

--
-- Struktur dari tabel `tbl_jasaperorangan`
--

CREATE TABLE `tbl_jasaperorangan` (
  `no_urut` int(11) NOT NULL,
  `tahun` varchar(30) NOT NULL,
  `bulan` varchar(30) NOT NULL,
  `kode_pegawai` varchar(255) DEFAULT NULL,
  `nama_pegawai` varchar(255) DEFAULT NULL,
  `jumlah_jaspel` double DEFAULT NULL
) ENGINE=InnoDB DEFAULT CHARSET=utf8mb4 COLLATE=utf8mb4_general_ci;

--
-- Dumping data untuk tabel `tbl_jasaperorangan`
--

INSERT INTO `tbl_jasaperorangan` (`no_urut`, `tahun`, `bulan`, `kode_pegawai`, `nama_pegawai`, `jumlah_jaspel`) VALUES
(1, '2024', 'Januari', 'P01', 'Dadang Supritana', 0),
(2, '2024', 'Januari', 'P02', 'Windi Ardilla', 163500),
(3, '2024', 'Januari', 'P03', 'Devi Ratnasari', 89050),
(4, '2024', 'Januari', 'P04', 'Ema Yulistia', 163500),
(5, '2024', 'Januari', 'P05', 'Ismi Sholihah', 0),
(6, '2024', 'Januari', 'P06', 'Siti Nuraeni', 89050),
(7, '2024', 'Januari', 'P07', 'Yeni Siti Aminah', 75950),
(8, '2024', 'Januari', 'P08', 'Novitasari', 89050),
(9, '2024', 'Januari', 'P09', 'Maulida', 163500),
(10, '2024', 'Januari', 'P10', 'Dwifi', 0),
(11, '2024', 'Januari', 'P11', 'Galang RA', 0),
(12, '2024', 'Januari', 'P12', 'Kasim', 0),
(15, '2024', 'Januari', 'P14', 'Darman', 0),
(16, '2024', 'Januari', 'P15', 'Yanto', 0),
(17, '2024', 'Januari', 'P13', 'Deni', 0);

-- --------------------------------------------------------

--
-- Struktur dari tabel `tbl_jasatindakan`
--

CREATE TABLE `tbl_jasatindakan` (
  `no_urut` int(11) NOT NULL,
  `tahun` varchar(30) NOT NULL,
  `bulan` varchar(30) NOT NULL,
  `kode_pegawai` varchar(255) DEFAULT NULL,
  `nama_pegawai` varchar(255) DEFAULT NULL,
  `jumlah_indeks` varchar(255) DEFAULT NULL,
  `jp_kelompok` double DEFAULT NULL
) ENGINE=InnoDB DEFAULT CHARSET=utf8mb4 COLLATE=utf8mb4_general_ci;

--
-- Dumping data untuk tabel `tbl_jasatindakan`
--

INSERT INTO `tbl_jasatindakan` (`no_urut`, `tahun`, `bulan`, `kode_pegawai`, `nama_pegawai`, `jumlah_indeks`, `jp_kelompok`) VALUES
(1, '2024', 'Januari', 'P01', 'Dadang Supritana', '0', 0),
(2, '2024', 'Januari', 'P02', 'Windi Ardilla', '200', 442200),
(3, '2024', 'Januari', 'P03', 'Devi Ratnasari', '195', 431145),
(4, '2024', 'Januari', 'P04', 'Ema Yulistia', '200', 442200),
(5, '2024', 'Januari', 'P05', 'Ismi Sholihah', '0', 0),
(6, '2024', 'Januari', 'P06', 'Siti Nuraeni', '165', 364815),
(7, '2024', 'Januari', 'P07', 'Yeni Siti Aminah', '165', 364815),
(8, '2024', 'Januari', 'P08', 'Novitasari', '160', 353760),
(9, '2024', 'Januari', 'P09', 'Maulida', '160', 353760),
(10, '2024', 'Januari', 'P10', 'Dwifi', '160', 353760),
(11, '2024', 'Januari', 'P11', 'Galang RA', '0', 0),
(12, '2024', 'Januari', 'P12', 'Kasim', '85', 187935),
(13, '2024', 'Januari', 'P13', 'Deni', '85', 187935),
(14, '2024', 'Januari', 'P14', 'Darman', '75', 165825),
(15, '2024', 'Januari', 'P15', 'Yanto', '0', 0);

-- --------------------------------------------------------

--
-- Struktur dari tabel `tbl_kk`
--

CREATE TABLE `tbl_kk` (
  `kode` varchar(255) DEFAULT NULL,
  `kompetensi_kerja` varchar(255) DEFAULT NULL,
  `indeks` varchar(255) DEFAULT NULL
) ENGINE=InnoDB DEFAULT CHARSET=utf8mb4 COLLATE=utf8mb4_general_ci;

--
-- Dumping data untuk tabel `tbl_kk`
--

INSERT INTO `tbl_kk` (`kode`, `kompetensi_kerja`, `indeks`) VALUES
('KK01', 'Non Nakes : 5', '5'),
('KK02', 'Nakes SMK : 20', '20'),
('KK03', 'Nakes D3 : 25', '25'),
('KK04', 'Nakes S1 (Linier) : 30', '30'),
('KK05', 'Nakes S1 Profesi (Linier) : 35', '35'),
('KK06', 'Cuti : 0', '0');

-- --------------------------------------------------------

--
-- Struktur dari tabel `tbl_lembur`
--

CREATE TABLE `tbl_lembur` (
  `no_urut` int(11) NOT NULL,
  `tahun` varchar(10) NOT NULL,
  `bulan` varchar(30) NOT NULL,
  `kode_pegawai` varchar(255) DEFAULT NULL,
  `nama_pegawai` varchar(255) DEFAULT NULL,
  `jumlah_jam` varchar(255) DEFAULT NULL,
  `jumlah_honor` double DEFAULT NULL
) ENGINE=InnoDB DEFAULT CHARSET=utf8mb4 COLLATE=utf8mb4_general_ci;

--
-- Dumping data untuk tabel `tbl_lembur`
--

INSERT INTO `tbl_lembur` (`no_urut`, `tahun`, `bulan`, `kode_pegawai`, `nama_pegawai`, `jumlah_jam`, `jumlah_honor`) VALUES
(1, '2024', 'Januari', 'P01', 'Dadang Supriatna', '0', 0),
(2, '2024', 'Januari', 'P02', 'Windi Ardilla', '36', 546243),
(3, '2024', 'Januari', 'P03', 'Devi Ratnasari', '36', 494220),
(4, '2024', 'Januari', 'P04', 'Ema Yulistia', '24', 329480),
(5, '2024', 'Januari', 'P05', 'Ismi Sholihah', '0', 0),
(6, '2024', 'Januari', 'P06', 'Siti Nuraeni', '24', 273989),
(7, '2024', 'Januari', 'P07', 'Yeni Siti Aminah', '36', 410983),
(8, '2024', 'Januari', 'P08', 'Novitasari', '24', 263584),
(9, '2024', 'Januari', 'P09', 'Maulida', '36', 395376),
(10, '2024', 'Januari', 'P10', 'Dwifi', '36', 332948),
(11, '2024', 'Januari', 'P11', 'Galang RA', '0', 0),
(12, '2024', 'Januari', 'P12', 'Kasim', '0', 0),
(13, '2024', 'Januari', 'P13', 'Deni', '36', 280925),
(14, '2024', 'Januari', 'P14', 'Darman', '36', 280925),
(15, '2024', 'Januari', 'P15', 'Yanto', '0', 0);

-- --------------------------------------------------------

--
-- Struktur dari tabel `tbl_lk`
--

CREATE TABLE `tbl_lk` (
  `kode` varchar(255) DEFAULT NULL,
  `lembur_kerja` varchar(255) DEFAULT NULL,
  `indeks` varchar(255) DEFAULT NULL
) ENGINE=InnoDB DEFAULT CHARSET=utf8mb4 COLLATE=utf8mb4_general_ci;

--
-- Dumping data untuk tabel `tbl_lk`
--

INSERT INTO `tbl_lk` (`kode`, `lembur_kerja`, `indeks`) VALUES
('LK01', 'Umum - Tanpa Lembur : 5', '5'),
('LK02', 'Umum - Lembur 1 Kali : 10', '10'),
('LK03', 'Umum - Lembur 2 Kali : 15', '15'),
('LK04', 'Umum - Lembur 3 Kali : 20', '20'),
('LK05', 'Umum - Lembur > 3 Kali : 25', '25'),
('LK06', 'Pelayanan - Tanpa Lembur : 15', '15'),
('LK07', 'Pelayanan - Lembur 1 Kali : 20', '20'),
('LK08', 'Pelayanan - Lembur 2 Kali : 25', '25'),
('LK09', 'Pelayanan - Lembur 3 Kali : 30', '30'),
('LK10', 'Pelayanan - Lembur > 3 Kali : 35', '35'),
('LK11', 'Cuti : 0', '0');

-- --------------------------------------------------------

--
-- Struktur dari tabel `tbl_mk`
--

CREATE TABLE `tbl_mk` (
  `kode` varchar(255) DEFAULT NULL,
  `masa_kerja` varchar(255) DEFAULT NULL,
  `indeks` varchar(255) DEFAULT NULL
) ENGINE=InnoDB DEFAULT CHARSET=utf8mb4 COLLATE=utf8mb4_general_ci;

--
-- Dumping data untuk tabel `tbl_mk`
--

INSERT INTO `tbl_mk` (`kode`, `masa_kerja`, `indeks`) VALUES
('MK01', 'MK 0 - 1 Tahun : 10', '10'),
('MK02', 'MK 1,1 - 2 Tahun : 15', '15'),
('MK03', 'MK 2,1 - 3 Tahun : 20', '20'),
('MK04', 'MK 3,1 - 4 Tahun : 25', '25'),
('MK05', 'MK 4,1 - 5 Tahun : 30', '30'),
('MK06', 'MK > 5 Tahun : 40', '40'),
('MK07', 'Cuti : 0', '0');

-- --------------------------------------------------------

--
-- Struktur dari tabel `tbl_nilai_indeks`
--

CREATE TABLE `tbl_nilai_indeks` (
  `no_urut` int(11) NOT NULL,
  `tahun` varchar(10) NOT NULL,
  `bulan` varchar(30) NOT NULL,
  `jp_d1` double NOT NULL,
  `jp_d2` double NOT NULL,
  `jp_d3` double NOT NULL,
  `jp_lab` double NOT NULL,
  `jumlah_jp` double NOT NULL,
  `jumlah_indeks` varchar(10) NOT NULL,
  `nilai_indeks` double NOT NULL
) ENGINE=InnoDB DEFAULT CHARSET=utf8mb4 COLLATE=utf8mb4_general_ci;

--
-- Dumping data untuk tabel `tbl_nilai_indeks`
--

INSERT INTO `tbl_nilai_indeks` (`no_urut`, `tahun`, `bulan`, `jp_d1`, `jp_d2`, `jp_d3`, `jp_lab`, `jumlah_jp`, `jumlah_indeks`, `nilai_indeks`) VALUES
(6, '2024', 'Januari', 1630190, 2036070, 680500, 657000, 5003760, '1650', 3033);

-- --------------------------------------------------------

--
-- Struktur dari tabel `tbl_obat`
--

CREATE TABLE `tbl_obat` (
  `no_urut` int(11) NOT NULL,
  `tahun` varchar(30) NOT NULL,
  `bulan` varchar(30) NOT NULL,
  `kode_pegawai` varchar(255) DEFAULT NULL,
  `nama_pegawai` varchar(255) DEFAULT NULL,
  `pemakaian_obat` double DEFAULT NULL
) ENGINE=InnoDB DEFAULT CHARSET=utf8mb4 COLLATE=utf8mb4_general_ci;

--
-- Dumping data untuk tabel `tbl_obat`
--

INSERT INTO `tbl_obat` (`no_urut`, `tahun`, `bulan`, `kode_pegawai`, `nama_pegawai`, `pemakaian_obat`) VALUES
(1, '2024', 'Januari', 'P01', 'Dadang Supriatna', 0),
(2, '2024', 'Januari', 'P02', 'Windi Ardilla', 0),
(3, '2024', 'Januari', 'P03', 'Devi Ratnasari', 0),
(4, '2024', 'Januari', 'P04', 'Ema Yulistia', 0),
(5, '2024', 'Januari', 'P05', 'Ismi Sholihah', 0),
(6, '2024', 'Januari', 'P06', 'Siti Nuraeni', 0),
(7, '2024', 'Januari', 'P07', 'Yeni Siti Aminah', 0),
(8, '2024', 'Januari', 'P08', 'Novitasari', 0),
(9, '2024', 'Januari', 'P09', 'Maulida Jahra', 0),
(10, '2024', 'Januari', 'P10', 'Dwifi Salwiyah', 0),
(11, '2024', 'Januari', 'P11', 'Galang Rambu A', 0),
(12, '2024', 'Januari', 'P12', 'Kasim', 0),
(13, '2024', 'Januari', 'P13', 'Deni', 0),
(14, '2024', 'Januari', 'P14', 'Udin Sudarman', 0),
(15, '2024', 'Januari', 'P15', 'Yanto Suseno', 0);

-- --------------------------------------------------------

--
-- Struktur dari tabel `tbl_pegawai`
--

CREATE TABLE `tbl_pegawai` (
  `kode_pegawai` varchar(255) NOT NULL,
  `nama_pegawai` varchar(255) DEFAULT NULL,
  `TMT_tahun` varchar(255) DEFAULT NULL,
  `unit_kerja` varchar(255) DEFAULT NULL,
  `posisi` varchar(255) DEFAULT NULL,
  `pendidikan` varchar(255) DEFAULT NULL,
  `bpjs` varchar(255) DEFAULT NULL,
  `iuran_bpjs` double NOT NULL,
  `jamsostek` varchar(10) NOT NULL,
  `iuran_jamsostek` double NOT NULL
) ENGINE=InnoDB DEFAULT CHARSET=utf8mb4 COLLATE=utf8mb4_general_ci;

--
-- Dumping data untuk tabel `tbl_pegawai`
--

INSERT INTO `tbl_pegawai` (`kode_pegawai`, `nama_pegawai`, `TMT_tahun`, `unit_kerja`, `posisi`, `pendidikan`, `bpjs`, `iuran_bpjs`, `jamsostek`, `iuran_jamsostek`) VALUES
('P01', 'Dadang Supriatna', '2017', 'Umum', 'Manajer', 'Non Nakes', 'Ya', 41736, 'Ya', 110000),
('P02', 'Windi Ardilla', '2017', 'Pelayanan', 'Koordinator', 'D3', 'Tidak', 0, 'Ya', 70000),
('P03', 'Devi Ratnasari', '2017', 'Pelayanan', 'PJ', 'D3', 'Ya', 41736, 'Ya', 70000),
('P04', 'Ema Yulistia', '2017', 'Pelayanan', 'PJ', 'D3', 'Ya', 41736, 'Ya', 70000),
('P05', 'Ismi Sholihah', '2017', 'Pelayanan', 'Pelaksana', 'D3', 'Tidak', 0, 'Ya', 61000),
('P06', 'Siti Nuraeni', '2019', 'Pelayanan', 'Pelaksana', 'D3', 'Ya', 41736, 'Tidak', 0),
('P07', 'Yeni Siti Aminah', '2019', 'Pelayanan', 'Pelaksana', 'D3', 'Tidak', 0, 'Tidak', 0),
('P08', 'Novitasari', '2020', 'Pelayanan', 'Pelaksana', 'D3', 'Tidak', 0, 'Tidak', 0),
('P09', 'Maulida Jahra', '2021', 'Pelayanan', 'Pelaksana', 'D3', 'Tidak', 0, 'Tidak', 0),
('P10', 'Dwifi Salwiyah', '2022', 'Pelayanan', 'PJ', 'SMK', 'Tidak', 0, 'Tidak', 0),
('P11', 'Galang Rambu A', '2022', 'Umum', 'PJ', 'S1', 'Tidak', 0, 'Tidak', 0),
('P12', 'Kasim', '2017', 'Umum', 'PJ', 'Non Nakes', 'Tidak', 0, 'Tidak', 0),
('P13', 'Deni', '2020', 'Umum', 'Pelaksana', 'Non Nakes', 'Tidak', 0, 'Tidak', 0),
('P14', 'Udin Sudarman', '2021', 'Umum', 'Pelaksana', 'Non Nakes', 'Tidak', 0, 'Tidak', 0),
('P15', 'Yanto Suseno', '2022', 'Umum', 'Pelaksana', 'Non Nakes', 'Tidak', 0, 'Tidak', 0);

-- --------------------------------------------------------

--
-- Struktur dari tabel `tbl_pinjaman`
--

CREATE TABLE `tbl_pinjaman` (
  `no_urut` int(11) NOT NULL,
  `tahun` varchar(30) NOT NULL,
  `bulan` varchar(30) NOT NULL,
  `kode_pegawai` varchar(255) DEFAULT NULL,
  `nama_pegawai` varchar(255) DEFAULT NULL,
  `pinjaman` double DEFAULT NULL
) ENGINE=InnoDB DEFAULT CHARSET=utf8mb4 COLLATE=utf8mb4_general_ci;

--
-- Dumping data untuk tabel `tbl_pinjaman`
--

INSERT INTO `tbl_pinjaman` (`no_urut`, `tahun`, `bulan`, `kode_pegawai`, `nama_pegawai`, `pinjaman`) VALUES
(1, '2024', 'Januari', 'P01', 'Dadang Supriatna', 0),
(2, '2024', 'Januari', 'P02', 'Windi Ardilla', 1000000),
(3, '2024', 'Januari', 'P03', 'Devi Ratnasari', 500000),
(4, '2024', 'Januari', 'P04', 'Ema Yulistia', 500000),
(5, '2024', 'Januari', 'P05', 'Ismi Sholihah', 0),
(6, '2024', 'Januari', 'P06', 'Siti Nuraeni', 608000),
(7, '2024', 'Januari', 'P07', 'Yeni Siti Aminah', 500000),
(8, '2024', 'Januari', 'P08', 'Novitasari', 0),
(9, '2024', 'Januari', 'P09', 'Maulida Jahra', 0),
(10, '2024', 'Januari', 'P10', 'Dwifi Salwiyah', 0),
(11, '2024', 'Januari', 'P11', 'Galang Rambu A', 0),
(12, '2024', 'Januari', 'P12', 'Kasim', 0),
(13, '2024', 'Januari', 'P13', 'Deni', 400000),
(14, '2024', 'Januari', 'P14', 'Udin Sudarman', 500000),
(15, '2024', 'Januari', 'P15', 'Yanto Suseno', 608000);

-- --------------------------------------------------------

--
-- Struktur dari tabel `tbl_pk`
--

CREATE TABLE `tbl_pk` (
  `kode` varchar(255) DEFAULT NULL,
  `posisi_kerja` varchar(255) DEFAULT NULL,
  `indeks` varchar(255) DEFAULT NULL
) ENGINE=InnoDB DEFAULT CHARSET=utf8mb4 COLLATE=utf8mb4_general_ci;

--
-- Dumping data untuk tabel `tbl_pk`
--

INSERT INTO `tbl_pk` (`kode`, `posisi_kerja`, `indeks`) VALUES
('PK01', 'Umum - Pelaksana : 5', '5'),
('PK02', 'Umum - PJ : 10', '10'),
('PK03', 'Pelayanan - Pelaksana : 20', '20'),
('PK04', 'Pelayanan - PJ : 25', '25'),
('PK05', 'Pelayanan - Koordinator : 40', '40'),
('PK06', 'Cuti : 0', '0');

-- --------------------------------------------------------

--
-- Struktur dari tabel `tbl_sk`
--

CREATE TABLE `tbl_sk` (
  `kode` varchar(255) DEFAULT NULL,
  `siklus_kerja` varchar(255) DEFAULT NULL,
  `indeks` varchar(255) DEFAULT NULL
) ENGINE=InnoDB DEFAULT CHARSET=utf8mb4 COLLATE=utf8mb4_general_ci;

--
-- Dumping data untuk tabel `tbl_sk`
--

INSERT INTO `tbl_sk` (`kode`, `siklus_kerja`, `indeks`) VALUES
('SK01', 'Umum - Non Shift : 5', '5'),
('SK02', 'Umum - Shift : 10', '10'),
('SK03', 'Umum - 24 Jam : 15', '15'),
('SK04', 'Pelayanan - Non Shift : 25', '25'),
('SK05', 'Pelayanan - Shift : 30', '30'),
('SK06', 'Pelayanan - 24 Jam : 35', '35'),
('SK07', 'Cuti : 0', '0');

-- --------------------------------------------------------

--
-- Struktur dari tabel `tbl_tahun`
--

CREATE TABLE `tbl_tahun` (
  `no` varchar(10) NOT NULL,
  `tahun` varchar(10) NOT NULL
) ENGINE=InnoDB DEFAULT CHARSET=utf8mb4 COLLATE=utf8mb4_general_ci;

--
-- Dumping data untuk tabel `tbl_tahun`
--

INSERT INTO `tbl_tahun` (`no`, `tahun`) VALUES
('1', '2023'),
('2', '2024'),
('3', '2025'),
('4', '2026'),
('5', '2027');

-- --------------------------------------------------------

--
-- Struktur dari tabel `tbl_thp`
--

CREATE TABLE `tbl_thp` (
  `tahun` varchar(30) NOT NULL,
  `bulan` varchar(30) NOT NULL,
  `kode_pegawai` varchar(255) DEFAULT NULL,
  `nama_pegawai` varchar(255) DEFAULT NULL,
  `gaji` double DEFAULT NULL,
  `lembur` double DEFAULT NULL,
  `jp_kelompok` double DEFAULT NULL,
  `jp_individu` double DEFAULT NULL,
  `pinjaman` double DEFAULT NULL,
  `bpjs` double DEFAULT NULL,
  `jamsostek` double NOT NULL,
  `obat` double DEFAULT NULL,
  `thp` double DEFAULT NULL
) ENGINE=InnoDB DEFAULT CHARSET=utf8mb4 COLLATE=utf8mb4_general_ci;

--
-- Dumping data untuk tabel `tbl_thp`
--

INSERT INTO `tbl_thp` (`tahun`, `bulan`, `kode_pegawai`, `nama_pegawai`, `gaji`, `lembur`, `jp_kelompok`, `jp_individu`, `pinjaman`, `bpjs`, `jamsostek`, `obat`, `thp`) VALUES
('2023', 'MEI', 'P01', 'Dadang Supriatna', 7125000, 0, 0, 0, 225000, 61470, 142500, 0, 0),
('2023', 'MEI', 'P02', 'Windi Ardilla', 2625000, 227602, 598260, 61500, 1000000, 0, 142500, 0, 0),
('2023', 'MEI', 'P03', 'Devi Ratnasari', 2375000, 274567, 567580, 84950, 500000, 61470, 142500, 0, 0),
('2023', 'MEI', 'P04', 'Ema Yulistia', 2375000, 137284, 567580, 50500, 0, 61470, 142500, 0, 0),
('2023', 'MEI', 'P05', 'Ismi Sholihah', 2125000, 221099, 521560, 78550, 500000, 0, 142500, 0, 0),
('2023', 'MEI', 'P06', 'Siti Nuraeni', 1975000, 182659, 506220, 154500, 1000000, 61470, 0, 0, 0),
('2023', 'MEI', 'P07', 'Yeni Siti Aminah', 1975000, 228324, 475540, 78550, 0, 0, 0, 0, 0),
('2023', 'MEI', 'P08', 'Novitasari', 1900000, 164740, 490880, 61500, 0, 0, 0, 0, 0),
('2023', 'MEI', 'P09', 'Maulida', 1900000, 197688, 490880, 123500, 0, 0, 0, 0, 0),
('2023', 'MEI', 'P10', 'Hana Halita', 1900000, 175723, 475540, 84950, 0, 0, 0, 0, 0),
('2023', 'MEI', 'P11', 'Dwifi', 1600000, 184972, 521560, 61500, 0, 0, 0, 0, 0),
('2023', 'MEI', 'P12', 'Galang RA', 4000000, 0, 0, 0, 0, 0, 0, 0, 0),
('2023', 'MEI', 'P13', 'Kasim', 2600000, 60116, 260780, 0, 0, 0, 0, 0, 0),
('2023', 'MEI', 'P14', 'Deni', 1350000, 156070, 291460, 0, 0, 0, 0, 0, 0),
('2023', 'MEI', 'P15', 'Darman', 1350000, 156070, 276120, 0, 0, 0, 0, 0, 0),
('2023', 'MEI', 'P16', 'Bi Yani', 1500000, 0, 0, 0, 500000, 0, 0, 0, 0),
('2023', 'MEI', 'P17', 'Yanto', 1500000, 34683, 0, 0, 400000, 0, 0, 0, 0);

-- --------------------------------------------------------

--
-- Struktur dari tabel `tbl_uangmakan`
--

CREATE TABLE `tbl_uangmakan` (
  `no_urut` int(11) NOT NULL,
  `tahun` varchar(10) NOT NULL,
  `bulan` varchar(30) NOT NULL,
  `kode_pegawai` varchar(255) DEFAULT NULL,
  `nama_pegawai` varchar(255) DEFAULT NULL,
  `uang_makan` double DEFAULT NULL
) ENGINE=InnoDB DEFAULT CHARSET=utf8mb4 COLLATE=utf8mb4_general_ci;

--
-- Dumping data untuk tabel `tbl_uangmakan`
--

INSERT INTO `tbl_uangmakan` (`no_urut`, `tahun`, `bulan`, `kode_pegawai`, `nama_pegawai`, `uang_makan`) VALUES
(1, '2024', 'Januari', 'P01', 'Dadang Supriatna', 350000),
(2, '2024', 'Januari', 'P02', 'Windi Ardilla', 350000),
(3, '2024', 'Januari', 'P03', 'Devi Ratnasari', 350000),
(4, '2024', 'Januari', 'P04', 'Ema Yulistia', 350000),
(5, '2024', 'Januari', 'P05', 'Ismi Sholihah', 350000),
(6, '2024', 'Januari', 'P06', 'Siti Nuraeni', 350000),
(7, '2024', 'Januari', 'P07', 'Yeni Siti Aminah', 350000),
(8, '2024', 'Januari', 'P08', 'Novitasari', 350000),
(9, '2024', 'Januari', 'P09', 'Maulida', 350000),
(10, '2024', 'Januari', 'P10', 'Dwifi', 350000),
(11, '2024', 'Januari', 'P11', 'Galang RA', 350000),
(12, '2024', 'Januari', 'P12', 'Kasim', 350000),
(13, '2024', 'Januari', 'P13', 'Deni', 350000),
(14, '2024', 'Januari', 'P14', 'Darman', 350000),
(15, '2024', 'Januari', 'P15', 'Yanto', 350000);

--
-- Indexes for dumped tables
--

--
-- Indeks untuk tabel `tbl_bpjs`
--
ALTER TABLE `tbl_bpjs`
  ADD PRIMARY KEY (`no_urut`);

--
-- Indeks untuk tabel `tbl_data_gaji`
--
ALTER TABLE `tbl_data_gaji`
  ADD PRIMARY KEY (`kode_pegawai`);

--
-- Indeks untuk tabel `tbl_data_uangmakan`
--
ALTER TABLE `tbl_data_uangmakan`
  ADD PRIMARY KEY (`kode_pegawai`);

--
-- Indeks untuk tabel `tbl_gaji`
--
ALTER TABLE `tbl_gaji`
  ADD PRIMARY KEY (`no_urut`);

--
-- Indeks untuk tabel `tbl_indeks`
--
ALTER TABLE `tbl_indeks`
  ADD PRIMARY KEY (`kode_pegawai`);

--
-- Indeks untuk tabel `tbl_jamsostek`
--
ALTER TABLE `tbl_jamsostek`
  ADD PRIMARY KEY (`no_urut`);

--
-- Indeks untuk tabel `tbl_jasaperorangan`
--
ALTER TABLE `tbl_jasaperorangan`
  ADD PRIMARY KEY (`no_urut`);

--
-- Indeks untuk tabel `tbl_jasatindakan`
--
ALTER TABLE `tbl_jasatindakan`
  ADD PRIMARY KEY (`no_urut`);

--
-- Indeks untuk tabel `tbl_lembur`
--
ALTER TABLE `tbl_lembur`
  ADD PRIMARY KEY (`no_urut`);

--
-- Indeks untuk tabel `tbl_nilai_indeks`
--
ALTER TABLE `tbl_nilai_indeks`
  ADD PRIMARY KEY (`no_urut`);

--
-- Indeks untuk tabel `tbl_obat`
--
ALTER TABLE `tbl_obat`
  ADD PRIMARY KEY (`no_urut`);

--
-- Indeks untuk tabel `tbl_pegawai`
--
ALTER TABLE `tbl_pegawai`
  ADD PRIMARY KEY (`kode_pegawai`);

--
-- Indeks untuk tabel `tbl_pinjaman`
--
ALTER TABLE `tbl_pinjaman`
  ADD PRIMARY KEY (`no_urut`);

--
-- Indeks untuk tabel `tbl_uangmakan`
--
ALTER TABLE `tbl_uangmakan`
  ADD PRIMARY KEY (`no_urut`);

--
-- AUTO_INCREMENT untuk tabel yang dibuang
--

--
-- AUTO_INCREMENT untuk tabel `tbl_bpjs`
--
ALTER TABLE `tbl_bpjs`
  MODIFY `no_urut` int(11) NOT NULL AUTO_INCREMENT, AUTO_INCREMENT=15;

--
-- AUTO_INCREMENT untuk tabel `tbl_gaji`
--
ALTER TABLE `tbl_gaji`
  MODIFY `no_urut` int(11) NOT NULL AUTO_INCREMENT, AUTO_INCREMENT=16;

--
-- AUTO_INCREMENT untuk tabel `tbl_jamsostek`
--
ALTER TABLE `tbl_jamsostek`
  MODIFY `no_urut` int(11) NOT NULL AUTO_INCREMENT, AUTO_INCREMENT=16;

--
-- AUTO_INCREMENT untuk tabel `tbl_jasaperorangan`
--
ALTER TABLE `tbl_jasaperorangan`
  MODIFY `no_urut` int(11) NOT NULL AUTO_INCREMENT, AUTO_INCREMENT=18;

--
-- AUTO_INCREMENT untuk tabel `tbl_jasatindakan`
--
ALTER TABLE `tbl_jasatindakan`
  MODIFY `no_urut` int(11) NOT NULL AUTO_INCREMENT, AUTO_INCREMENT=16;

--
-- AUTO_INCREMENT untuk tabel `tbl_lembur`
--
ALTER TABLE `tbl_lembur`
  MODIFY `no_urut` int(11) NOT NULL AUTO_INCREMENT, AUTO_INCREMENT=16;

--
-- AUTO_INCREMENT untuk tabel `tbl_nilai_indeks`
--
ALTER TABLE `tbl_nilai_indeks`
  MODIFY `no_urut` int(11) NOT NULL AUTO_INCREMENT, AUTO_INCREMENT=7;

--
-- AUTO_INCREMENT untuk tabel `tbl_obat`
--
ALTER TABLE `tbl_obat`
  MODIFY `no_urut` int(11) NOT NULL AUTO_INCREMENT, AUTO_INCREMENT=16;

--
-- AUTO_INCREMENT untuk tabel `tbl_pinjaman`
--
ALTER TABLE `tbl_pinjaman`
  MODIFY `no_urut` int(11) NOT NULL AUTO_INCREMENT, AUTO_INCREMENT=16;

--
-- AUTO_INCREMENT untuk tabel `tbl_uangmakan`
--
ALTER TABLE `tbl_uangmakan`
  MODIFY `no_urut` int(11) NOT NULL AUTO_INCREMENT, AUTO_INCREMENT=16;
COMMIT;

