-- https://www.phpmyadmin.net/
--
-- Waktu pembuatan: 30 Okt 2023 pada 02.18
-- Versi server: 10.4.28-MariaDB
-- Versi PHP: 8.2.4

START TRANSACTION;



--
-- Database: `dbakred_klinik`
--

-- --------------------------------------------------------

--
-- Struktur dari tabel `tbl_bab`
--

CREATE TABLE `tbl_bab` (
  `no_urut` varchar(11) CHARACTER SET utf8 COLLATE utf8_general_ci NOT NULL,
  `id_bab` bigint(20) UNSIGNED NOT NULL,
  `nama_bab` varchar(255) NOT NULL,
  `kode_bab` varchar(255) NOT NULL,
  `kelompok_bab` varchar(255) NOT NULL,
  `jumlah_skor_bab` varchar(11) NOT NULL,
  `jumlah_skorBab_maks` varchar(11) NOT NULL,
  `capaian_skor_bab` varchar(11) NOT NULL,
  `jumlah_ep` varchar(11) NOT NULL,
  `epBab_terisi` varchar(11) NOT NULL,
  `jumlah_upload` varchar(11) NOT NULL,
  `progres_bab` varchar(11) NOT NULL
) ENGINE=InnoDB DEFAULT CHARSET=utf8mb4 COLLATE=utf8mb4_unicode_ci;

--
-- Dumping data untuk tabel `tbl_bab`
--

INSERT INTO `tbl_bab` (`no_urut`, `id_bab`, `nama_bab`, `kode_bab`, `kelompok_bab`, `jumlah_skor_bab`, `jumlah_skorBab_maks`, `capaian_skor_bab`, `jumlah_ep`, `epBab_terisi`, `jumlah_upload`, `progres_bab`) VALUES
('1', 1, 'Bab 1. Tata Kelola Klinik (TKK)', 'TKK', 'Kelompok Manajemen Klinik', '0', '190', '0', '19', '0', '0', '0'),
('2', 2, 'Bab 2. Peningkatan Mutu Dan Keselamatan Pasien (PMKP)', 'PMKP', 'Kelompok Manajemen Mutu', '0', '180', '0', '18', '0', '0', '0'),
('3', 3, 'Bab 3. Pelayanan Kesehatan Perorangan (PKP)', 'PKP', 'Kelompok Manajemen Pelayanan', '0', '670', '0', '67', '0', '0', '0');

-- --------------------------------------------------------

--
-- Struktur dari tabel `tbl_dokumen`
--

CREATE TABLE `tbl_dokumen` (
  `kode_dokumen` varchar(15) NOT NULL,
  `kode_elemen` varchar(30) NOT NULL,
  `id_elemen` varchar(30) DEFAULT NULL,
  `nama_dokumen` varchar(255) DEFAULT NULL,
  `keterangan` varchar(255) DEFAULT NULL,
  `tgl_upload` date DEFAULT NULL,
  `tgl_update` date DEFAULT NULL,
  `file_dokumen` varchar(255) DEFAULT NULL
) ENGINE=InnoDB DEFAULT CHARSET=utf8mb4 COLLATE=utf8mb4_general_ci ROW_FORMAT=DYNAMIC;

-- --------------------------------------------------------

--
-- Struktur dari tabel `tbl_elemen`
--

CREATE TABLE `tbl_elemen` (
  `no_urut` int(11) NOT NULL,
  `id_bab` varchar(11) NOT NULL,
  `kode_bab` varchar(255) DEFAULT NULL,
  `id_standar` varchar(11) NOT NULL,
  `kode_standar` varchar(255) NOT NULL,
  `id_elemen` varchar(11) NOT NULL,
  `kode_elemen` varchar(255) DEFAULT NULL,
  `nama_elemen` text NOT NULL,
  `skor` varchar(11) NOT NULL,
  `ket_skor` varchar(50) NOT NULL,
  `skor_maks` varchar(11) NOT NULL,
  `jumlah_upload` varchar(11) NOT NULL
) ENGINE=InnoDB DEFAULT CHARSET=utf8mb4 COLLATE=utf8mb4_unicode_ci;

--
-- Dumping data untuk tabel `tbl_elemen`
--

INSERT INTO `tbl_elemen` (`no_urut`, `id_bab`, `kode_bab`, `id_standar`, `kode_standar`, `id_elemen`, `kode_elemen`, `nama_elemen`, `skor`, `ket_skor`, `skor_maks`, `jumlah_upload`) VALUES
(1, '1', 'TKK', '1.1', 'Standar TKK 1', '1.1.1', 'TKK 1.1', 'Tersedia visi, misi dan tujuan klinik yang ditetapkan pihak yang berwenang (R)', 'NA', 'Belum Dinilai', '10', '0'),
(2, '1', 'TKK', '1.1', 'Standar TKK 1', '1.1.2', 'TKK 1.2', 'Tersedia struktur organisasi klinik yang ditetapkan oleh pejabat berwenang (R)', 'NA', 'Belum Dinilai', '10', '0'),
(3, '1', 'TKK', '1.1', 'Standar TKK 1', '1.1.3', 'TKK 1.3', 'Tersedia uraian tugas, tanggung jawab, wewenang yang ditetapkan. (R)', 'NA', 'Belum Dinilai', '10', '0'),
(4, '1', 'TKK', '1.2', 'Standar TKK 2', '1.2.1', 'TKK 2.1', 'Pemenuhan kebutuhan dan ketersediaan tenaga dilakukan sesuai dengan jumlah dan jenis kebutuhan layanan yang mengacu pada ketentuan peraturan perundangan yang telah ditetapkan (D,W)', 'NA', 'Belum Dinilai', '10', '0'),
(5, '1', 'TKK', '1.2', 'Standar TKK 2', '1.2.2', 'TKK 2.2', 'Tersedia file kepegawaian seluruh SDM yang diperbaharui secara berkala. (D,W)', 'NA', 'Belum Dinilai', '10', '0'),
(6, '1', 'TKK', '1.2', 'Standar TKK 2', '1.2.3', 'TKK 2.3', 'Kinerja SDM dievaluasi secara berkala (D,W)', 'NA', 'Belum Dinilai', '10', '0'),
(7, '1', 'TKK', '1.3', 'Standar TKK 3', '1.3.1', 'TKK 3.1', 'Tersedia bukti perizinan sesuai ketentuan perundang-undangan yang berlaku (D) ', 'NA', 'Belum Dinilai', '10', '0'),
(8, '1', 'TKK', '1.3', 'Standar TKK 3', '1.3.2', 'TKK 3.2', 'Ada program manajemen risiko fasilitas sebagaimana diuraikan dalam maksud dan tujuan angka 1) sampai dengan angka 7)', 'NA', 'Belum Dinilai', '10', '0'),
(9, '1', 'TKK', '1.3', 'Standar TKK 3', '1.3.3', 'TKK 3.3', 'Tersedia daftar inventaris dan bukti pemeliharaan sarana yang tersedia di klinik (D, O) ', 'NA', 'Belum Dinilai', '10', '0'),
(10, '1', 'TKK', '1.3', 'Standar TKK 3', '1.3.4', 'TKK 3.4', 'Tersedia bukti pelaksanaan pengamanan dan pengawasan akses keluar masuk fasyankes (D,O) ', 'NA', 'Belum Dinilai', '10', '0'),
(11, '1', 'TKK', '1.3', 'Standar TKK 3', '1.3.5', 'TKK 3.5', 'Tersedia bukti pengelolaan bahan berbahaya dan beracun (B3) serta limba sesuai dengan peraturan perunadang-undanganh B3 (D,O)', 'NA', 'Belum Dinilai', '10', '0'),
(12, '1', 'TKK', '1.3', 'Standar TKK 3', '1.3.6', 'TKK 3.6', 'Tersedia bukti pengelolaan sampah domestik serta pengelolaan air limbah sesuai peraturan perundang-undangan (D,O)', 'NA', 'Belum Dinilai', '10', '0'),
(13, '1', 'TKK', '1.3', 'Standar TKK 3', '1.3.7', 'TKK 3.7', 'Tersedia alat pemadam api ringan (APAR) dan bukti pemeliharaan APAR. (D,O)', 'NA', 'Belum Dinilai', '10', '0'),
(14, '1', 'TKK', '1.3', 'Standar TKK 3', '1.3.8', 'TKK 3.8', 'Tersedia penanda jalur dan jalur evakuasi yang jelas (O).', 'NA', 'Belum Dinilai', '10', '0'),
(15, '1', 'TKK', '1.3', 'Standar TKK 3', '1.3.9', 'TKK 3.9', 'Tersedia bukti larangan merokok (R, D, O).', 'NA', 'Belum Dinilai', '10', '0'),
(16, '1', 'TKK', '1.3', 'Standar TKK 3', '1.3.10', 'TKK 3.10', 'Tersedia daftar inventaris, bukti pemeliharaan dan bukti kalibrasi peralatan medis dan bukti izin Bapeten untuk yang memiliki pelayanan radiologi (D,W,O) ', 'NA', 'Belum Dinilai', '10', '0'),
(17, '1', 'TKK', '1.4', 'Standar TKK 4', '1.4.1', 'TKK 4.1', 'Ada dokumen kontrak atau perjanjian kerja sama yang jelas (D) ', 'NA', 'Belum Dinilai', '10', '0'),
(18, '1', 'TKK', '1.4', 'Standar TKK 4', '1.4.2', 'TKK 4.2', 'Dokumen kontrak memiliki indikator kinerja pihak yang melakukan kerjasama (D) ', 'NA', 'Belum Dinilai', '10', '0'),
(19, '1', 'TKK', '1.4', 'Standar TKK 4', '1.4.3', 'TKK 4.3', 'Ada bukti monitoring dan evaluasi serta tindak lanjut terhadap pemenuhan indikator kinerja yang tercantum di dalam kontrak (D, W)', 'NA', 'Belum Dinilai', '10', '0'),
(20, '2', 'PMKP', '2.1', 'Standar PMKP 1', '2.1.1', 'PMKP 1.1', 'Penanggung Jawab Klinik menetapkan Penanggung Jawab atau Tim Mutu (R)', 'NA', 'Belum Dinilai', '10', '0'),
(21, '2', 'PMKP', '2.1', 'Standar PMKP 1', '2.1.2', 'PMKP 1.2', 'Ada indikator mutu layanan yang diukur, dievaluasi, dianalisis dan ditindaklanjuti serta dilaporkan kepada Penanggung Jawab Klinik dan pemilik (R,D,W)', 'NA', 'Belum Dinilai', '10', '0'),
(22, '2', 'PMKP', '2.1', 'Standar PMKP 1', '2.1.3', 'PMKP 1.3', 'Insiden keselamatan pasien dilaporkan dan dilakukan investigasi sesuai dengan ketentuan (D,W)', 'NA', 'Belum Dinilai', '10', '0'),
(23, '2', 'PMKP', '2.1', 'Standar PMKP 1', '2.1.4', 'PMKP 1.4', 'Ada daftar risiko klinik yang dibuat sekali dalam setahun (D)', 'NA', 'Belum Dinilai', '10', '0'),
(24, '2', 'PMKP', '2.1', 'Standar PMKP 1', '2.1.5', 'PMKP 1.5', 'Ada bukti tindak lanjut dari mitigasi risiko (D,W)', 'NA', 'Belum Dinilai', '10', '0'),
(25, '2', 'PMKP', '2.2', 'Standar PMKP 2', '2.2.1', 'PMKP 2.1', 'Tersedia bukti identifikasi pasien sebelum intervensi kepada pasien sesuai dengan kebijakan dan prosedur yang ditetapkan. (O,W)', 'NA', 'Belum Dinilai', '10', '0'),
(26, '2', 'PMKP', '2.2', 'Standar PMKP 2', '2.2.2', 'PMKP 2.2', 'Tersedia bukti pelaksanaan komunikasi efektif yang didokumentasikan di rekam medis pasien (D)', 'NA', 'Belum Dinilai', '10', '0'),
(27, '2', 'PMKP', '2.2', 'Standar PMKP 2', '2.2.3', 'PMKP 2.3', 'Tersedia bukti pengelolaan keamanan obat risiko tinggi (O)', 'NA', 'Belum Dinilai', '10', '0'),
(28, '2', 'PMKP', '2.2', 'Standar PMKP 2', '2.2.4', 'PMKP 2.4', 'Tersedia bukti penandaan sisi operasi/tindakan invasif dan pelaksanaan Surgical Safety Checklist yang didokumentasikan di rekam medis pasien (D,W)', 'NA', 'Belum Dinilai', '10', '0'),
(29, '2', 'PMKP', '2.2', 'Standar PMKP 2', '2.2.5', 'PMKP 2.5', 'Ada media informasi penerapan kebersihan tangan  sesuai ketentuan WHO  (O,W,S)', 'NA', 'Belum Dinilai', '10', '0'),
(30, '2', 'PMKP', '2.2', 'Standar PMKP 2', '2.2.6', 'PMKP 2.6', 'Ada prosedur yang ditetapkan klinik dalam mencegah pasien cedera karena jatuh  ( R)', 'NA', 'Belum Dinilai', '10', '0'),
(31, '2', 'PMKP', '2.2', 'Standar PMKP 2', '2.2.7', 'PMKP 2.7', 'Ada bukti implementasi penerapan pencegahan pasien jatuh (D,O,W)', 'NA', 'Belum Dinilai', '10', '0'),
(32, '2', 'PMKP', '2.3', 'Standar PMKP 3', '2.3.1', 'PMKP 3.1', 'Klinik menetapkan kebijakan dan prosedur PPI di Klinik  ( R)', 'NA', 'Belum Dinilai', '10', '0'),
(33, '2', 'PMKP', '2.3', 'Standar PMKP 3', '2.3.2', 'PMKP 3.2', 'Ditetapkan program PPI yang meliputi point 1 s.d 5 dalam maksud dan tujuan', 'NA', 'Belum Dinilai', '10', '0'),
(34, '2', 'PMKP', '2.3', 'Standar PMKP 3', '2.3.3', 'PMKP 3.3', 'Ada petugas yang kompeten yang bertanggung jawab melaksanakan, monitoring, mengevaluasi implementasi PPI di klinik (D,W) ', 'NA', 'Belum Dinilai', '10', '0'),
(35, '2', 'PMKP', '2.3', 'Standar PMKP 3', '2.3.4', 'PMKP 3.4', 'Tersedia bukti sarana kebersihan tangan dan media informasi tentang kebersihan tangan', 'NA', 'Belum Dinilai', '10', '0'),
(36, '2', 'PMKP', '2.3', 'Standar PMKP 3', '2.3.5', 'PMKP 3.5', 'Terdapat bukti pelaksanaan Program PPI di Klinik', 'NA', 'Belum Dinilai', '10', '0'),
(37, '3', 'PKP', '3.1', 'Standar PKP 1', '3.1.1', 'PKP 1.1', 'Tersedia bukti klinik mensosialisasikan hak dan kewajiban pasien. (D,O)', 'NA', 'Belum Dinilai', '10', '0'),
(38, '3', 'PKP', '3.1', 'Standar PKP 1', '3.1.2', 'PKP 1.2', 'Tersedia bukti petugas menjelaskan tentang hak dan kewajiban pasien beserta keluarganya. (D,W)', 'NA', 'Belum Dinilai', '10', '0'),
(39, '3', 'PKP', '3.1', 'Standar PKP 1', '3.1.3', 'PKP 1.3', 'Pasien mengerti dan memahami hak dan kewajibannya (D,W)', 'NA', 'Belum Dinilai', '10', '0'),
(40, '3', 'PKP', '3.1', 'Standar PKP 1', '3.1.4', 'PKP 1.4', 'Ada pemenuhan hak pasien berkebutuhan khusus atau dalam kondisi khusus.(W,O)', 'NA', 'Belum Dinilai', '10', '0'),
(41, '3', 'PKP', '3.1', 'Standar PKP 1', '3.1.5', 'PKP 1.5', 'Tersedia petugas, media atau tempat untuk menyampaikan keluhan pelayanan bagi pasien atau keluarga (W,O)', 'NA', 'Belum Dinilai', '10', '0'),
(42, '3', 'PKP', '3.1', 'Standar PKP 1', '3.1.6', 'PKP 1.6', 'Ada tindak lanjut keluhan oleh klinik dan dikomunikasikan dengan pasien atau keluarga (D,W,O)', 'NA', 'Belum Dinilai', '10', '0'),
(43, '3', 'PKP', '3.1', 'Standar PKP 1', '3.1.7', 'PKP 1.7', 'Ada dokumentasi pengaduan dan tindak lanjut yang telah dilakukan (D,W)', 'NA', 'Belum Dinilai', '10', '0'),
(44, '3', 'PKP', '3.2', 'Standar PKP 2', '3.2.1', 'PKP 2.1', 'Ada bukti pelaksanaan persetujuan tindakan kedokteran dan terdokumentasi di rekam medik pasien (D)', 'NA', 'Belum Dinilai', '10', '0'),
(45, '3', 'PKP', '3.2', 'Standar PKP 2', '3.2.2', 'PKP 2.2', 'Pasien atau keluarga mengetahui rencana asuhan, diagnostik dan kemungkinan hasil asuhan yang diberikan (D,W)', 'NA', 'Belum Dinilai', '10', '0'),
(46, '3', 'PKP', '3.3', 'Standar PKP 3', '3.3.1', 'PKP 3.1', 'Ada prosedur pendaftaran yang ditetapkan (R)', 'NA', 'Belum Dinilai', '10', '0'),
(47, '3', 'PKP', '3.3', 'Standar PKP 3', '3.3.2', 'PKP 3.2', 'Ada bukti pelaksanaan pendaftaran sesuai regulasi yang ditetapkan (W,O)', 'NA', 'Belum Dinilai', '10', '0'),
(48, '3', 'PKP', '3.3', 'Standar PKP 3', '3.3.3', 'PKP 3.3', 'Ada prosedur skrining yang ditetapkan (R)', 'NA', 'Belum Dinilai', '10', '0'),
(49, '3', 'PKP', '3.3', 'Standar PKP 3', '3.3.4', 'PKP 3.4', 'Ada bukti pelaksanaan skrining sesuai regulasi yang ditetapkan (W,O)', 'NA', 'Belum Dinilai', '10', '0'),
(50, '3', 'PKP', '3.4', 'Standar PKP 4', '3.4.1', 'PKP 4.1', 'Ada bukti dilakukan kajian pasien oleh PPA dalam penetapan diagnosis yang dituangkan ke dalam rekam medis. (D,O)', 'NA', 'Belum Dinilai', '10', '0'),
(51, '3', 'PKP', '3.4', 'Standar PKP 4', '3.4.2', 'PKP 4.2', 'Kajian awal sekurang kurangnya memuat data 1) sampai 5) (D)', 'NA', 'Belum Dinilai', '10', '0'),
(52, '3', 'PKP', '3.4', 'Standar PKP 4', '3.4.3', 'PKP 4.3', 'Kajian ulang dibuat dalam bentuk CPPT dan terdokumentasi di Rekam Medik (D)', 'NA', 'Belum Dinilai', '10', '0'),
(53, '3', 'PKP', '3.5', 'Standar PKP 5', '3.5.1', 'PKP 5.1', 'Ada bukti rencana asuhan oleh PPA dan terdokumentasi di rekam medik pasien (D)', 'NA', 'Belum Dinilai', '10', '0'),
(54, '3', 'PKP', '3.5', 'Standar PKP 5', '3.5.2', 'PKP 5.2', 'Ada bukti pelaksanaan asuhan oleh PPA dan terdokumentasi di rekam medik pasien (D)', 'NA', 'Belum Dinilai', '10', '0'),
(55, '3', 'PKP', '3.5', 'Standar PKP 5', '3.5.3', 'PKP 5.3', 'Ada bukti rencana asuhan dievaluasi secara berkala oleh pemberi asuhan (D)', 'NA', 'Belum Dinilai', '10', '0'),
(56, '3', 'PKP', '3.6', 'Standar PKP 6', '3.6.1', 'PKP 6.1', 'Ada pelayanan promotif dan preventif yang dilakukan secara berkala (D,W).', 'NA', 'Belum Dinilai', '10', '0'),
(57, '3', 'PKP', '3.6', 'Standar PKP 6', '3.6.2', 'PKP 6.2', 'Ada bukti pelaksanaan dan laporan pelaksanaan program promotif dan preventif (D)', 'NA', 'Belum Dinilai', '10', '0'),
(58, '3', 'PKP', '3.7', 'Standar PKP 7', '3.7.1', 'PKP 7.1', 'Ada penetapan pelayanan pasien risiko tinggi pada klinik (R)', 'NA', 'Belum Dinilai', '10', '0'),
(59, '3', 'PKP', '3.7', 'Standar PKP 7', '3.7.2', 'PKP 7.2', 'Ada bukti pelaksanaan pemberian pelayanan pada pasien risiko tinggi dan pelayanan risiko tinggi sesuai SPO yang ada (D, W)', 'NA', 'Belum Dinilai', '10', '0'),
(60, '3', 'PKP', '3.8', 'Standar PKP 8', '3.8.1', 'PKP 8.1', 'Klinik menetapkan prosedur pelayanan anestesi dan bedah sesuai kebutuhan. (R)', 'NA', 'Belum Dinilai', '10', '0'),
(61, '3', 'PKP', '3.8', 'Standar PKP 8', '3.8.2', 'PKP 8.2', 'Pelayanan anestesi dan bedah dilakukan oleh tenaga medis yang kompeten sesuai dengan peraturan perundangan yang berlaku. (D,O,W)', 'NA', 'Belum Dinilai', '10', '0'),
(62, '3', 'PKP', '3.8', 'Standar PKP 8', '3.8.3', 'PKP 8.3', 'Jenis, dosis dan teknik anestesi dan pemantauan status fisiologi pasien selama pemberian anestesi oleh petugas dicatat dalam rekam medis pasien. (D)  ', 'NA', 'Belum Dinilai', '10', '0'),
(63, '3', 'PKP', '3.8', 'Standar PKP 8', '3.8.4', 'PKP 8.4', 'Ada bukti pelaksanaan kajian pra bedah (D)', 'NA', 'Belum Dinilai', '10', '0'),
(64, '3', 'PKP', '3.8', 'Standar PKP 8', '3.8.5', 'PKP 8.5', 'Ada bukti pelaksanaan kajian pra anestesi (D)', 'NA', 'Belum Dinilai', '10', '0'),
(65, '3', 'PKP', '3.8', 'Standar PKP 8', '3.8.6', 'PKP 8.6', 'Ada bukti pemantauan dan evaluasi paska anestesi dan bedah (D)', 'NA', 'Belum Dinilai', '10', '0'),
(66, '3', 'PKP', '3.9', 'Standar PKP 9', '3.9.1', 'PKP 9.1', 'Asuhan gizi dilakukan oleh petugas yang berkompeten sesuai dengan aturan perundangan (D)', 'NA', 'Belum Dinilai', '10', '0'),
(67, '3', 'PKP', '3.9', 'Standar PKP 9', '3.9.2', 'PKP 9.2', 'Disusun rencana asuhan gizi berdasarkan kajian kebutuhan gizi pada pasien sesuai dengan kondisi kesehatan dan kebutuhan pasien (D)', 'NA', 'Belum Dinilai', '10', '0'),
(68, '3', 'PKP', '3.9', 'Standar PKP 9', '3.9.3', 'PKP 9.3', 'Distribusi dan pemberian makanan dilakukan sesuai jadwal dan pemesanan dan di dokumentasikan. (D,W)', 'NA', 'Belum Dinilai', '10', '0'),
(69, '3', 'PKP', '3.9', 'Standar PKP 9', '3.9.4', 'PKP 9.4', 'Pasien dan/atau keluarga diberi edukasi tentang pembatasan diet pasien dan keamanan atau kebersihan makanan. (D,W)', 'NA', 'Belum Dinilai', '10', '0'),
(70, '3', 'PKP', '3.1', 'Standar PKP 10', '3.10.1', 'PKP 10.1', 'Dokter melaksanakan pemulangan dan menyusun rencana tindak lanjut sesuai dengan rencana yang disusun dan kriteria pemulangan. (D)', 'NA', 'Belum Dinilai', '10', '0'),
(71, '3', 'PKP', '3.1', 'Standar PKP 10', '3.10.2', 'PKP 10.2', 'Ada bukti ringkasan pulang pasien dalam rekam medis. (D,O,W)', 'NA', 'Belum Dinilai', '10', '0'),
(72, '3', 'PKP', '3.1', 'Standar PKP 10', '3.10.3', 'PKP 10.3', 'Ada bukti pemberian informasi kepada pasien saat pulang (D,W)', 'NA', 'Belum Dinilai', '10', '0'),
(73, '3', 'PKP', '3.11', 'Standar PKP 11', '3.11.1', 'PKP 11.1', 'Ada tata cara dan prosedur rujukan pasien (R)', 'NA', 'Belum Dinilai', '10', '0'),
(74, '3', 'PKP', '3.11', 'Standar PKP 11', '3.11.2', 'PKP 11.2', 'Klinik yang merujuk pasien memastikan bahwa fasyankes yang dituju dapat memenuhi kebutuhan pasien (D,W).', 'NA', 'Belum Dinilai', '10', '0'),
(75, '3', 'PKP', '3.11', 'Standar PKP 11', '3.11.3', 'PKP 11.3', 'Pasien/ keluarga memperoleh informasi rujukan dan memberi persetujuan untuk dilakukan rujukan berdasarkan kebutuhan pasien (D,W)', 'NA', 'Belum Dinilai', '10', '0'),
(76, '3', 'PKP', '3.11', 'Standar PKP 11', '3.11.4', 'PKP 11.4', 'Ada sarana transportasi rujukan yang memenuhi syarat (khusus klinik yang menyelenggarakan pelayanan rawat inap) (W,O)', 'NA', 'Belum Dinilai', '10', '0'),
(77, '3', 'PKP', '3.11', 'Standar PKP 11', '3.11.5', 'PKP 11.5', 'Ada daftar jejaring rujukan klinik (D)', 'NA', 'Belum Dinilai', '10', '0'),
(78, '3', 'PKP', '3.12', 'Standar PKP 12', '3.12.1', 'PKP 12.1', 'Ada bukti penyelenggaraan rekam medis (D)', 'NA', 'Belum Dinilai', '10', '0'),
(79, '3', 'PKP', '3.12', 'Standar PKP 12', '3.12.2', 'PKP 12.2', 'Ada bukti rekam medis diisi secara lengkap oleh Profesional Pemberi Asuhan (PPA) (D)', 'NA', 'Belum Dinilai', '10', '0'),
(80, '3', 'PKP', '3.12', 'Standar PKP 12', '3.12.3', 'PKP 12.3', 'Ada tata cara penyimpanan, peminjaman dan pemusnahan rekam medis (R)', 'NA', 'Belum Dinilai', '10', '0'),
(81, '3', 'PKP', '3.12', 'Standar PKP 12', '3.12.4', 'PKP 12.4', 'Ada bukti klinik menjaga kerahasiaan rekam medis pasien (D,O)', 'NA', 'Belum Dinilai', '10', '0'),
(82, '3', 'PKP', '3.13', 'Standar PKP 13', '3.13.1', 'PKP 13.1', 'Ada penetapan jenis-jenis pelayanan laboratorium yang disediakan (R).', 'NA', 'Belum Dinilai', '10', '0'),
(83, '3', 'PKP', '3.13', 'Standar PKP 13', '3.13.2', 'PKP 13.2', 'Terdapat Penanggung Jawab Laboratorium sesuai perundang-undangan yang berlaku (O, W)', 'NA', 'Belum Dinilai', '10', '0'),
(84, '3', 'PKP', '3.13', 'Standar PKP 13', '3.13.3', 'PKP 13.3', 'Klinik menetapkan rentang nilai normal untuk setiap jenis pemeriksaan yang disediakan (D)', 'NA', 'Belum Dinilai', '10', '0'),
(85, '3', 'PKP', '3.13', 'Standar PKP 13', '3.13.4', 'PKP 13.4', 'Ada bukti reagensia esensial dan bahan lain tersedia sesuai dengan jenis pelayanan yang ditetapkan, pelabelan dan penyimpanannya (D, W)', 'NA', 'Belum Dinilai', '10', '0'),
(86, '3', 'PKP', '3.13', 'Standar PKP 13', '3.13.5', 'PKP 13.5', 'Ada prosedur pelaporan, pencatatan dan tindak lanjut hasil laboratorium kritis (R, D,W)', 'NA', 'Belum Dinilai', '10', '0'),
(87, '3', 'PKP', '3.13', 'Standar PKP 13', '3.13.6', 'PKP 13.6', 'Ada prosedur rujukan spesimen dan/ atau pengguna layanan, jika pemeriksaan laboratorium tidak dapat dilakukan oleh klinik (R)', 'NA', 'Belum Dinilai', '10', '0'),
(88, '3', 'PKP', '3.13', 'Standar PKP 13', '3.13.7', 'PKP 13.7', 'Ada bukti pelaksanaan Pemantapan Mutu Internal (PMI) dan Pemantapan Mutu Eksternal  (PME) secara berkala (D,O,W).', 'NA', 'Belum Dinilai', '10', '0'),
(89, '3', 'PKP', '3.14', 'Standar PKP 14', '3.14.1', 'PKP 14.1', 'Klinik menerapkan prosedur pelayanan radio diagnostik (R)', 'NA', 'Belum Dinilai', '10', '0'),
(90, '3', 'PKP', '3.14', 'Standar PKP 14', '3.14.2', 'PKP 14.2', 'Ada bukti pelayanan radiologi sesuai dengan prosedur yang ada termasuk kepatuhan terhadap manajemen keamanan radiasi (D)', 'NA', 'Belum Dinilai', '10', '0'),
(91, '3', 'PKP', '3.15', 'Standar PKP 15', '3.15.1', 'PKP 15.1', 'Tersedia bukti pengelolaan dan pelayanan sediaan farmasi BMHP dan alat kesehatan oleh tenaga kefarmasian sesuai dengan peraturan perundang-undangan. (D,O,W)', 'NA', 'Belum Dinilai', '10', '0'),
(92, '3', 'PKP', '3.15', 'Standar PKP 15', '3.15.2', 'PKP 15.2', 'Tersedia daftar formularium obat klinik (D)', 'NA', 'Belum Dinilai', '10', '0'),
(93, '3', 'PKP', '3.15', 'Standar PKP 15', '3.15.3', 'PKP 15.3', 'Ada kebijakan dan atau prosedur pengadaan obat sesuai dengan regulasi (R)', 'NA', 'Belum Dinilai', '10', '0'),
(94, '3', 'PKP', '3.15', 'Standar PKP 15', '3.15.4', 'PKP 15.4', 'Tersedia bukti dilakukan pengkajian resep dan pemberian obat dengan benar pada setiap pelayanan pemberian obat. (D,O,W)', 'NA', 'Belum Dinilai', '10', '0'),
(95, '3', 'PKP', '3.15', 'Standar PKP 15', '3.15.5', 'PKP 15.5', 'Tersedia bukti pemberian informasi obat dan konseling oleh Apoteker.(D,O)', 'NA', 'Belum Dinilai', '10', '0'),
(96, '3', 'PKP', '3.15', 'Standar PKP 15', '3.15.6', 'PKP 15.6', 'Tersedia bukti rekonsiliasi obat pada pelayanan rawat inap sesuai dengan peraturan perundang-undangan (D,O,W)', 'NA', 'Belum Dinilai', '10', '0'),
(97, '3', 'PKP', '3.15', 'Standar PKP 15', '3.15.7', 'PKP 15.7', 'Tersedia obat emergensi pada unit-unit dimana diperlukan, dan dapat diakses untuk memenuhi kebutuhan yang bersifat emergensi, dipantau, dan diganti tepat waktu setelah digunakan atau bila kadaluarsa. (D,O,W)', 'NA', 'Belum Dinilai', '10', '0'),
(98, '3', 'PKP', '3.15', 'Standar PKP 15', '3.15.8', 'PKP 15.8', 'Tersedia bukti penyimpanan dan pelaporan obat narkotika serta psikotropika sesuai dengan regulasi (D,O,W)', 'NA', 'Belum Dinilai', '10', '0'),
(99, '3', 'PKP', '3.15', 'Standar PKP 15', '3.15.9', 'PKP 15.9', 'Tersedia bukti penyimpanan obat termasuk obat high alert yang baik, benar dan aman sesuai regulasi (D,O,W)', 'NA', 'Belum Dinilai', '10', '0'),
(100, '3', 'PKP', '3.15', 'Standar PKP 15', '3.15.10', 'PKP 15.10', 'Tersedia kebijakan dan atau prosedur penanganan obat kadaluarsa/ rusak (R, D,W)', 'NA', 'Belum Dinilai', '10', '0'),
(101, '3', 'PKP', '3.15', 'Standar PKP 15', '3.15.11', 'PKP 15.11', 'Terdapat pencatatan dan pelaporan MESO/Monitoring Efek Samping Obat (D,W)', 'NA', 'Belum Dinilai', '10', '0'),
(102, '3', 'PKP', '3.15', 'Standar PKP 15', '3.15.12', 'PKP 15.12', 'Ada kebijakan dan atau prosedur pemantauan dan pelaporan medication error (R, D,W)', 'NA', 'Belum Dinilai', '10', '0'),
(103, '3', 'PKP', '3.15', 'Standar PKP 15', '3.15.13', 'PKP 15.13', 'Dalam hal klinik tidak memiliki apoteker, sebagai penanggung jawab pelayanan kefarmasian, ada bukti bahwa klinik hanya mengelola obat darurat medis sesuai peraturan perundang-undangan (D,O,W)', 'NA', 'Belum Dinilai', '10', '0');

-- --------------------------------------------------------

--
-- Struktur dari tabel `tbl_instrumen`
--

CREATE TABLE `tbl_instrumen` (
  `no_urut` int(11) NOT NULL,
  `id_bab` varchar(11) CHARACTER SET utf8mb4 COLLATE utf8mb4_general_ci NOT NULL,
  `kode_bab` varchar(255) DEFAULT NULL,
  `id_standar` varchar(11) NOT NULL,
  `kode_standar` varchar(255) DEFAULT NULL,
  `id_elemen` varchar(11) DEFAULT NULL,
  `kode_elemen` varchar(255) DEFAULT NULL,
  `nama_elemen` varchar(255) NOT NULL,
  `ip_regulasi` longtext NOT NULL,
  `ip_dokumen` longtext NOT NULL,
  `ip_observasi` longtext NOT NULL,
  `ip_wawancara` longtext NOT NULL,
  `skor` varchar(50) NOT NULL,
  `ket_skor` varchar(50) NOT NULL,
  `skor_maks` varchar(11) NOT NULL
) ENGINE=InnoDB DEFAULT CHARSET=utf8mb4 COLLATE=utf8mb4_unicode_ci;

--
-- Dumping data untuk tabel `tbl_instrumen`
--

INSERT INTO `tbl_instrumen` (`no_urut`, `id_bab`, `kode_bab`, `id_standar`, `kode_standar`, `id_elemen`, `kode_elemen`, `nama_elemen`, `ip_regulasi`, `ip_dokumen`, `ip_observasi`, `ip_wawancara`, `skor`, `ket_skor`, `skor_maks`) VALUES
(1, '1', 'TKK', '1.1', 'Standar TKK 1', '1.1.1', 'TKK 1.1', 'Tersedia visi, misi dan tujuan klinik yang ditetapkan pihak yang berwenang (R)', 'SK Visi, misi, tujuan klinik', '-', 'Visi misi diketahui publik (dipasang di area yang dapat diakses publik)', '-', '0', 'Belum Dinilai', '10'),
(2, '1', 'TKK', '1.1', 'Standar TKK 1', '1.1.2', 'TKK 1.2', 'Tersedia struktur organisasi klinik yang ditetapkan oleh pejabat berwenang (R)', 'SK Struktur organisasi klinik  yang ditetapkan oleh pemilik.', '-', 'bagan struktur orgnisasi klinik', '-', '0', 'Belum Dinilai', '10'),
(3, '1', 'TKK', '1.1', 'Standar TKK 1', '1.1.3', 'TKK 1.3', 'Tersedia uraian tugas, tanggung jawab, wewenang yang ditetapkan. (R)', 'Uraian tugas, tanggung jawab, wewenang sebagai lampiran dari struktur organisasi klinik ', '-', '-', '-', '0', 'Belum Dinilai', '10'),
(4, '1', 'TKK', '1.2', 'Standar TKK 2', '1.2.1', 'TKK 2.1', 'Pemenuhan kebutuhan dan ketersediaan tenaga dilakukan sesuai dengan jumlah dan jenis kebutuhan layanan yang mengacu pada ketentuan peraturan perundangan yang telah ditetapkan (D,W)', '-', 'Hasil analisis kebutuhan tenaga, rencana kebutuhan tenaga, bukti-bukti upaya pemenuhan kebutuhan tenaga sesuai jumlah, jenis, dan kompetensi', '-', 'Penanggung jawab klinik, pengelola SDM: proses perencanaan kebutuhan tenaga dan pemenuhannya', '0', 'Belum Dinilai', '10'),
(5, '1', 'TKK', '1.2', 'Standar TKK 2', '1.2.2', 'TKK 2.2', 'Tersedia file kepegawaian seluruh SDM yang diperbaharui secara berkala. (D,W)', '-', 'Kelengkapan file kepegawaian untuk tiap pegawai meliputi ijasah, STR, SIP, Uraian Tugas, Penilaian kinerja, sertifikat pelatihan, rincian kompetensi  dan bukti perbaharuannya (tidak ada yang kadaluwarsa)', '-', 'pengelola SDM: proses kelengkapan dan perbaharuan fle kepegawaian', '0', 'Belum Dinilai', '10'),
(6, '1', 'TKK', '1.2', 'Standar TKK 2', '1.2.3', 'TKK 2.3', 'Kinerja SDM dievaluasi secara berkala (D,W)', 'Regulasi penentuan waktu evaluasi kinerja', 'Bukti pelaksanaan evalusi kinerja pegawai sesuai dengan regulasi, penilaian kinerja mengacu ke uraian tugas, uaraian tugas mengacu ke kewenangan kompetensi', '-', '-', '0', 'Belum Dinilai', '10'),
(7, '1', 'TKK', '1.3', 'Standar TKK 3', '1.3.1', 'TKK 3.1', 'Tersedia bukti perizinan sesuai ketentuan perundang-undangan yang berlaku (D) ', '-', 'daftar perijinan, lampiran perijinan sesuai dengan daftar (Izin operasional, izin pembuangan limbah cair, izin TPS B3,ijin transporter B3, ijin lift bila ada, dsb yang masih berlaku)', '-', '-', '0', 'Belum Dinilai', '10'),
(8, '1', 'TKK', '1.3', 'Standar TKK 3', '1.3.2', 'TKK 3.2', 'Ada program manajemen risiko fasilitas sebagaimana diuraikan dalam maksud dan tujuan angka 1) sampai dengan angka 7)', '-', '-', '-', '-', '0', 'Belum Dinilai', '10'),
(9, '1', 'TKK', '1.3', 'Standar TKK 3', '1.3.3', 'TKK 3.3', 'Tersedia daftar inventaris dan bukti pemeliharaan sarana yang tersedia di klinik (D, O) ', '-', 'Daftar inventaris klinik bergerak, tetap, alkes non alkes, jadwal pemeliharaan, dokumen pelaksanaan pemeliharaan. ', '-', '-', '0', 'Belum Dinilai', '10'),
(10, '1', 'TKK', '1.3', 'Standar TKK 3', '1.3.4', 'TKK 3.4', 'Tersedia bukti pelaksanaan pengamanan dan pengawasan akses keluar masuk fasyankes (D,O) ', '-', 'Daftar tempat berisiko keamanan. Dokumen bukti dilakukan pengamanan dan pengawasan akses fasyankes: contoh presensi petugas sekurity, jadwal jaga petugas sekurity, laporan dinas security, SPO serah terima bayi kepada orang tua. ', '-', '-', '0', 'Belum Dinilai', '10'),
(11, '1', 'TKK', '1.3', 'Standar TKK 3', '1.3.5', 'TKK 3.5', 'Tersedia bukti pengelolaan bahan berbahaya dan beracun (B3) serta limba sesuai dengan peraturan perunadang-undanganh B3 (D,O)', '-', 'Daftar B3, ketersediaan MSDS di tempat B3, Daftar limbah B3 yang dihasilkan, MOU dengan pihak ketiga transporter maupun pengelola limbah, manifest pengambilan limbah oleh pihak ketiga, hasil lab pemeriksaan air IPAL, alur pembuangan limbah cair dan padat hasil tindakan ', 'Proses pengelolaan B3 dan limbah B3, tempat sampah, eye washer, shower spil kit di tempat B3 berada. IPAL', '-', '0', 'Belum Dinilai', '10'),
(12, '1', 'TKK', '1.3', 'Standar TKK 3', '1.3.6', 'TKK 3.6', 'Tersedia bukti pengelolaan sampah domestik serta pengelolaan air limbah sesuai peraturan perundang-undangan (D,O)', '-', 'TPS domestik, MOU sampah domestik', 'Proses pengelolaan sampah domestik, dan air limbah', '-', '0', 'Belum Dinilai', '10'),
(13, '1', 'TKK', '1.3', 'Standar TKK 3', '1.3.7', 'TKK 3.7', 'Tersedia alat pemadam api ringan (APAR) dan bukti pemeliharaan APAR. (D,O)', '-', 'Daftar dan peta penempatan APAR sesuai ketentuan bukti pemeliharaan APAR', 'Kondisi dan penempatan APAR di klinik (tinggi dan berat dibandingkan luas area), Exp Date, kelengkapan pin dll', 'Penggunaan APAR', '0', 'Belum Dinilai', '10'),
(14, '1', 'TKK', '1.3', 'Standar TKK 3', '1.3.8', 'TKK 3.8', 'Tersedia penanda jalur dan jalur evakuasi yang jelas (O).', '-', '-', 'Ketersediaan jalur evakuasi dan penanda sesuai regulasi, titik kumpul', 'proses evakuasi', '0', 'Belum Dinilai', '10'),
(15, '1', 'TKK', '1.3', 'Standar TKK 3', '1.3.9', 'TKK 3.9', 'Tersedia bukti larangan merokok (R, D, O).', 'SK larangan merokok', 'Bukti pengumuman larangan merokok', 'Tidak adanya orang yang merokok, tidak adanya bekas-bekas abu/ sisa rokok, bekas hitam/lobang kebakar rokok', '-', '0', 'Belum Dinilai', '10'),
(16, '1', 'TKK', '1.3', 'Standar TKK 3', '1.3.10', 'TKK 3.10', 'Tersedia daftar inventaris, bukti pemeliharaan dan bukti kalibrasi peralatan medis dan bukti izin Bapeten untuk yang memiliki pelayanan radiologi (D,W,O) ', '-', 'Daftar inventaris seluruh peralatan medis, jadwal pemeriksaan, pemeliharaan, uji fungsi berikut bukti pemeriksaan, pemeliharaan, uji fungsi, bukti kalibrasi, bukti izin peralatan radiologi (jika memiliki pelayanan radiologi)', 'Keberadaan label bukti pemeliharaan, bukti kalibrasi pada peralatan.  Kondisi peralatan medis laik operasional', 'Penanggung jawab Klinik, penanggung jawab pengelola peralatan: inventarisasi, pemeliharaan dan kalibrasi peralatan medis', '0', 'Belum Dinilai', '10'),
(17, '1', 'TKK', '1.4', 'Standar TKK 4', '1.4.1', 'TKK 4.1', 'Ada dokumen kontrak atau perjanjian kerja sama yang jelas (D) ', '-', 'Daftar seluruh kontrak manajemen dan kontrak klinis. Dokumen seluruh kontrak manajemen dan klinis seusai daftar identifikasi atau PKS jika ada kerjasama dengan pihak ketiga', '-', '-', '0', 'Belum Dinilai', '10'),
(18, '1', 'TKK', '1.4', 'Standar TKK 4', '1.4.2', 'TKK 4.2', 'Dokumen kontrak memiliki indikator kinerja pihak yang melakukan kerjasama (D) ', '-', 'Dokumen kontrak berisi indikator kinerja pihak ketiga. ', '-', '-', '0', 'Belum Dinilai', '10'),
(19, '1', 'TKK', '1.4', 'Standar TKK 4', '1.4.3', 'TKK 4.3', 'Ada bukti monitoring dan evaluasi serta tindak lanjut terhadap pemenuhan indikator kinerja yang tercantum di dalam kontrak (D, W)', '-', 'Dokumen bukti pengukuran indikator kontrak ( bukti monitoing), bukti analisis dan hasil analisis digunakan sebagai  evaluasi kerjasama terhadap pihak ketiga sesuai dengan dokumen kontrak', '-', 'Penanggung jawab klinik: monitoring dan evaluasi terhaap kinerja pihak ketiga', '0', 'Belum Dinilai', '10'),
(20, '2', 'PMKP', '2.1', 'Standar PMKP 1', '2.1.1', 'PMKP 1.1', 'Penanggung Jawab Klinik menetapkan Penanggung Jawab atau Tim Mutu (R)', 'SK Penanggung Jawab atau Tim  Mutu ', '-', '-', '-', '0', 'Belum Dinilai', '10'),
(21, '2', 'PMKP', '2.1', 'Standar PMKP 1', '2.1.2', 'PMKP 1.2', 'Ada indikator mutu layanan yang diukur, dievaluasi, dianalisis dan ditindaklanjuti serta dilaporkan kepada Penanggung Jawab Klinik dan pemilik (R,D,W)', 'SK penetapan indikator mutu', 'Bukti pengumpulan data, analisis, dan tindak lanjut terhadap indikator mutu.  Bukti laporan kepada Penanggung Jawab Klinik dan pemilik', '-', 'Penanggung Jawab Klinik, Penanggung Jawab atau Tim Mutu: proses pemilihan, pengumpulan data, analisis, tindak lanjut indikator mutu', '0', 'Belum Dinilai', '10'),
(22, '2', 'PMKP', '2.1', 'Standar PMKP 1', '2.1.3', 'PMKP 1.3', 'Insiden keselamatan pasien dilaporkan dan dilakukan investigasi sesuai dengan ketentuan (D,W)', '-', 'Bukti pelaporan IKP,  Bukti dilakukan investigasi', '-', 'Penanggung Jawab Klinik, Penanggung Jawab atau Tim Mutu: Proses pelaporan dan tindak lanjut IKP', '0', 'Belum Dinilai', '10'),
(23, '2', 'PMKP', '2.1', 'Standar PMKP 1', '2.1.4', 'PMKP 1.4', 'Ada daftar risiko klinik yang dibuat sekali dalam setahun (D)', '-', 'Daftar risiko klinik', '-', '-', '0', 'Belum Dinilai', '10'),
(24, '2', 'PMKP', '2.1', 'Standar PMKP 1', '2.1.5', 'PMKP 1.5', 'Ada bukti tindak lanjut dari mitigasi risiko (D,W)', '-', '-', '-', 'Penanggung Jawab Klinik, Penanggung Jawab atau Tim Mutu: Proses pelaksanaan FMEA', '0', 'Belum Dinilai', '10'),
(25, '2', 'PMKP', '2.2', 'Standar PMKP 2', '2.2.1', 'PMKP 2.1', 'Tersedia bukti identifikasi pasien sebelum intervensi kepada pasien sesuai dengan kebijakan dan prosedur yang ditetapkan. (O,W)', '-', '-', 'Proses pelaksanaan identifikasi pasien', 'Penanggung Jawab Klinik, dokter, perawat, PPA petugas pendaftaran: proses identfikasi pasien', '0', 'Belum Dinilai', '10'),
(26, '2', 'PMKP', '2.2', 'Standar PMKP 2', '2.2.2', 'PMKP 2.2', 'Tersedia bukti pelaksanaan komunikasi efektif yang didokumentasikan di rekam medis pasien (D)', '-', 'Dokumentasi komunikasi efektif pada waktu operan, transfer, rujukan, pelaporan dan menerima perintah (SBAR-TBK), bukti pelaporan hasil lab kritis', '-', '-', '0', 'Belum Dinilai', '10'),
(27, '2', 'PMKP', '2.2', 'Standar PMKP 2', '2.2.3', 'PMKP 2.3', 'Tersedia bukti pengelolaan keamanan obat risiko tinggi (O)', '-', '-', 'Penyimpanan dan pelabelan obat risiko tinggi (high alert)', '-', '0', 'Belum Dinilai', '10'),
(28, '2', 'PMKP', '2.2', 'Standar PMKP 2', '2.2.4', 'PMKP 2.4', 'Tersedia bukti penandaan sisi operasi/tindakan invasif dan pelaksanaan Surgical Safety Checklist yang didokumentasikan di rekam medis pasien (D,W)', '-', 'Bukti penandaan sisi operasi/tindakan invasif oleh yang akan melakukan tindakan, bukti pelaksanaan surgical safety checklist, bukti dokumentasi dalam rekam medis', '-', 'Dokter, dokter gigi: proses penandaan sisi operasi, proses penggunaan surgical safety check list pada tindakan operasi/tindakan invasif', '0', 'Belum Dinilai', '10'),
(29, '2', 'PMKP', '2.2', 'Standar PMKP 2', '2.2.5', 'PMKP 2.5', 'Ada media informasi penerapan kebersihan tangan  sesuai ketentuan WHO  (O,W,S)', '-', 'Ada poster/leaflet atau mesia lainnya tentang  kebersihan tangan', '-', 'Staf klinik: lima momen kebersihan tangan', '0', 'Belum Dinilai', '10'),
(30, '2', 'PMKP', '2.2', 'Standar PMKP 2', '2.2.6', 'PMKP 2.6', 'Ada prosedur yang ditetapkan klinik dalam mencegah pasien cedera karena jatuh  ( R)', 'Ada SOP yang ditetapkan untuk mencegah pasien cedera karena jatuh', '-', '-', '-', '0', 'Belum Dinilai', '10'),
(31, '2', 'PMKP', '2.2', 'Standar PMKP 2', '2.2.7', 'PMKP 2.7', 'Ada bukti implementasi penerapan pencegahan pasien jatuh (D,O,W)', '-', 'Bukti dokumentasi asesmen jatuh dalam rekam medis', 'Upaya-upaya yang dilakukan mulai dari asesmen jatuh sampai dengan upaya untuk mencegah pasien jatuh', 'Pegawai klinik: asesmen jatuh dan upaya untuk meminimalkan kejadian pasien jatuh', '0', 'Belum Dinilai', '10'),
(32, '2', 'PMKP', '2.3', 'Standar PMKP 3', '2.3.1', 'PMKP 3.1', 'Klinik menetapkan kebijakan dan prosedur PPI di Klinik  ( R)', 'Regulasi tentang PPI (dapat berupa kebijakan dengan lampiran pedoman PPI di Klinik)', '-', '-', '-', '0', 'Belum Dinilai', '10'),
(33, '2', 'PMKP', '2.3', 'Standar PMKP 3', '2.3.2', 'PMKP 3.2', 'Ditetapkan program PPI yang meliputi point 1 s.d 5 dalam maksud dan tujuan', 'regulasi dan SPO tentang progam PPI di klinik', '-', '-', '-', '0', 'Belum Dinilai', '10'),
(34, '2', 'PMKP', '2.3', 'Standar PMKP 3', '2.3.3', 'PMKP 3.3', 'Ada petugas yang kompeten yang bertanggung jawab melaksanakan, monitoring, mengevaluasi implementasi PPI di klinik (D,W) ', 'SK penanggung jawab PPI', 'bukti monitoring pelaksanaan klinik (form monev)', '-', '-', '0', 'Belum Dinilai', '10'),
(35, '2', 'PMKP', '2.3', 'Standar PMKP 3', '2.3.4', 'PMKP 3.4', 'Tersedia bukti sarana kebersihan tangan dan media informasi tentang kebersihan tangan', '-', 'Bukti monitoring kebersihan tangan', 'Proses pelaksanaan kebersihan tangan oleh pegawai klinik sesuai dengan langkah, dan  5 momen, ketersediaan sarana kebersihan tangan yang lengkap', 'Pegawai klinik: tata cara kebersihan tangan  sesuai dengan langkah dan 5 momen', '0', 'Belum Dinilai', '10'),
(36, '2', 'PMKP', '2.3', 'Standar PMKP 3', '2.3.5', 'PMKP 3.5', 'Terdapat bukti pelaksanaan Program PPI di Klinik', '-', 'Bukti pelaksanaan kewaspadaan standar', 'observasi proses pelaksanaan kewaspadaan standar', '-', '0', 'Belum Dinilai', '10'),
(37, '3', 'PKP', '3.1', 'Standar PKP 1', '3.1.1', 'PKP 1.1', 'Tersedia bukti klinik mensosialisasikan hak dan kewajiban pasien. (D,O)', '-', 'Bukti sosialisasi tentang hak dan kewajiban pasien  dapat berupa tetap muka, media cetak dan atau media elektronik', 'Bukti adanya media cetak atau  media elektronik yang berisi informasi hak dan kewajiban pasien', '-', '0', 'Belum Dinilai', '10'),
(38, '3', 'PKP', '3.1', 'Standar PKP 1', '3.1.2', 'PKP 1.2', 'Tersedia bukti petugas menjelaskan tentang hak dan kewajiban pasien beserta keluarganya. (D,W)', '-', 'Bukti penjelasan hak dan kewajiban pasien kepada pasien dan atau keluarga', '-', 'Petugas pendaftaran: cara dan proses menjelaskan hak dan kewajiban pasien, dan bagaimana cara pendokumentasiannya', '0', 'Belum Dinilai', '10'),
(39, '3', 'PKP', '3.1', 'Standar PKP 1', '3.1.3', 'PKP 1.3', 'Pasien mengerti dan memahami hak dan kewajibannya (D,W)', '-', 'Bukti evaluasi pemahaman pasien terhadap hak dan kewajiban pasien', '-', 'Petugas pendaftaran: bagaimana bisa mengetahui bahwa pasien mengerti dan memahami terhadap penjelasan tentang hak dan kewajiban pasien', '0', 'Belum Dinilai', '10'),
(40, '3', 'PKP', '3.1', 'Standar PKP 1', '3.1.4', 'PKP 1.4', 'Ada pemenuhan hak pasien berkebutuhan khusus atau dalam kondisi khusus.(W,O)', '-', '-', 'Adanya upaya untuk membantu pasien dengan kebutuhan khusus atau kondisi khusus untuk memperoleh hak dan memenuhi kewajiban ', 'Petugas pendaftaran, penanggung jawab klinik tentang adanya pasien dengan kebutuhan khusus atau kondisi khusus dan bagaimana memenuhi hak-hak pasien bagai pasien dengan kebutuhan khusus atau kondisi khusu', '0', 'Belum Dinilai', '10'),
(41, '3', 'PKP', '3.1', 'Standar PKP 1', '3.1.5', 'PKP 1.5', 'Tersedia petugas, media atau tempat untuk menyampaikan keluhan pelayanan bagi pasien atau keluarga (W,O)', '-', '-', 'Tempat khusus untuk menerima keluhan, petugas yang melayani keluhan, media untuk menampung keluhan', 'Petugas pendaftaran, petgas yang melayani keluhan, penanggung jawab klinik: apa yang dilakukan untuk menerima keluhan dari pasien atau keluarga terhadap pelayanan di klinik', '0', 'Belum Dinilai', '10'),
(42, '3', 'PKP', '3.1', 'Standar PKP 1', '3.1.6', 'PKP 1.6', 'Ada tindak lanjut keluhan oleh klinik dan dikomunikasikan dengan pasien atau keluarga (D,W,O)', '-', 'Bukti analisis dan tindak lanjut terhadap keluhan', 'Bukti tindak lanjut keluhan yang dapat diobservasi', 'Petugas pendaftaran, petgas yang melayani keluhan, penanggung jawab klinik: apa yang dilakukan untuk menindak lanjuti keluhan dari pasien atau keluarga terhadap pelayanan di klinik', '0', 'Belum Dinilai', '10'),
(43, '3', 'PKP', '3.1', 'Standar PKP 1', '3.1.7', 'PKP 1.7', 'Ada dokumentasi pengaduan dan tindak lanjut yang telah dilakukan (D,W)', '-', 'Bukti dokumentasi jika ada pengaduan, analisis dan tindak lanjut', '-', 'Petugas pedaftaran, petugas yang melayani keluhan, penanggung jawab klinik: bagaimana mendokumentasikan pengaduan dan tindak lanjutnya', '0', 'Belum Dinilai', '10'),
(44, '3', 'PKP', '3.2', 'Standar PKP 2', '3.2.1', 'PKP 2.1', 'Ada bukti pelaksanaan persetujuan tindakan kedokteran dan terdokumentasi di rekam medik pasien (D)', '-', 'Bukti dilakukan informed consent untuk tindakan kedokteran yang ditetapkan harus diakukan informed consent', '-', '-', '0', 'Belum Dinilai', '10'),
(45, '3', 'PKP', '3.2', 'Standar PKP 2', '3.2.2', 'PKP 2.2', 'Pasien atau keluarga mengetahui rencana asuhan, diagnostik dan kemungkinan hasil asuhan yang diberikan (D,W)', '-', 'Bukti dokumentasi dalam rekam medis tentang penyampaian informai pada pasien atau keluarga tentang rencana asuhan, diagnosis, kemungkinan hasil asuhan', '-', 'PPA: bagaimana menjelaskan pada pasien atau keluarga tentang rencana asuhan,diagnosis, dan kemungkinan hasil asuhan, dan bagaimana pendokumentasiannya', '0', 'Belum Dinilai', '10'),
(46, '3', 'PKP', '3.3', 'Standar PKP 3', '3.3.1', 'PKP 3.1', 'Ada prosedur pendaftaran yang ditetapkan (R)', 'SOP pendaftaran', '-', '-', '-', '0', 'Belum Dinilai', '10'),
(47, '3', 'PKP', '3.3', 'Standar PKP 3', '3.3.2', 'PKP 3.2', 'Ada bukti pelaksanaan pendaftaran sesuai regulasi yang ditetapkan (W,O)', '-', '-', 'Proses pendaftaran, cocokan dengan SOP', 'Petugas pendaftaran: bagaimana proses pendaftaran', '0', 'Belum Dinilai', '10'),
(48, '3', 'PKP', '3.3', 'Standar PKP 3', '3.3.3', 'PKP 3.3', 'Ada prosedur skrining yang ditetapkan (R)', 'SOP Skrining', '-', ' ', '-', '0', 'Belum Dinilai', '10'),
(49, '3', 'PKP', '3.3', 'Standar PKP 3', '3.3.4', 'PKP 3.4', 'Ada bukti pelaksanaan skrining sesuai regulasi yang ditetapkan (W,O)', '-', '-', 'Proses pelaksanaan skrining ', 'Petugas skrining: bagaiman cara melakukan skrining', '0', 'Belum Dinilai', '10'),
(50, '3', 'PKP', '3.4', 'Standar PKP 4', '3.4.1', 'PKP 4.1', 'Ada bukti dilakukan kajian pasien oleh PPA dalam penetapan diagnosis yang dituangkan ke dalam rekam medis. (D,O)', '-', 'Bukti kajian pasien oleh PPA dalam rekam medis', 'Proses kajian pasien dan pencatatannya dalam rekam medis', '-', '0', 'Belum Dinilai', '10'),
(51, '3', 'PKP', '3.4', 'Standar PKP 4', '3.4.2', 'PKP 4.2', 'Kajian awal sekurang kurangnya memuat data 1) sampai 5) (D)', '-', 'dokumentasi kajian awal dalam rekam medis yang memuat a sd e', '-', '-', '0', 'Belum Dinilai', '10'),
(52, '3', 'PKP', '3.4', 'Standar PKP 4', '3.4.3', 'PKP 4.3', 'Kajian ulang dibuat dalam bentuk CPPT dan terdokumentasi di Rekam Medik (D)', '-', 'dokumentasi kajian ulang dalam CPPT/rekam medis', '-', '-', '0', 'Belum Dinilai', '10'),
(53, '3', 'PKP', '3.5', 'Standar PKP 5', '3.5.1', 'PKP 5.1', 'Ada bukti rencana asuhan oleh PPA dan terdokumentasi di rekam medik pasien (D)', '-', 'dokumentasi rencana asuhan oleh PPA dalam rekam medis', '-', '-', '0', 'Belum Dinilai', '10'),
(54, '3', 'PKP', '3.5', 'Standar PKP 5', '3.5.2', 'PKP 5.2', 'Ada bukti pelaksanaan asuhan oleh PPA dan terdokumentasi di rekam medik pasien (D)', '-', 'dokumentasi pelaksanaan asuhan oleh PPA dalam rekam mdis', '-', '-', '0', 'Belum Dinilai', '10'),
(55, '3', 'PKP', '3.5', 'Standar PKP 5', '3.5.3', 'PKP 5.3', 'Ada bukti rencana asuhan dievaluasi secara berkala oleh pemberi asuhan (D)', '-', 'dokumentasi evaluasi berkala rencna asuhan oleh PPA dalam rekam medis', '-', '-', '0', 'Belum Dinilai', '10'),
(56, '3', 'PKP', '3.6', 'Standar PKP 6', '3.6.1', 'PKP 6.1', 'Ada pelayanan promotif dan preventif yang dilakukan secara berkala (D,W).', '-', 'Jadwal pelayanan promotif dan preventif, Bukti pelaksanaan pemberian pelayanan promotif dan preventif dilakukan secara berkala', '-', 'PPA, Penganggung jawab klinik: pelayanan preventif dan promotif apa saja yang diberikan, dan bagaimana proses pelaksanaannya', '0', 'Belum Dinilai', '10'),
(57, '3', 'PKP', '3.6', 'Standar PKP 6', '3.6.2', 'PKP 6.2', 'Ada bukti pelaksanaan dan laporan pelaksanaan program promotif dan preventif (D)', '-', 'Laporan pelaksanaan program promotif dan preventif', '-', '-', '0', 'Belum Dinilai', '10'),
(58, '3', 'PKP', '3.7', 'Standar PKP 7', '3.7.1', 'PKP 7.1', 'Ada penetapan pelayanan pasien risiko tinggi pada klinik (R)', 'Regulasi (SOP) tentang pelayanan pasien risiko tinggi dan pelayanan risiko tinggi sesuai pada maksud dan tujuan', '-', '-', '-', '0', 'Belum Dinilai', '10'),
(59, '3', 'PKP', '3.7', 'Standar PKP 7', '3.7.2', 'PKP 7.2', 'Ada bukti pelaksanaan pemberian pelayanan pada pasien risiko tinggi dan pelayanan risiko tinggi sesuai SPO yang ada (D, W)', '-', 'Bukti pelaksanaan pelayanan pasien risiko tinggi dan pelayanan risiko tinggi ', '-', 'PPA: apa saja pasien risiko tinggi yang dilayanan, apa saja pelayanan risiko tinggi yang disediakan, bagaimana SOP-SOPnya, dan bagaimana proses penanganannya', '0', 'Belum Dinilai', '10'),
(60, '3', 'PKP', '3.8', 'Standar PKP 8', '3.8.1', 'PKP 8.1', 'Klinik menetapkan prosedur pelayanan anestesi dan bedah sesuai kebutuhan. (R)', 'SOP anestesi, SOP bedah', '-', '-', '-', '0', 'Belum Dinilai', '10'),
(61, '3', 'PKP', '3.8', 'Standar PKP 8', '3.8.2', 'PKP 8.2', 'Pelayanan anestesi dan bedah dilakukan oleh tenaga medis yang kompeten sesuai dengan peraturan perundangan yang berlaku. (D,O,W)', '-', 'Bukti kompetensi tenaga medis yang melakukan anestesi dan melakukan tindakan bedah', 'Proses anestesi dan proses tindakan bedah oleh tenaga yang kompeten', 'PPA, Penanggung jawab klinik: bagaimana proses pelayanan anestesi dan bedah, siapa yang melakukan, bagaimana menjamin kompetensi dari petugas yang melakukan', '0', 'Belum Dinilai', '10'),
(62, '3', 'PKP', '3.8', 'Standar PKP 8', '3.8.3', 'PKP 8.3', 'Jenis, dosis dan teknik anestesi dan pemantauan status fisiologi pasien selama pemberian anestesi oleh petugas dicatat dalam rekam medis pasien. (D)  ', '-', 'Dukumentasi proses anestesi dalam rekam medis, yang meliputi:   Jenis, dosis dan teknik anestesi dan pemantauan status fisiologi pasien selama pemberian anestesi, dan petugas yang melakukan anestesi', '-', '-', '0', 'Belum Dinilai', '10'),
(63, '3', 'PKP', '3.8', 'Standar PKP 8', '3.8.4', 'PKP 8.4', 'Ada bukti pelaksanaan kajian pra bedah (D)', '-', 'Kajian pra bedah dicatat dalam rekam medis', '-', '-', '0', 'Belum Dinilai', '10'),
(64, '3', 'PKP', '3.8', 'Standar PKP 8', '3.8.5', 'PKP 8.5', 'Ada bukti pelaksanaan kajian pra anestesi (D)', '-', 'Kajian praanestesi dicatat dalam rekam medis', '-', '-', '0', 'Belum Dinilai', '10'),
(65, '3', 'PKP', '3.8', 'Standar PKP 8', '3.8.6', 'PKP 8.6', 'Ada bukti pemantauan dan evaluasi paska anestesi dan bedah (D)', '-', 'Pemantauan dan evaluasi paska anestesi dan paska bedah dicatat dalam rekam medis', '-', '-', '0', 'Belum Dinilai', '10'),
(66, '3', 'PKP', '3.9', 'Standar PKP 9', '3.9.1', 'PKP 9.1', 'Asuhan gizi dilakukan oleh petugas yang berkompeten sesuai dengan aturan perundangan (D)', '-', 'Profil kepegawaian petugas pemberi asuhan gizi menunjukkan kesesuaian terhadap persyaratan kompetensi', '-', '-', '0', 'Belum Dinilai', '10'),
(67, '3', 'PKP', '3.9', 'Standar PKP 9', '3.9.2', 'PKP 9.2', 'Disusun rencana asuhan gizi berdasarkan kajian kebutuhan gizi pada pasien sesuai dengan kondisi kesehatan dan kebutuhan pasien (D)', '-', 'Bukti kajian kebutuhan gizi dan rencana asuhan gizi', '-', '-', '0', 'Belum Dinilai', '10'),
(68, '3', 'PKP', '3.9', 'Standar PKP 9', '3.9.3', 'PKP 9.3', 'Distribusi dan pemberian makanan dilakukan sesuai jadwal dan pemesanan dan di dokumentasikan. (D,W)', '-', 'Bukti pelaksanaan distribusi makanan.  Bukti pelaksanaan pemberian makanan.  Bukti evaluasi ketepatan jadwal dan kesesuaian dengan pemesanan', '-', 'Petugas gizi dan perawat: proses pemesanan dan distribusi dan pemberian makanan, bagaimana memastikan ketepatan jadwal, bagaimana pencatatan ketepatan waktu distribusi dan pemberian makanan', '0', 'Belum Dinilai', '10'),
(69, '3', 'PKP', '3.9', 'Standar PKP 9', '3.9.4', 'PKP 9.4', 'Pasien dan/atau keluarga diberi edukasi tentang pembatasan diet pasien dan keamanan atau kebersihan makanan. (D,W)', '-', 'Bukti edukasi pada pasien dan atau keluarga tentang pembatasan diit dan keamanan/kebersihan makanan, bila keluarga ikut menyediakan makanan bagi pasien', '-', 'petugas gizi, perawat, dokter tentang edukasi pembatasan diit pasien, keamanan dan kebersihan makanan', '0', 'Belum Dinilai', '10'),
(70, '3', 'PKP', '3.10', 'Standar PKP 10', '3.10.1', 'PKP 10.1', 'Dokter melaksanakan pemulangan dan menyusun rencana tindak lanjut sesuai dengan rencana yang disusun dan kriteria pemulangan. (D)', '-', 'Bukti pemulangan pasien sesuai dengan kriteria pemulangan, bukti rencana pemulangan pasien.  ', '-', '-', '0', 'Belum Dinilai', '10'),
(71, '3', 'PKP', '3.10', 'Standar PKP 10', '3.10.2', 'PKP 10.2', 'Ada bukti ringkasan pulang pasien dalam rekam medis. (D,O,W)', '-', 'Bukti ringkasan medis pasien pulang dalam rekam medis ', 'Proses pemulangan pasien dan pencatatan ringkasan medis dalam rekam medis', 'PPA: proses pemulangan pasien, dan penulisan ringkasan pulang', '0', 'Belum Dinilai', '10'),
(72, '3', 'PKP', '3.10', 'Standar PKP 10', '3.10.3', 'PKP 10.3', 'Ada bukti pemberian informasi kepada pasien saat pulang (D,W)', '-', 'Bukti penyampaian informasi/edukasi pada pasien saat pulang sesuai kebutuhan', '-', 'PPA: Proses pemberian informasi/edukasi pada pasien pulang', '0', 'Belum Dinilai', '10'),
(73, '3', 'PKP', '3.11', 'Standar PKP 11', '3.11.1', 'PKP 11.1', 'Ada tata cara dan prosedur rujukan pasien (R)', 'SOP rujukan', '-', '-', '-', '0', 'Belum Dinilai', '10'),
(74, '3', 'PKP', '3.11', 'Standar PKP 11', '3.11.2', 'PKP 11.2', 'Klinik yang merujuk pasien memastikan bahwa fasyankes yang dituju dapat memenuhi kebutuhan pasien (D,W).', '-', 'Bukti dilakukan komunikasi dengan fasilitas kesehatan yang menjadi tujuan rujukan.  ', '-', 'PPA: bagaimana memastikan fasyankes yang dituju dapat memenuhi kebutuhan rujukan pasien', '0', 'Belum Dinilai', '10'),
(75, '3', 'PKP', '3.11', 'Standar PKP 11', '3.11.3', 'PKP 11.3', 'Pasien/ keluarga memperoleh informasi rujukan dan memberi persetujuan untuk dilakukan rujukan berdasarkan kebutuhan pasien (D,W)', '-', 'Bukti pemberian informasi rujukan kepada pasien dan keluarga.  Bukti persetujuan untuk dilakukan rujukan, bukti komunikasi dengan fasyankes tempat rujukan untuk memastikan kelangsungan layanan ke fasyankes yang lain', '-', 'PPA: proses penyampaian informasi rujukan dan persetujuan rujukn', '0', 'Belum Dinilai', '10'),
(76, '3', 'PKP', '3.11', 'Standar PKP 11', '3.11.4', 'PKP 11.4', 'Ada sarana transportasi rujukan yang memenuhi syarat (khusus klinik yang menyelenggarakan pelayanan rawat inap) (W,O)', '-', '-', 'Ketersediaan sarana transportasi', 'Penanggung jawab klinik: Proses transportasi pasien jika dirujuk ke fasyankes lain', '0', 'Belum Dinilai', '10'),
(77, '3', 'PKP', '3.11', 'Standar PKP 11', '3.11.5', 'PKP 11.5', 'Ada daftar jejaring rujukan klinik (D)', '-', 'Daftar jejaring rujukan ', '-', '-', '0', 'Belum Dinilai', '10'),
(78, '3', 'PKP', '3.12', 'Standar PKP 12', '3.12.1', 'PKP 12.1', 'Ada bukti penyelenggaraan rekam medis (D)', '-', 'Bukti penyelenggaraan rekam medis sesuai dengan regulasi: egistrasi pasien, pendistribusian rekam medis, isi rekam medis dan pengisian informasi klinis, pengolahan data dan pengkodean, klaim pembiayaan, penyimpanan rekam medis, penjaminan mutu, pelepasan informasi kesehatan, pemusnahan rekam medis, termasuk iwayat alergi oba', '-', '-', '0', 'Belum Dinilai', '10'),
(79, '3', 'PKP', '3.12', 'Standar PKP 12', '3.12.2', 'PKP 12.2', 'Ada bukti rekam medis diisi secara lengkap oleh Profesional Pemberi Asuhan (PPA) (D)', '-', 'Bukti kelengkapan pengisian rekam medis oleh PPA', '-', '-', '0', 'Belum Dinilai', '10'),
(80, '3', 'PKP', '3.12', 'Standar PKP 12', '3.12.3', 'PKP 12.3', 'Ada tata cara penyimpanan, peminjaman dan pemusnahan rekam medis (R)', 'Regulasi tentang tata cara penyimpanan, peminjaman , dan pemusnahan rekam medis (dapat berupa kebijakan, panduan, atau SOP)', '-', '-', '-', '0', 'Belum Dinilai', '10'),
(81, '3', 'PKP', '3.12', 'Standar PKP 12', '3.12.4', 'PKP 12.4', 'Ada bukti klinik menjaga kerahasiaan rekam medis pasien (D,O)', '-', 'Dokumen peminjaman rekam medis, letak dokumen rekam medis disimpan baik di ruang rekam medis, maupun di tempat pelayanan', 'Tempat penyimpanan rekam medis dengan pembatasan akses hanya oleh petugas yang berwenang', '-', '0', 'Belum Dinilai', '10'),
(82, '3', 'PKP', '3.13', 'Standar PKP 13', '3.13.1', 'PKP 13.1', 'Ada penetapan jenis-jenis pelayanan laboratorium yang disediakan (R).', 'Regulasi tentang penetapan jenis-jenis pelayanan laboratorium yang diediakan', '-', '-', '-', '0', 'Belum Dinilai', '10'),
(83, '3', 'PKP', '3.13', 'Standar PKP 13', '3.13.2', 'PKP 13.2', 'Terdapat Penanggung Jawab Laboratorium sesuai perundang-undangan yang berlaku (O, W)', '-', 'Profil kepegawaian Penanggung jawab laboratorium, dan kesesuaian persyaratan kompetensi', 'Cocokkan kompetesi penanggung jawab lab dengan profil kepegawaian, amati proses pelayanan laboratorium dilakukan oleh petugas yang kompetens', '-', '0', 'Belum Dinilai', '10'),
(84, '3', 'PKP', '3.13', 'Standar PKP 13', '3.13.3', 'PKP 13.3', 'Klinik menetapkan rentang nilai normal untuk setiap jenis pemeriksaan yang disediakan (D)', '-', 'Penetapan rentang nilai normal pada form jawaban laboratorium', '-', '-', '0', 'Belum Dinilai', '10'),
(85, '3', 'PKP', '3.13', 'Standar PKP 13', '3.13.4', 'PKP 13.4', 'Ada bukti reagensia esensial dan bahan lain tersedia sesuai dengan jenis pelayanan yang ditetapkan, pelabelan dan penyimpanannya (D, W)', '-', 'Bukti pencatatan ketersediaan reagen esensial dan bahan lain yang diperlukan untuk pelayanan laboratorium.  Bukti pelaksanaan proses untuk menyatakan jika reagensia tidak tersedia', '-', 'Penanggung jawab laboratorium: ketersediaan reagen esensial dan bahan lain, pelabelan dan penyimpanannya', '0', 'Belum Dinilai', '10'),
(86, '3', 'PKP', '3.13', 'Standar PKP 13', '3.13.5', 'PKP 13.5', 'Ada prosedur pelaporan, pencatatan dan tindak lanjut hasil laboratorium kritis (R, D,W)', 'SOP pelaporan dan tindak lanjut hasil lab kritis', 'Bukti penatatan dan pelaporan, serta tindak lanjut terhadap hasil lab kritis', '-', 'Penanggung jawab laboratorium: bagaimana pelaporan, pencatatan, dan tindak lanjut hasil lab kritis', '0', 'Belum Dinilai', '10'),
(87, '3', 'PKP', '3.13', 'Standar PKP 13', '3.13.6', 'PKP 13.6', 'Ada prosedur rujukan spesimen dan/ atau pengguna layanan, jika pemeriksaan laboratorium tidak dapat dilakukan oleh klinik (R)', 'SOP rujukan spesimen dan atau pengguna layanan, jika pemeriksaan lab tidak bisa dilakukan di klinis', '-', '-', '-', '0', 'Belum Dinilai', '10'),
(88, '3', 'PKP', '3.13', 'Standar PKP 13', '3.13.7', 'PKP 13.7', 'Ada bukti pelaksanaan Pemantapan Mutu Internal (PMI) dan Pemantapan Mutu Eksternal  (PME) secara berkala (D,O,W).', '-', 'Bukti dokumen pelaksanaan PMI dan PME', 'Proses pelaksanaan PMI, lihat dokumentasi pelaksanaan PME', 'Peanggung jawab laboratorium: proses pelaksanaan PMI dan PME dan pencatatannya', '0', 'Belum Dinilai', '10'),
(89, '3', 'PKP', '3.14', 'Standar PKP 14', '3.14.1', 'PKP 14.1', 'Klinik menerapkan prosedur pelayanan radio diagnostik (R)', 'SOP pelayanan radiodiagnostik', '-', '-', '-', '0', 'Belum Dinilai', '10'),
(90, '3', 'PKP', '3.14', 'Standar PKP 14', '3.14.2', 'PKP 14.2', 'Ada bukti pelayanan radiologi sesuai dengan prosedur yang ada termasuk kepatuhan terhadap manajemen keamanan radiasi (D)', '-', 'Bukti dokumen pelaksanaan pemeriksaan radiodiagnostik.  Bukti kepatuhan dalam manajemen keamanan radiasi', '-', '-', '0', 'Belum Dinilai', '10'),
(91, '3', 'PKP', '3.15', 'Standar PKP 15', '3.15.1', 'PKP 15.1', 'Tersedia bukti pengelolaan dan pelayanan sediaan farmasi BMHP dan alat kesehatan oleh tenaga kefarmasian sesuai dengan peraturan perundang-undangan. (D,O,W)', '-', 'Bukti-bukti pelaksanaan pengelolaan sediaan farmasi dan BMHP: mulai dari order, penerimaan, penyimpanan, pelayanan resep, pelayanan obat, edukasi pemakaian obat, dsb)', 'Proses pelaksanaan pengelolaan sediaan farmasi dan BMHP', 'Petugas farmasi: proses pengelolaan sediaan farmasi dan BMHP', '0', 'Belum Dinilai', '10'),
(92, '3', 'PKP', '3.15', 'Standar PKP 15', '3.15.2', 'PKP 15.2', 'Tersedia daftar formularium obat klinik (D)', '-', 'Formularium obat klinik', '-', '-', '0', 'Belum Dinilai', '10'),
(93, '3', 'PKP', '3.15', 'Standar PKP 15', '3.15.3', 'PKP 15.3', 'Ada kebijakan dan atau prosedur pengadaan obat sesuai dengan regulasi (R)', 'Regulasi : Kebijakan dan atau SOP pengadaan obat', '-', '-', '-', '0', 'Belum Dinilai', '10'),
(94, '3', 'PKP', '3.15', 'Standar PKP 15', '3.15.4', 'PKP 15.4', 'Tersedia bukti dilakukan pengkajian resep dan pemberian obat dengan benar pada setiap pelayanan pemberian obat. (D,O,W)', '-', 'Bukti pelaksanaan kajian resep dan bukti pelaksanaan kajian pemberian obat dengan benar', 'Proses pelaksanaan kajian resep dan proses pelaksanaan kajian pemberian obat dengan benar', 'Petugas farmasi: proses kajian resep dan kajian pemberian obat dengan benar', '0', 'Belum Dinilai', '10'),
(95, '3', 'PKP', '3.15', 'Standar PKP 15', '3.15.5', 'PKP 15.5', 'Tersedia bukti pemberian informasi obat dan konseling oleh Apoteker.(D,O)', '-', 'Bukti edukasi informasi obat tentang indikasi dan cara penggunaan obat (dicatat dalam rekam medis pasien rawat inap, dicatat dalam dokumentasi pemberian edukasi juga pada pasien rawat jalan)', 'Proses edukasi pada waktu penyampaian obat, proses konseling oleh apoteker', '-', '0', 'Belum Dinilai', '10'),
(96, '3', 'PKP', '3.15', 'Standar PKP 15', '3.15.6', 'PKP 15.6', 'Tersedia bukti rekonsiliasi obat pada pelayanan rawat inap sesuai dengan peraturan perundang-undangan (D,O,W)', '-', 'Bukti pelaksanaan rekonsiliasi obat, yang dicatat dalam form rekonsiliasi obat dalam rekam medis', 'Proses pelaksanaan rekonsilitasi obat', 'Petugas farmasi, perawat, dokter: proses rekonsilitasi obat', '0', 'Belum Dinilai', '10'),
(97, '3', 'PKP', '3.15', 'Standar PKP 15', '3.15.7', 'PKP 15.7', 'Tersedia obat emergensi pada unit-unit dimana diperlukan, dan dapat diakses untuk memenuhi kebutuhan yang bersifat emergensi, dipantau, dan diganti tepat waktu setelah digunakan atau bila kadaluarsa. (D,O,W)', '-', 'Bukti monitoring dan penggantian obat emergensi oleh petugas farmasi', 'Ketersediaan obat emergensi pada unit-unit dimana diperlukan, dengan segel khusus', 'Petugas farmasi, perawat, dokter: ketersediaan obat emergensi, monitoring dan penggantiannya', '0', 'Belum Dinilai', '10'),
(98, '3', 'PKP', '3.15', 'Standar PKP 15', '3.15.8', 'PKP 15.8', 'Tersedia bukti penyimpanan dan pelaporan obat narkotika serta psikotropika sesuai dengan regulasi (D,O,W)', '-', 'Kartu stok obat narkotika dan psikotropika. Laporan penggunaan obat narkotika dan psikotropika. ', 'Kesesuaian kartu stok dan obat yang ada.  Tempat penyimpanan obat narkotika, psikotropika', 'Penangung jawab farmasi/apoteker: penyimpanan, penggunaan, dan keamanan obat narkotika, psikotropika', '0', 'Belum Dinilai', '10'),
(99, '3', 'PKP', '3.15', 'Standar PKP 15', '3.15.9', 'PKP 15.9', 'Tersedia bukti penyimpanan obat termasuk obat high alert yang baik, benar dan aman sesuai regulasi (D,O,W)', 'SOP penyimpanan dan pelabelan obat high alert', 'Daftar obat high alert', 'Peletakan dan pelabelan obat high alert', 'Penanggung jawab farmasi: bagaimana penyimpanan dan penggunaan obat high alert', '0', 'Belum Dinilai', '10'),
(100, '3', 'PKP', '3.15', 'Standar PKP 15', '3.15.10', 'PKP 15.10', 'Tersedia kebijakan dan atau prosedur penanganan obat kadaluarsa/ rusak (R, D,W)', 'Kebijakan atau prosdur penanganan obat kadularsa atau rusak', 'Bukti penanganan obat kadaluwarsa atau rusak', '-', 'Penanggung jawab farmasi: bagaimana penanganan obat kadaluarsa atau rusak', '0', 'Belum Dinilai', '10'),
(101, '3', 'PKP', '3.15', 'Standar PKP 15', '3.15.11', 'PKP 15.11', 'Terdapat pencatatan dan pelaporan MESO/Monitoring Efek Samping Obat (D,W)', '-', 'Bukti pencatatan dan pelaporan MESO', '-', 'Penanggung jawab farmasi: bagaimana monitoring dan pencatata efek samping obat', '0', 'Belum Dinilai', '10'),
(102, '3', 'PKP', '3.15', 'Standar PKP 15', '3.15.12', 'PKP 15.12', 'Ada kebijakan dan atau prosedur pemantauan dan pelaporan medication error (R, D,W)', 'Kebijakan atau prosedur pelaporan medication error', 'Bukti pelaporan medication error', '-', 'Penanggung jawab farmasi, dokter: apa yang dilakukan jika terjadi medication error', '0', 'Belum Dinilai', '10'),
(103, '3', 'PKP', '3.15', 'Standar PKP 15', '3.15.13', 'PKP 15.13', 'Dalam hal klinik tidak memiliki apoteker, sebagai penanggung jawab pelayanan kefarmasian, ada bukti bahwa klinik hanya mengelola obat darurat medis sesuai peraturan perundang-undangan (D,O,W)', '-', 'Daftar obat yang tersedia di klinik hanya obat darurat', 'Ketersediaan obat darurat medis', 'Pennggung jaab klinik, petugas farmasi: obat-obat darurat medis yang tersedia, dan apa yang dilakukan agar pasien dapat memperoleh obat yang dibutuhkan', '0', 'Belum Dinilai', '10');

-- --------------------------------------------------------

--
-- Struktur dari tabel `tbl_standar`
--

CREATE TABLE `tbl_standar` (
  `no_urut` int(11) NOT NULL,
  `id_bab` int(11) NOT NULL,
  `kode_bab` varchar(255) NOT NULL,
  `id_standar` varchar(20) NOT NULL,
  `kode_standar` varchar(255) NOT NULL,
  `nama_standar` text NOT NULL,
  `jumlah_skor_standar` varchar(11) NOT NULL,
  `jumlah_skorStandar_maks` varchar(11) NOT NULL,
  `capaian_skor_standar` varchar(11) NOT NULL,
  `jumlah_ep` varchar(11) NOT NULL,
  `epStandar_terisi` varchar(11) NOT NULL,
  `jumlah_upload` varchar(11) NOT NULL
) ENGINE=InnoDB DEFAULT CHARSET=utf8mb4 COLLATE=utf8mb4_unicode_ci;

--
-- Dumping data untuk tabel `tbl_standar`
--

INSERT INTO `tbl_standar` (`no_urut`, `id_bab`, `kode_bab`, `id_standar`, `kode_standar`, `nama_standar`, `jumlah_skor_standar`, `jumlah_skorStandar_maks`, `capaian_skor_standar`, `jumlah_ep`, `epStandar_terisi`, `jumlah_upload`) VALUES
(1, 1, 'BAB 1. Tata Kelola Klinik (TKK)', '1.1', 'Standar TKK 1', 'Pengorganisasian Klinik', '0', '30', '0', '3', '0', '0'),
(2, 1, 'BAB 1. Tata Kelola Klinik (TKK)', '1.2', 'Standar TKK 2', 'Tata Kelola Sumber Daya Manusia', '0', '30', '0', '3', '0', '0'),
(3, 1, 'BAB 1. Tata Kelola Klinik (TKK)', '1.3', 'Standar TKK 3', 'Tata Kelola Fasilitas dan Keselamatan', '0', '100', '0', '10', '0', '0'),
(4, 1, 'BAB 1. Tata Kelola Klinik (TKK)', '1.4', 'Standar TKK 4', 'Tata Kelola Kerjasama', '0', '30', '0', '3', '0', '0'),
(5, 2, 'BAB 2. Peningkatan Mutu Dan Keselamatan Pasien (PMKP)', '2.1', 'Standar PMKP 1', 'Upaya Peningkatan Mutu dan Keselamatan Pasien', '0', '50', '0', '5', '0', '0'),
(6, 2, 'BAB 2. Peningkatan Mutu Dan Keselamatan Pasien (PMKP)', '2.2', 'Standar PMKP 2', 'Penerapan Sasaran Keselamatan Pasien (SKP)', '0', '80', '0', '8', '0', '0'),
(7, 2, 'BAB 2. Peningkatan Mutu Dan Keselamatan Pasien (PMKP)', '2.3', 'Standar PMKP 3', 'Pencegahan dan Pengendalian Infeksi (PPI)', '0', '50', '0', '5', '0', '0'),
(8, 3, 'BAB 3. Pelayanan Kesehatan Perorangan (PKP)', '3.1', 'Standar PKP 1', 'Hak Pasien dan Keluarga (HPK)', '0', '70', '0', '7', '0', '0'),
(9, 3, 'BAB 3. Pelayanan Kesehatan Perorangan (PKP)', '3.2', 'Standar PKP 2', 'Pasien dan Keluarga Dalam Proses Asuhan', '0', '20', '0', '2', '0', '0'),
(10, 3, 'BAB 3. Pelayanan Kesehatan Perorangan (PKP)', '3.3', 'Standar PKP 3', 'Penerimaan Pasien Klinik', '0', '40', '0', '4', '0', '0'),
(11, 3, 'BAB 3. Pelayanan Kesehatan Perorangan (PKP)', '3.4', 'Standar PKP 4', 'Pengkajian Pasien (PP)', '0', '30', '0', '3', '0', '0'),
(12, 3, 'BAB 3. Pelayanan Kesehatan Perorangan (PKP)', '3.5', 'Standar PKP 5', 'Rencana Asuhan dan Pelaksanaan', '0', '30', '0', '3', '0', '0'),
(13, 3, 'BAB 3. Pelayanan Kesehatan Perorangan (PKP)', '3.6', 'Standar PKP 6', 'Pelayanan Promotif dan Preventif', '0', '20', '0', '2', '0', '0'),
(14, 3, 'BAB 3. Pelayanan Kesehatan Perorangan (PKP)', '3.7', 'Standar PKP 7', 'Pelayanan Pasien Risiko Tinggi dan Penyediaan Pelayanan Risiko Tinggi', '0', '20', '0', '2', '0', '0'),
(15, 3, 'BAB 3. Pelayanan Kesehatan Perorangan (PKP)', '3.8', 'Standar PKP 8', 'Pelayanan Anestesi dan Bedah (PAB)', '0', '60', '0', '6', '0', '0'),
(16, 3, 'BAB 3. Pelayanan Kesehatan Perorangan (PKP)', '3.9', 'Standar PKP 9', 'Pelayanan Gizi', '0', '40', '0', '4', '0', '0'),
(17, 3, 'BAB 3. Pelayanan Kesehatan Perorangan (PKP)', '3.1', 'Standar PKP 10', 'Pemulangan dan Tindak Lanjut Perawatan', '0', '30', '0', '3', '0', '0'),
(18, 3, 'BAB 3. Pelayanan Kesehatan Perorangan (PKP)', '3.11', 'Standar PKP 11', 'Pelayanan Rujukan', '0', '50', '0', '5', '0', '0'),
(19, 3, 'BAB 3. Pelayanan Kesehatan Perorangan (PKP)', '3.12', 'Standar PKP 12', 'Penyelenggaraan Rekam Medis', '0', '40', '0', '4', '0', '0'),
(20, 3, 'BAB 3. Pelayanan Kesehatan Perorangan (PKP)', '3.13', 'Standar PKP 13', 'Pelayanan Laboratorium', '0', '70', '0', '7', '0', '0'),
(21, 3, 'BAB 3. Pelayanan Kesehatan Perorangan (PKP)', '3.14', 'Standar PKP 14', 'Pelayanan Radiologi', '0', '20', '0', '2', '0', '0'),
(22, 3, 'BAB 3. Pelayanan Kesehatan Perorangan (PKP)', '3.15', 'Standar PKP 15', 'Pelayanan Kefarmasian', '0', '130', '0', '13', '0', '0');

--
-- Indexes for dumped tables
--

--
-- Indeks untuk tabel `tbl_bab`
--
ALTER TABLE `tbl_bab`
  ADD PRIMARY KEY (`id_bab`);

--
-- Indeks untuk tabel `tbl_dokumen`
--
ALTER TABLE `tbl_dokumen`
  ADD PRIMARY KEY (`kode_dokumen`);

--
-- Indeks untuk tabel `tbl_elemen`
--
ALTER TABLE `tbl_elemen`
  ADD PRIMARY KEY (`no_urut`);

--
-- Indeks untuk tabel `tbl_instrumen`
--
ALTER TABLE `tbl_instrumen`
  ADD PRIMARY KEY (`no_urut`);

--
-- Indeks untuk tabel `tbl_standar`
--
ALTER TABLE `tbl_standar`
  ADD PRIMARY KEY (`no_urut`);

--
-- AUTO_INCREMENT untuk tabel yang dibuang
--

--
-- AUTO_INCREMENT untuk tabel `tbl_bab`
--
ALTER TABLE `tbl_bab`
  MODIFY `id_bab` bigint(20) UNSIGNED NOT NULL AUTO_INCREMENT, AUTO_INCREMENT=19;
COMMIT;

