-- https://www.phpmyadmin.net/
--
-- Waktu pembuatan: 14 Jul 2023 pada 21.50
-- Versi server: 10.4.28-MariaDB
-- Versi PHP: 8.2.4

START TRANSACTION;



--
-- Database: `dbkeuangan`
--

-- --------------------------------------------------------

--
-- Struktur dari tabel `tbl_belanja_bulanan`
--

CREATE TABLE `tbl_belanja_bulanan` (
  `nomer` varchar(255) NOT NULL,
  `tanggal` date DEFAULT NULL,
  `bulan` varchar(255) DEFAULT NULL,
  `tahun` varchar(255) DEFAULT NULL,
  `uraian` varchar(255) DEFAULT NULL,
  `rekening` varchar(255) DEFAULT NULL,
  `kodrek` varchar(255) DEFAULT NULL,
  `pos` varchar(255) DEFAULT NULL,
  `jumlah` double DEFAULT NULL
) ENGINE=InnoDB DEFAULT CHARSET=utf8 COLLATE=utf8_general_ci;

--
-- Dumping data untuk tabel `tbl_belanja_bulanan`
--

INSERT INTO `tbl_belanja_bulanan` (`nomer`, `tanggal`, `bulan`, `tahun`, `uraian`, `rekening`, `kodrek`, `pos`, `jumlah`) VALUES
('PB-00001', '2023-04-01', 'April', '2023', 'UD DR JAGA PENGGANTI 01 APRIL 2023', 'Uang Duduk Dokter Jaga', 'A02', 'Biaya Pegawai', 300000),
('PB-00002', '2023-04-01', 'April', '2023', 'JASPEL DR JAGA PENGGANTI 01 APRIL 2023', 'Jasa Tindakan Dokter Jaga', 'A03', 'Biaya Pegawai', 474710),
('PB-00003', '2023-04-02', 'April', '2023', 'UD DR . FERRI 02 APRIL 2023', 'Uang Duduk Dokter Jaga', 'A02', 'Biaya Pegawai', 300000),
('PB-00004', '2023-04-02', 'April', '2023', 'JASPEL DR. FERRI 02 APRIL 2023', 'Jasa Tindakan Dokter Jaga', 'A03', 'Biaya Pegawai', 893970),
('PB-00005', '2023-04-08', 'April', '2023', 'UD DR. NANANG 3 - 6 APRIL', 'Uang Duduk Dokter Jaga', 'A02', 'Biaya Pegawai', 1200000),
('PB-00006', '2023-04-08', 'April', '2023', 'JAPSEL DR. NANANG 3 - 6 APRIL', 'Jasa Tindakan Dokter Jaga', 'A03', 'Biaya Pegawai', 2632860),
('PB-00007', '2023-04-08', 'April', '2023', 'FEE SIP DR. NANANG DAN DR. FERRI', 'Honorarium Dokter Pemegang SIP', 'A10', 'Biaya Pegawai', 2000000),
('PB-00008', '2023-04-08', 'April', '2023', 'FEE SIPA APT. SILVI', 'Honorarium SIP Tenaga Kesehatan', 'A11', 'Biaya Pegawai', 1000000),
('PB-00009', '2023-04-08', 'April', '2023', 'TAGIHAN LISTRIK KWH BAWAH ', 'Biaya Tagihan Listrik dan Token Prabayar', 'B05', 'Biaya Operasional', 2216640),
('PB-00010', '2023-04-08', 'April', '2023', 'TAGIHAN LISTRIK TANAH BARU', 'Biaya Tagihan Listrik dan Token Prabayar', 'B05', 'Biaya Operasional', 53132),
('PB-00011', '2023-04-08', 'April', '2023', 'BAYAR TAGIHAN INDIHOME APRIL', 'Biaya Tagihan Telephon dan Internet', 'B06', 'Biaya Operasional', 936010),
('PB-00012', '2023-04-08', 'April', '2023', 'BAYAR TAGIHAN HALLO HP KLINIK', 'Biaya Tagihan Telephon dan Internet', 'B06', 'Biaya Operasional', 124600),
('PB-00013', '2023-04-12', 'April', '2023', 'BELI TOKEN PRABAYAR KWH ATAS', 'Biaya Tagihan Listrik dan Token Prabayar', 'B05', 'Biaya Operasional', 1003000),
('PB-00014', '2023-04-09', 'April', '2023', 'UD DR. FERRI 7-9 APRIL', 'Uang Duduk Dokter Jaga', 'A02', 'Biaya Pegawai', 900000),
('PB-00015', '2023-04-09', 'April', '2023', 'JASPEL DR. FERRI 7-9 APRIL', 'Jasa Tindakan Dokter Jaga', 'A03', 'Biaya Pegawai', 1610220),
('PB-00016', '2023-04-13', 'April', '2023', 'UD DR. NANANG 10-12 APRIL', 'Uang Duduk Dokter Jaga', 'A02', 'Biaya Pegawai', 900000),
('PB-00017', '2023-04-13', 'April', '2023', 'JASPEL DR. NANANG 10-12 APRIL', 'Jasa Tindakan Dokter Jaga', 'A03', 'Biaya Pegawai', 1505050),
('PB-00018', '2023-04-14', 'April', '2023', 'UD DR. JAGA PENGGANTI', 'Uang Duduk Dokter Jaga', 'A02', 'Biaya Pegawai', 300000),
('PB-00019', '2023-04-14', 'April', '2023', 'JASPEL DR. JAGA PENGGANTI 13 APRIL 2023', 'Jasa Tindakan Dokter Jaga', 'A03', 'Biaya Pegawai', 831750),
('PB-00020', '2023-04-14', 'April', '2023', 'IURAN BPJS KESEHATAN APRIL 2023', 'Pembayaran Iuran BPJS Kesehatan', 'A12', 'Biaya Pegawai', 1562638),
('PB-00021', '2023-04-14', 'April', '2023', 'IURAN BP JAMSOSTEK APRIL 2023', 'Pembayaran Iuran BP Jamsostek', 'A13', 'Biaya Pegawai', 1185600),
('PB-00022', '2023-04-17', 'April', '2023', 'UD DR FERRI 14-16 APRIL 2023', 'Uang Duduk Dokter Jaga', 'A02', 'Biaya Pegawai', 900000),
('PB-00023', '2023-04-17', 'April', '2023', 'JASPEL DR. FERRI 14-16 APRIL 2023', 'Jasa Tindakan Dokter Jaga', 'A03', 'Biaya Pegawai', 1966900),
('PB-00024', '2023-04-18', 'April', '2023', 'UD DR JAGA PENGGANTI 17 APRIL 2023', 'Uang Duduk Dokter Jaga', 'A02', 'Biaya Pegawai', 300000),
('PB-00025', '2023-04-18', 'April', '2023', 'JASPEL DR. JAGA PENGGANTI 17 APRIL 2023', 'Jasa Tindakan Dokter Jaga', 'A03', 'Biaya Pegawai', 698050),
('PB-00026', '2023-04-17', 'April', '2023', 'TAGIHAN PBF PLANET APRIL 2023', 'Pembelian Obat dan BHP', 'B01', 'Biaya Operasional', 6135386),
('PB-00027', '2023-04-18', 'April', '2023', 'ANGSURAN BNI APRIL 2023', 'Pembayaran Angsuran Pinjaman Bank', 'C05', 'Biaya Modal', 43855718),
('PB-00028', '2023-04-20', 'April', '2023', 'PEMBAYARAN THR TAHUN 2023', 'THR Pegawai', 'A18', 'Biaya Pegawai', 26400000),
('PB-00029', '2023-04-21', 'April', '2023', 'UD DR. NANANG 18-20 APRIL 2023', 'Uang Duduk Dokter Jaga', 'A02', 'Biaya Pegawai', 900000),
('PB-00030', '2023-04-21', 'April', '2023', 'JASPEL DR. NANANG 18-20 APRIL 2023', 'Jasa Tindakan Dokter Jaga', 'A03', 'Biaya Pegawai', 2249700),
('PB-00031', '2023-04-24', 'April', '2023', 'UD DR. FERRI  21-23 APRIL', 'Uang Duduk Dokter Jaga', 'A02', 'Biaya Pegawai', 900000),
('PB-00032', '2023-04-25', 'April', '2023', 'FEE JAGA LEBARAN DR. FERRI 21-23 APRIL 2023', 'Uang Duduk Dokter Jaga', 'A02', 'Biaya Pegawai', 300000),
('PB-00033', '2023-04-24', 'April', '2023', 'JASPEL DR. FERRI 21-23 APRIL 2023', 'Jasa Tindakan Dokter Jaga', 'A03', 'Biaya Pegawai', 2472780),
('PB-00034', '2023-04-25', 'April', '2023', 'UD DR. JAGA PENGGANTI 24 APRIL 2023', 'Uang Duduk Dokter Jaga', 'A02', 'Biaya Pegawai', 300000),
('PB-00035', '2023-04-25', 'April', '2023', 'JASPEL DR. JAGA PENGGANTI 24 APRIL 2023', 'Jasa Tindakan Dokter Jaga', 'A03', 'Biaya Pegawai', 806720),
('PB-00036', '2023-04-26', 'April', '2023', 'PEMBAYARAN TAGIHAN PBF PLANET', 'Pembelian Obat dan BHP', 'B01', 'Biaya Operasional', 17701332),
('PB-00037', '2023-04-27', 'April', '2023', 'BELI TOKEN PRABAYAR KWH ATAS', 'Biaya Tagihan Listrik dan Token Prabayar', 'B05', 'Biaya Operasional', 1003000),
('PB-00038', '2023-04-18', 'April', '2023', 'FEE SIPP PERAWAT 3 ORANG (RAPEL 1 TAHUN)', 'Honorarium SIP Tenaga Kesehatan', 'A11', 'Biaya Pegawai', 4600000),
('PB-00039', '2023-04-28', 'April', '2023', 'UD DR. JAGA PENGGANTI 25-27 APRIL 2023', 'Uang Duduk Dokter Jaga', 'A02', 'Biaya Pegawai', 900000),
('PB-00040', '2023-04-28', 'April', '2023', 'JASPEL DR. JAGA PENGGANTI 25-27 APRIL 2023', 'Jasa Tindakan Dokter Jaga', 'A03', 'Biaya Pegawai', 2084530),
('PB-00041', '2023-04-29', 'April', '2023', 'PEMBAYARAN TAGIHAN APT PLANET', 'Pembelian Obat dan BHP', 'B01', 'Biaya Operasional', 4050000),
('PB-00042', '2023-04-29', 'April', '2023', 'PEMBAYARAN TAGIHAN M2F APRIL', 'Pembelian Obat dan BHP', 'B01', 'Biaya Operasional', 2938097),
('PB-00043', '2023-04-29', 'April', '2023', 'PEMBAYARAN TAGIHAN MERAPI APRIL', 'Pembelian Obat dan BHP', 'B01', 'Biaya Operasional', 1019778),
('PB-00044', '2023-04-29', 'April', '2023', 'PEMBAYARAN TAGIHAN MPI APRIL', 'Pembelian Obat dan BHP', 'B01', 'Biaya Operasional', 850100),
('PB-00045', '2023-04-29', 'April', '2023', 'PEMBAYARAN TAGIHAN FNM APRIL', 'Pembelian Reagen Laboratorium', 'B02', 'Biaya Operasional', 600350),
('PB-00046', '2023-04-29', 'April', '2023', 'PEMBAYARAN TAGIHAN PT. SDM', 'Pembelian Obat dan BHP', 'B01', 'Biaya Operasional', 1090800),
('PB-00047', '2023-04-29', 'April', '2023', 'PEMBAYARAN TAGIHAN TRI SAPTA JAYA', 'Pembelian Obat dan BHP', 'B01', 'Biaya Operasional', 2156700),
('PB-00048', '2023-04-30', 'April', '2023', 'UD DR. FERRI 28-30MAPRIL', 'Uang Duduk Dokter Jaga', 'A02', 'Biaya Pegawai', 900000),
('PB-00049', '2023-04-30', 'April', '2023', 'JASPEL DR. FERRI 28-30 APRIL', 'Jasa Tindakan Dokter Jaga', 'A03', 'Biaya Pegawai', 2431320),
('PB-00050', '2023-04-30', 'April', '2023', 'GAJI PEGAWAI APRIL 2023', 'Gaji Pegawai', 'A01', 'Biaya Pegawai', 38675000),
('PB-00051', '2023-04-30', 'April', '2023', 'LEMBUR PEGAWAI APRIL 2023', 'Jasa Lembur Pegawai (Overtime)', 'A14', 'Biaya Pegawai', 2252028),
('PB-00052', '2023-04-30', 'April', '2023', 'JASPEL KELOMPOK APRIL 2023', 'Jasa Tindakan Paramedik Kelompok', 'A04', 'Biaya Pegawai', 5563075),
('PB-00053', '2023-04-30', 'April', '2023', 'JASPEL INDIVIDU APRIL 2023', 'Jasa Tindakan Paramedik Individu', 'A05', 'Biaya Pegawai', 306000),
('PB-00054', '2023-04-30', 'April', '2023', 'GAJI MANAJER PELAYANAN', 'Gaji Manajer', 'A16', 'Biaya Pegawai', 7500000),
('PB-00055', '2023-04-30', 'April', '2023', 'GAJI DIREKTUR APRIL 2023', 'Gaji Direktur', 'A17', 'Biaya Pegawai', 10000000);

-- --------------------------------------------------------

--
-- Struktur dari tabel `tbl_belanja_harian`
--

CREATE TABLE `tbl_belanja_harian` (
  `nomer` varchar(255) NOT NULL,
  `tanggal` date DEFAULT NULL,
  `bulan` varchar(255) DEFAULT NULL,
  `tahun` varchar(255) DEFAULT NULL,
  `uraian` varchar(255) DEFAULT NULL,
  `rekening` varchar(255) DEFAULT NULL,
  `kodrek` varchar(255) DEFAULT NULL,
  `pos` varchar(255) DEFAULT NULL,
  `jumlah` double DEFAULT NULL
) ENGINE=InnoDB DEFAULT CHARSET=utf8 COLLATE=utf8_general_ci;

--
-- Dumping data untuk tabel `tbl_belanja_harian`
--

INSERT INTO `tbl_belanja_harian` (`nomer`, `tanggal`, `bulan`, `tahun`, `uraian`, `rekening`, `kodrek`, `pos`, `jumlah`) VALUES
('PH-00001', '2023-04-01', 'April', '2023', 'SAYUR LAUK BUAH HARIAN', 'Biaya Kebutuhan Dapur', 'B10', 'Biaya Operasional', 250000),
('PH-00002', '2023-04-01', 'April', '2023', 'TABUNG GAS', 'Biaya Kebutuhan Dapur', 'B10', 'Biaya Operasional', 110000),
('PH-00003', '2023-04-01', 'April', '2023', 'SOFT DRINK NON TUNAI', 'Pengeluaran Tak Terduga (BTT)', 'E08', 'Biaya Lain-lain', 22500),
('PH-00004', '2023-04-01', 'April', '2023', 'IURAN KEBERSIHAN SAMPAH', 'Iuran Keamanan dan Kebersihan', 'E06', 'Biaya Lain-lain', 100000),
('PH-00005', '2023-04-01', 'April', '2023', 'ONGKIR LAB', 'COD Reagen Laboratorium', 'B14', 'Biaya Operasional', 30000),
('PH-00006', '2023-04-01', 'April', '2023', 'TAJIL HARIAN', 'Biaya Kebutuhan Dapur', 'B10', 'Biaya Operasional', 100000),
('PH-00007', '2023-04-02', 'April', '2023', 'SAYUR LAUK BUAH HARIAN', 'Biaya Kebutuhan Dapur', 'B10', 'Biaya Operasional', 250000),
('PH-00008', '2023-04-02', 'April', '2023', 'KEKURANGAN GAJI JINOR FEB 2023', 'Pengeluaran Tak Terduga (BTT)', 'E08', 'Biaya Lain-lain', 72000),
('PH-00009', '2023-04-02', 'April', '2023', 'KASBON DR. FERRI', 'Pinjaman Pegawai', 'E01', 'Biaya Lain-lain', 35000),
('PH-00010', '2023-04-02', 'April', '2023', 'PINJAMAN DEVI 4 KALI ANGSURAN', 'Pinjaman Pegawai', 'E01', 'Biaya Lain-lain', 2000000),
('PH-00011', '2023-04-02', 'April', '2023', 'TAJIL HARIAN', 'Biaya Kebutuhan Dapur', 'B10', 'Biaya Operasional', 100000),
('PH-00012', '2023-04-02', 'April', '2023', 'PENGURANGAN NON TUNAI', 'Pengurangan Transaksi Non Tunai', 'E07', 'Biaya Lain-lain', 747210),
('PH-00013', '2023-04-03', 'April', '2023', 'SAYUR LAUK BUAH HARIAN ', 'Biaya Kebutuhan Dapur', 'B10', 'Biaya Operasional', 250000),
('PH-00014', '2023-04-03', 'April', '2023', 'KEBUTUHAN DAPUR BULANAN ', 'Biaya Kebutuhan Dapur', 'B10', 'Biaya Operasional', 870000),
('PH-00015', '2023-04-03', 'April', '2023', 'ALAT KEBERSIHAN BULANAN ', 'Pembelian Alat Rumah Tangga dan Kebersihan', 'B09', 'Biaya Operasional', 580950),
('PH-00016', '2023-04-03', 'April', '2023', 'BENSIN AMBULAN ', 'Pembelian Bensin Ambulance', 'B11', 'Biaya Operasional', 200000),
('PH-00017', '2023-04-03', 'April', '2023', 'OBAT KB SUNTIK DAN BHP', 'COD KB Suntik', 'B15', 'Biaya Operasional', 1236400),
('PH-00018', '2023-04-03', 'April', '2023', 'PEMBELIAN ATK ', 'Pembelian ATK', 'B08', 'Biaya Operasional', 224500),
('PH-00019', '2023-04-03', 'April', '2023', 'PINJAMAN PA DADANG ', 'Pinjaman Pegawai', 'E01', 'Biaya Lain-lain', 222000),
('PH-00020', '2023-04-03', 'April', '2023', 'TAJIL HARIAN ', 'Biaya Kebutuhan Dapur', 'B10', 'Biaya Operasional', 100000),
('PH-00021', '2023-04-03', 'April', '2023', 'DEPO BKBPIA', 'COD KB Suntik', 'B15', 'Biaya Operasional', 100000),
('PH-00022', '2023-04-04', 'April', '2023', 'SAYUR LAUK BUAH HARIAN ', 'Biaya Kebutuhan Dapur', 'B10', 'Biaya Operasional', 250000),
('PH-00023', '2023-04-04', 'April', '2023', 'TAJIL HARIAN ', 'Biaya Kebutuhan Dapur', 'B10', 'Biaya Operasional', 100000),
('PH-00024', '2023-04-05', 'April', '2023', 'SAYUR LAUK BUAH HARIAN ', 'Biaya Kebutuhan Dapur', 'B10', 'Biaya Operasional', 250000),
('PH-00025', '2023-04-05', 'April', '2023', 'PINJAMAN DR NANANG', 'Pinjaman Pegawai', 'E01', 'Biaya Lain-lain', 50000),
('PH-00026', '2023-04-05', 'April', '2023', 'PINJAMAN DR FERRY ', 'Pinjaman Pegawai', 'E01', 'Biaya Lain-lain', 2000000),
('PH-00027', '2023-04-05', 'April', '2023', 'PEMBILIAN AQUA GALON 3 DAN PLASTIK TAJIL', 'Biaya Kebutuhan Dapur', 'B10', 'Biaya Operasional', 59000),
('PH-00028', '2023-04-05', 'April', '2023', 'TAJIL HARIAN ', 'Biaya Kebutuhan Dapur', 'B10', 'Biaya Operasional', 100000),
('PH-00029', '2023-04-05', 'April', '2023', 'DANKES PA AGUS AC ', 'Dana Sosial Santunan Pegawai', 'E04', 'Biaya Lain-lain', 200000),
('PH-00030', '2023-04-06', 'April', '2023', 'SAYUR LAUK  BUAH HARIAN ', 'Biaya Kebutuhan Dapur', 'B10', 'Biaya Operasional', 250000),
('PH-00031', '2023-04-06', 'April', '2023', 'TAJIL HARIAN ', 'Biaya Kebutuhan Dapur', 'B10', 'Biaya Operasional', 100000),
('PH-00032', '2023-04-06', 'April', '2023', 'PINJAMAN BD WINDI ', 'Pinjaman Pegawai', 'E01', 'Biaya Lain-lain', 207000),
('PH-00033', '2023-04-05', 'April', '2023', 'PENGURANGAN NON TUNAI ', 'Pengurangan Transaksi Non Tunai', 'E07', 'Biaya Lain-lain', 190000),
('PH-00035', '2023-04-06', 'April', '2023', 'PENGURANGAN NON TUNAI ', 'Pengurangan Transaksi Non Tunai', 'E07', 'Biaya Lain-lain', 1946082),
('PH-00036', '2023-04-07', 'April', '2023', 'SAYUR LAUK BUAH HARIAN ', 'Biaya Kebutuhan Dapur', 'B10', 'Biaya Operasional', 250000),
('PH-00037', '2023-04-07', 'April', '2023', 'TAJIL HARIAN DAN JUMAT BERKAH', 'Biaya Kebutuhan Dapur', 'B10', 'Biaya Operasional', 200000),
('PH-00038', '2023-04-07', 'April', '2023', 'PINJAMAN DR FERRY ', 'Pinjaman Pegawai', 'E01', 'Biaya Lain-lain', 50000),
('PH-00039', '2023-04-07', 'April', '2023', 'PENGURANGAN NON TUNAI ', 'Pengurangan Transaksi Non Tunai', 'E07', 'Biaya Lain-lain', 100000),
('PH-00040', '2023-04-08', 'April', '2023', 'SAYUR LAUK BUAH HARIAN ', 'Biaya Kebutuhan Dapur', 'B10', 'Biaya Operasional', 250000),
('PH-00041', '2023-04-08', 'April', '2023', 'TAJIL HARIAN ', 'Biaya Kebutuhan Dapur', 'B10', 'Biaya Operasional', 100000),
('PH-00042', '2023-04-08', 'April', '2023', 'PINJAMAN DR FERRY ', 'Pinjaman Pegawai', 'E01', 'Biaya Lain-lain', 350000),
('PH-00043', '2023-04-08', 'April', '2023', 'SUMBANGAN ', 'Pengeluaran Tak Terduga (BTT)', 'E08', 'Biaya Lain-lain', 20000),
('PH-00044', '2023-04-08', 'April', '2023', 'DANKES TN ZAHRUL ', 'Dana Sosial Santunan Pasien', 'E03', 'Biaya Lain-lain', 5000),
('PH-00045', '2023-04-08', 'April', '2023', 'DANKES AN. MADRIA ', 'Dana Sosial Santunan Pasien', 'E03', 'Biaya Lain-lain', 10000),
('PH-00046', '2023-04-08', 'April', '2023', 'FEE KADER MADRIA ', 'Fee Rujukan Paraji dan Kader', 'E02', 'Biaya Lain-lain', 8000),
('PH-00047', '2023-04-09', 'April', '2023', 'SAYUR LAUK BUAH HARIAN ', 'Biaya Kebutuhan Dapur', 'B10', 'Biaya Operasional', 250000),
('PH-00048', '2023-04-09', 'April', '2023', 'TAJIL HARIAN ', 'Biaya Kebutuhan Dapur', 'B10', 'Biaya Operasional', 100000),
('PH-00049', '2023-04-09', 'April', '2023', 'PINJAMAN PA YANTO ', 'Pinjaman Pegawai', 'E01', 'Biaya Lain-lain', 500000),
('PH-00050', '2023-04-09', 'April', '2023', 'KESALAHAN INPUT NON TUNAI JADI TUNAI ', 'Pengeluaran Tak Terduga (BTT)', 'E08', 'Biaya Lain-lain', 240000),
('PH-00051', '2023-04-09', 'April', '2023', 'PENGURANGAN NON TUNAI ', 'Pengurangan Transaksi Non Tunai', 'E07', 'Biaya Lain-lain', 2207500),
('PH-00052', '2023-04-10', 'April', '2023', 'SAYUR LAUK BUAH HARIAN ', 'Biaya Kebutuhan Dapur', 'B10', 'Biaya Operasional', 250000),
('PH-00053', '2023-04-10', 'April', '2023', 'TAJIL HARIAN ', 'Biaya Kebutuhan Dapur', 'B10', 'Biaya Operasional', 100000),
('PH-00054', '2023-04-10', 'April', '2023', 'ALKES CUKURAN RAMBUT ', 'COD Obat dan BHP', 'B13', 'Biaya Operasional', 15000),
('PH-00055', '2023-04-10', 'April', '2023', 'PINJAMAN DR FERRY ', 'Pinjaman Pegawai', 'E01', 'Biaya Lain-lain', 100000),
('PH-00056', '2023-04-11', 'April', '2023', 'PENGURANGAN NON TUNAI ', 'Pengurangan Transaksi Non Tunai', 'E07', 'Biaya Lain-lain', 85000),
('PH-00057', '2023-04-11', 'April', '2023', 'SAYUR LAUK BUAH HARIAN ', 'Biaya Kebutuhan Dapur', 'B10', 'Biaya Operasional', 250000),
('PH-00058', '2023-04-11', 'April', '2023', 'TAJIL HARIAN ', 'Biaya Kebutuhan Dapur', 'B10', 'Biaya Operasional', 100000),
('PH-00059', '2023-04-11', 'April', '2023', 'PINJAMAN DR NANANG ', 'Pinjaman Pegawai', 'E01', 'Biaya Lain-lain', 50000),
('PH-00060', '2023-04-11', 'April', '2023', 'SOFDRING ', 'Pengeluaran Tak Terduga (BTT)', 'E08', 'Biaya Lain-lain', 15000),
('PH-00061', '2023-04-12', 'April', '2023', 'SAYUR LAUK BUAH HARIAN ', 'Biaya Kebutuhan Dapur', 'B10', 'Biaya Operasional', 250000),
('PH-00062', '2023-04-12', 'April', '2023', 'TAJIL HARIAN ', 'Biaya Kebutuhan Dapur', 'B10', 'Biaya Operasional', 100000),
('PH-00063', '2023-04-12', 'April', '2023', 'SOFDRING ', 'Pengeluaran Tak Terduga (BTT)', 'E08', 'Biaya Lain-lain', 20000),
('PH-00064', '2023-04-12', 'April', '2023', 'ONGKIR LAB ', 'COD Reagen Laboratorium', 'B14', 'Biaya Operasional', 127000),
('PH-00065', '2023-04-12', 'April', '2023', 'PENGELUARAN BENSIN AMBULAN ', 'Pembelian Bensin Ambulance', 'B11', 'Biaya Operasional', 100000),
('PH-00066', '2023-04-12', 'April', '2023', 'PINJAMAN DR NANANG', 'Pinjaman Pegawai', 'E01', 'Biaya Lain-lain', 150000),
('PH-00067', '2023-04-12', 'April', '2023', 'PENGURANGAN NON TUNAI ', 'Pengurangan Transaksi Non Tunai', 'E07', 'Biaya Lain-lain', 140000),
('PH-00068', '2023-04-13', 'April', '2023', 'SAYUR LAUK BUAH HARIAN ', 'Biaya Kebutuhan Dapur', 'B10', 'Biaya Operasional', 250000),
('PH-00069', '2023-04-13', 'April', '2023', 'TAJIL HARIAN ', 'Biaya Kebutuhan Dapur', 'B10', 'Biaya Operasional', 100000),
('PH-00070', '2023-04-13', 'April', '2023', 'LIMBAH MEDIS M 23 KG MACHJUDIN JAYA ABADI ', 'Pengeluaran Tak Terduga (BTT)', 'E08', 'Biaya Lain-lain', 550000),
('PH-00071', '2023-04-13', 'April', '2023', 'BANNER ROLL 4P', 'Pengeluaran Tak Terduga (BTT)', 'E08', 'Biaya Lain-lain', 320000),
('PH-00072', '2023-04-14', 'April', '2023', 'SAYUR LAUK BUAH HARIAN ', 'Biaya Kebutuhan Dapur', 'B10', 'Biaya Operasional', 250000),
('PH-00073', '2023-04-14', 'April', '2023', 'TAJIL HARIAN DAN JUMAT BERKAH', 'Biaya Kebutuhan Dapur', 'B10', 'Biaya Operasional', 200000),
('PH-00074', '2023-04-14', 'April', '2023', 'PEMBELIAN GAS ', 'Biaya Kebutuhan Dapur', 'B10', 'Biaya Operasional', 110000),
('PH-00075', '2023-04-14', 'April', '2023', 'PEMBELIAN GALON (4)', 'Biaya Kebutuhan Dapur', 'B10', 'Biaya Operasional', 68000),
('PH-00076', '2023-04-15', 'April', '2023', 'SAYUR LAUK BUAH HARIAN ', 'Biaya Kebutuhan Dapur', 'B10', 'Biaya Operasional', 250000),
('PH-00077', '2023-04-15', 'April', '2023', 'TAJIL HARIAN ', 'Biaya Kebutuhan Dapur', 'B10', 'Biaya Operasional', 100000),
('PH-00078', '2023-04-15', 'April', '2023', 'PINJAMAN DR FERRY ', 'Pinjaman Pegawai', 'E01', 'Biaya Lain-lain', 50000),
('PH-00079', '2023-04-15', 'April', '2023', 'PENGURANGAN NON TUNAI ', 'Pengurangan Transaksi Non Tunai', 'E07', 'Biaya Lain-lain', 2731315),
('PH-00080', '2023-04-14', 'April', '2023', 'PENGURANGAN NON TUNAI ', 'Pengurangan Transaksi Non Tunai', 'E07', 'Biaya Lain-lain', 80000),
('PH-00081', '2023-04-14', 'April', '2023', 'PINJAMAN BD WINDI', 'Pinjaman Pegawai', 'E01', 'Biaya Lain-lain', 1000000),
('PH-00082', '2023-04-16', 'April', '2023', 'SAYUR LAUK BUAH HARIAN ', 'Biaya Kebutuhan Dapur', 'B10', 'Biaya Operasional', 250000),
('PH-00083', '2023-04-16', 'April', '2023', 'TAJIL HARIAN ', 'Biaya Kebutuhan Dapur', 'B10', 'Biaya Operasional', 100000),
('PH-00084', '2023-04-16', 'April', '2023', 'PINJAMAN DR FERRY ', 'Pinjaman Pegawai', 'E01', 'Biaya Lain-lain', 100000),
('PH-00085', '2023-04-17', 'April', '2023', 'SAYUR LAUK BUAH HARIAN ', 'Biaya Kebutuhan Dapur', 'B10', 'Biaya Operasional', 250000),
('PH-00086', '2023-04-17', 'April', '2023', 'TAJIL HARIAN ', 'Biaya Kebutuhan Dapur', 'B10', 'Biaya Operasional', 100000),
('PH-00087', '2023-04-17', 'April', '2023', 'SUMABANGAN ANAK YATIM ', 'Pengeluaran Tak Terduga (BTT)', 'E08', 'Biaya Lain-lain', 50000),
('PH-00088', '2023-04-17', 'April', '2023', 'PINJAMAN DR FERRY ', 'Pinjaman Pegawai', 'E01', 'Biaya Lain-lain', 50000),
('PH-00089', '2023-04-18', 'April', '2023', 'SAYUR LAUK BUAH HARIAN ', 'Biaya Kebutuhan Dapur', 'B10', 'Biaya Operasional', 250000),
('PH-00090', '2023-04-18', 'April', '2023', 'TAJIL HARIAN ', 'Biaya Kebutuhan Dapur', 'B10', 'Biaya Operasional', 100000),
('PH-00091', '2023-04-18', 'April', '2023', 'PINJAMAN DR FERRY ', 'Pinjaman Pegawai', 'E01', 'Biaya Lain-lain', 600000),
('PH-00092', '2023-04-18', 'April', '2023', 'PINJAMAN DR NANANG ', 'Pinjaman Pegawai', 'E01', 'Biaya Lain-lain', 50000),
('PH-00093', '2023-04-18', 'April', '2023', 'PEMBELIAN BENSIN AMBULAN ', 'Pembelian Bensin Ambulance', 'B11', 'Biaya Operasional', 200000),
('PH-00094', '2023-04-19', 'April', '2023', 'PENGELUARAN BUKA BERSAMA ', 'Biaya Kebutuhan Dapur', 'B10', 'Biaya Operasional', 850000),
('PH-00095', '2023-04-19', 'April', '2023', 'CENDRAMATA HALITA ', 'Pengeluaran Tak Terduga (BTT)', 'E08', 'Biaya Lain-lain', 200000),
('PH-00096', '2023-04-19', 'April', '2023', 'PEMBELIAN SOFDING NON TUNAI ', 'Pengeluaran Tak Terduga (BTT)', 'E08', 'Biaya Lain-lain', 5000),
('PH-00097', '2023-04-19', 'April', '2023', 'DUS LEBARAN UNTUK CENDRA MATA DAN GANTUNGAN HARI RAYA ', 'Pengeluaran Tak Terduga (BTT)', 'E08', 'Biaya Lain-lain', 90000),
('PH-00098', '2023-04-19', 'April', '2023', 'PEMBELIAN SENDOK 1 LUSIN  ', 'Pembelian Alat Rumah Tangga dan Kebersihan', 'B09', 'Biaya Operasional', 30000),
('PH-00099', '2023-04-19', 'April', '2023', 'PENGURANGAN NON TUNAI ', 'Pengurangan Transaksi Non Tunai', 'E07', 'Biaya Lain-lain', 265000),
('PH-00100', '2023-04-16', 'April', '2023', 'PENGELUARAN JAGA BIDAN HARI RAYA ', 'Pengeluaran Tak Terduga (BTT)', 'E08', 'Biaya Lain-lain', 2925000),
('PH-00101', '2023-04-16', 'April', '2023', 'PENGELUARAN JAGA SATPAM HARI RAYA ', 'Pengeluaran Tak Terduga (BTT)', 'E08', 'Biaya Lain-lain', 950000),
('PH-00102', '2023-04-20', 'April', '2023', 'SAYUR LAUK BUAH HARIAN ', 'Biaya Kebutuhan Dapur', 'B10', 'Biaya Operasional', 250000),
('PH-00103', '2023-04-20', 'April', '2023', 'TAJIL HARIAN ', 'Biaya Kebutuhan Dapur', 'B10', 'Biaya Operasional', 100000),
('PH-00104', '2023-04-20', 'April', '2023', 'PEMBELIAN BENSIN AMBULAN ', 'Pembelian Bensin Ambulance', 'B11', 'Biaya Operasional', 100000),
('PH-00105', '2023-04-20', 'April', '2023', 'PEMBELIAN GALON ', 'Biaya Kebutuhan Dapur', 'B10', 'Biaya Operasional', 100000),
('PH-00106', '2023-04-20', 'April', '2023', 'SEPANDUK ', 'Pengeluaran Tak Terduga (BTT)', 'E08', 'Biaya Lain-lain', 108000),
('PH-00107', '2023-04-20', 'April', '2023', 'DANA KESEHATAN SITI ASRIANI ', 'Dana Sosial Santunan Pasien', 'E03', 'Biaya Lain-lain', 6000),
('PH-00108', '2023-04-20', 'April', '2023', 'PENGURANGAN NON TUNAI ', 'Pengurangan Transaksi Non Tunai', 'E07', 'Biaya Lain-lain', 250000),
('PH-00109', '2023-04-21', 'April', '2023', 'SAYUR LAUK BUAH HARIAN ', 'Biaya Kebutuhan Dapur', 'B10', 'Biaya Operasional', 250000),
('PH-00110', '2023-04-21', 'April', '2023', 'PENGURANGAN NON TUNAI ', 'Pengurangan Transaksi Non Tunai', 'E07', 'Biaya Lain-lain', 708370),
('PH-00111', '2023-04-22', 'April', '2023', 'SAYUR LAUK BUAH HARIAN ', 'Biaya Kebutuhan Dapur', 'B10', 'Biaya Operasional', 200000),
('PH-00112', '2023-04-22', 'April', '2023', 'PENGURANGAN NON TUNAI ', 'Pengurangan Transaksi Non Tunai', 'E07', 'Biaya Lain-lain', 758440),
('PH-00113', '2023-04-23', 'April', '2023', 'SAYUR LAUK BUAH HARIAN ', 'Biaya Kebutuhan Dapur', 'B10', 'Biaya Operasional', 250000),
('PH-00114', '2023-04-23', 'April', '2023', 'PINJAMAN DR FERRY ', 'Pinjaman Pegawai', 'E01', 'Biaya Lain-lain', 1100000),
('PH-00115', '2023-04-23', 'April', '2023', 'FEE RUJUKAN PARAJI PASIEN RATNA ', 'Fee Rujukan Paraji dan Kader', 'E02', 'Biaya Lain-lain', 75000),
('PH-00116', '2023-04-23', 'April', '2023', 'BELI KOPI ', 'Biaya Kebutuhan Dapur', 'B10', 'Biaya Operasional', 50000),
('PH-00117', '2023-04-23', 'April', '2023', 'SOFDRING NON TUNAI ', 'Pengeluaran Tak Terduga (BTT)', 'E08', 'Biaya Lain-lain', 5000),
('PH-00118', '2023-04-23', 'April', '2023', 'PENGURANGAN NON TUNAI ', 'Pengurangan Transaksi Non Tunai', 'E07', 'Biaya Lain-lain', 1588550),
('PH-00119', '2023-04-24', 'April', '2023', 'SAYUR LAUK BUAH HARIAN ', 'Biaya Kebutuhan Dapur', 'B10', 'Biaya Operasional', 250000),
('PH-00120', '2023-04-25', 'April', '2023', 'SAYUR LAUK BUAH HARIAN ', 'Biaya Kebutuhan Dapur', 'B10', 'Biaya Operasional', 250000),
('PH-00121', '2023-04-26', 'April', '2023', 'SAYUR LAUK BUAH HARIAN ', 'Biaya Kebutuhan Dapur', 'B10', 'Biaya Operasional', 250000),
('PH-00122', '2023-04-26', 'April', '2023', 'DONASI PASIEN WATIAH', 'Dana Sosial Santunan Pasien', 'E03', 'Biaya Lain-lain', 15000),
('PH-00123', '2023-04-26', 'April', '2023', 'PENGURANGAN NON TUNAI ', 'Pengurangan Transaksi Non Tunai', 'E07', 'Biaya Lain-lain', 92000),
('PH-00124', '2023-04-27', 'April', '2023', 'PENGURANGAN NON TUNAI ', 'Pengurangan Transaksi Non Tunai', 'E07', 'Biaya Lain-lain', 1278640),
('PH-00125', '2023-04-27', 'April', '2023', 'SAYUR LAUK BUAH HARIAN ', 'Biaya Kebutuhan Dapur', 'B10', 'Biaya Operasional', 250000),
('PH-00126', '2023-04-27', 'April', '2023', 'JASA HOME CARE 2 PASIEN RATNA DAN RISNA', 'Pengeluaran Tak Terduga (BTT)', 'E08', 'Biaya Lain-lain', 20000),
('PH-00127', '2023-04-28', 'April', '2023', 'SAYUR LAUK BUAH HARIAN ', 'Biaya Kebutuhan Dapur', 'B10', 'Biaya Operasional', 250000),
('PH-00128', '2023-04-28', 'April', '2023', 'PEMBELIAN GALON DAN TABUNG GAS ', 'Biaya Kebutuhan Dapur', 'B10', 'Biaya Operasional', 178000),
('PH-00129', '2023-04-28', 'April', '2023', 'PINJAMAN DR FERRY ', 'Pinjaman Pegawai', 'E01', 'Biaya Lain-lain', 50000),
('PH-00130', '2023-04-29', 'April', '2023', 'SAYUR LAUK BUAH HARIAN ', 'Biaya Kebutuhan Dapur', 'B10', 'Biaya Operasional', 250000),
('PH-00131', '2023-04-29', 'April', '2023', 'PINJAMAN DR FERRY ', 'Pinjaman Pegawai', 'E01', 'Biaya Lain-lain', 250000),
('PH-00132', '2023-04-29', 'April', '2023', 'PENGURANGAN NON TUNAI ', 'Pengurangan Transaksi Non Tunai', 'E07', 'Biaya Lain-lain', 180000),
('PH-00133', '2023-04-30', 'Mei', '2023', 'SAYUR BUAH LAUK HARIAN ', 'Biaya Kebutuhan Dapur', 'B10', 'Biaya Operasional', 250000),
('PH-00134', '2023-04-30', 'Mei', '2023', 'PEMBELIAN LAMPU ', 'Pengeluaran Tak Terduga (BTT)', 'E08', 'Biaya Lain-lain', 100000),
('PH-00135', '2023-04-30', 'Mei', '2023', 'PENGELUARAN NON TUNAI ', 'Pengurangan Transaksi Non Tunai', 'E07', 'Biaya Lain-lain', 576050),
('PH-00136', '2023-04-30', 'Mei', '2023', 'PENGELUARAN GAJIH BI YANI SAMA UANG PESANGON ', 'Pengeluaran Tak Terduga (BTT)', 'E08', 'Biaya Lain-lain', 2000000);

-- --------------------------------------------------------

--
-- Struktur dari tabel `tbl_kodrekbelanja`
--

CREATE TABLE `tbl_kodrekbelanja` (
  `kodrek` varchar(255) NOT NULL,
  `pos` varchar(255) DEFAULT NULL,
  `rekening` varchar(255) DEFAULT NULL,
  `satuan` varchar(255) DEFAULT NULL
) ENGINE=InnoDB DEFAULT CHARSET=utf8 COLLATE=utf8_general_ci;

--
-- Dumping data untuk tabel `tbl_kodrekbelanja`
--

INSERT INTO `tbl_kodrekbelanja` (`kodrek`, `pos`, `rekening`, `satuan`) VALUES
('A01', 'Biaya Pegawai', 'Gaji Pegawai', 'Bulan'),
('A02', 'Biaya Pegawai', 'Uang Duduk Dokter Jaga', 'Bulan'),
('A03', 'Biaya Pegawai', 'Jasa Tindakan Dokter Jaga', 'Bulan'),
('A04', 'Biaya Pegawai', 'Jasa Tindakan Paramedik Kelompok', 'Bulan'),
('A05', 'Biaya Pegawai', 'Jasa Tindakan Paramedik Individu', 'Bulan'),
('A06', 'Biaya Pegawai', 'Jasa Tindakan Vaksin Dokter', 'Bulan'),
('A07', 'Biaya Pegawai', 'Jasa Tindakan Vaksin Paramedik', 'Bulan'),
('A08', 'Biaya Pegawai', 'Jasa Driver Ambulance', 'Bulan'),
('A09', 'Biaya Pegawai', 'Jasa Petugas Visite Homecare', 'Bulan'),
('A10', 'Biaya Pegawai', 'Honorarium Dokter Pemegang SIP', 'Bulan'),
('A11', 'Biaya Pegawai', 'Honorarium SIP Tenaga Kesehatan', 'Bulan'),
('A12', 'Biaya Pegawai', 'Pembayaran Iuran BPJS Kesehatan', 'Bulan'),
('A13', 'Biaya Pegawai', 'Pembayaran Iuran BP Jamsostek', 'Bulan'),
('A14', 'Biaya Pegawai', 'Jasa Lembur Pegawai (Overtime)', 'Bulan'),
('A15', 'Biaya Pegawai', 'Jasa Petugas Parkir dan Jaga Malam', 'Bulan'),
('A16', 'Biaya Pegawai', 'Gaji Manajer', 'Bulan'),
('A17', 'Biaya Pegawai', 'Gaji Direktur', 'Bulan'),
('A18', 'Biaya Pegawai', 'THR Pegawai', 'Bulan'),
('B01', 'Biaya Operasional', 'Pembelian Obat dan BHP', 'Bulan'),
('B02', 'Biaya Operasional', 'Pembelian Reagen Laboratorium', 'Bulan'),
('B03', 'Biaya Operasional', 'Pembelian Vaksin', 'Bulan'),
('B04', 'Biaya Operasional', 'Biaya Buku ICV', 'Bulan'),
('B05', 'Biaya Operasional', 'Biaya Tagihan Listrik dan Token Prabayar', 'Bulan'),
('B06', 'Biaya Operasional', 'Biaya Tagihan Telephon dan Internet', 'Bulan'),
('B07', 'Biaya Operasional', 'Biaya Kegiatan Marketing', 'Bulan'),
('B08', 'Biaya Operasional', 'Pembelian ATK', 'Hari'),
('B09', 'Biaya Operasional', 'Pembelian Alat Rumah Tangga dan Kebersihan', 'Hari'),
('B10', 'Biaya Operasional', 'Biaya Kebutuhan Dapur', 'Hari'),
('B11', 'Biaya Operasional', 'Pembelian Bensin Ambulance', 'Hari'),
('B12', 'Biaya Operasional', 'Pembelian Bensin Genset', 'Hari'),
('B13', 'Biaya Operasional', 'COD Obat dan BHP', 'Hari'),
('B14', 'Biaya Operasional', 'COD Reagen Laboratorium', 'Hari'),
('B15', 'Biaya Operasional', 'COD KB Suntik', 'Hari'),
('C01', 'Biaya Modal', 'Pembelian Alat Kesehatan', 'Bulan'),
('C02', 'Biaya Modal', 'Pembelian Linen', 'Bulan'),
('C03', 'Biaya Modal', 'Pembelian Alat Perkantoran dan Mebeulair', 'Bulan'),
('C04', 'Biaya Modal', 'Pembelian Alat Elektronik dan Mesin', 'Bulan'),
('C05', 'Biaya Modal', 'Pembayaran Angsuran Pinjaman Bank', 'Bulan'),
('D01', 'Biaya Pemeliharaan', 'Biaya Pemeliharaan Bangunan', 'Bulan'),
('D02', 'Biaya Pemeliharaan', 'Biaya Pemeliharaan Alat Kesehatan', 'Bulan'),
('D03', 'Biaya Pemeliharaan', 'Biaya Pemeliharaan Alat Perkantoran dan Mebeulair', 'Bulan'),
('D04', 'Biaya Pemeliharaan', 'Biaya Pemeliharaan Alat Rumah Tangga', 'Bulan'),
('D05', 'Biaya Pemeliharaan', 'Biaya Pemeliharaan Alat Elektronik dan Mesin', 'Bulan'),
('D06', 'Biaya Pemeliharaan', 'Biaya Pemeliharaan Kendaraan', 'Bulan'),
('D07', 'Biaya Pemeliharaan', 'Pembayaran Pajak Kendaraan', 'Tahun'),
('E01', 'Biaya Lain-lain', 'Pinjaman Pegawai', 'Hari'),
('E02', 'Biaya Lain-lain', 'Fee Rujukan Paraji dan Kader', 'Hari'),
('E03', 'Biaya Lain-lain', 'Dana Sosial Santunan Pasien', 'Hari'),
('E04', 'Biaya Lain-lain', 'Dana Sosial Santunan Pegawai', 'Hari'),
('E05', 'Biaya Lain-lain', 'Sumbangan Kegiatan Posyandu dan UKS', 'Hari'),
('E06', 'Biaya Lain-lain', 'Iuran Keamanan dan Kebersihan', 'Hari'),
('E07', 'Biaya Lain-lain', 'Pengurangan Transaksi Non Tunai', 'Hari'),
('E08', 'Biaya Lain-lain', 'Pengeluaran Tak Terduga (BTT)', 'Hari');

-- --------------------------------------------------------

--
-- Struktur dari tabel `tbl_kodrekincome`
--

CREATE TABLE `tbl_kodrekincome` (
  `kodrek` varchar(255) NOT NULL,
  `pos` varchar(255) DEFAULT NULL,
  `rekening` varchar(255) DEFAULT NULL,
  `satuan` varchar(255) DEFAULT NULL
) ENGINE=InnoDB DEFAULT CHARSET=utf8 COLLATE=utf8_general_ci;

--
-- Dumping data untuk tabel `tbl_kodrekincome`
--

INSERT INTO `tbl_kodrekincome` (`kodrek`, `pos`, `rekening`, `satuan`) VALUES
('A21', 'Pendapatan Operasional', 'Pelayanan Pasien Umum', 'Hari'),
('A22', 'Pendapatan Operasional', 'Pembayaran Kapitasi BPJSK', 'Bulan'),
('A23', 'Pendapatan Operasional', 'Pembayaran Klaim Persalinan BPJSK', 'Bulan'),
('A24', 'Pendapatan Operasional', 'Pendapatan Pelayanan Ambulance', 'Minggu'),
('A25', 'Pendapatan Operasional', 'Pelayanan Vaksin dan MCU', 'Minggu'),
('A31', 'Pendapatan Kerjasama', 'Pendapatan Kerjasama Pelayanan Rutin', 'Minggu'),
('A32', 'Pendapatan Kerjasama', 'Pendapatan Kerjasama Pelayanan Tidak Rutin', 'Minggu'),
('A41', 'Pendapatan Lain-lain', 'Pengembalian Pinjaman Pegawai', 'Bulan'),
('A42', 'Pendapatan Lain-lain', 'Fee Rujukan Dari Rumah Sakit', 'Minggu'),
('A43', 'Pendapatan Lain-lain', 'Pendapatan Dari Sumber Lain', 'Minggu'),
('A44', 'Pendapatan Lain-lain', 'Potongan Iuran BPJS', 'Bulan'),
('A45', 'Pendapatan Lain-lain', 'Potongan Iuran BP Jamsostek', 'Bulan'),
('A46', 'Pendapatan Lain-lain', 'Potongan Pemakaian Obat', 'Bulan');

-- --------------------------------------------------------

--
-- Struktur dari tabel `tbl_pendapatan_bulanan`
--

CREATE TABLE `tbl_pendapatan_bulanan` (
  `nomer` varchar(255) NOT NULL,
  `tanggal` date DEFAULT NULL,
  `bulan` varchar(255) DEFAULT NULL,
  `tahun` varchar(255) DEFAULT NULL,
  `uraian` varchar(255) DEFAULT NULL,
  `rekening` varchar(255) DEFAULT NULL,
  `kodrek` varchar(255) DEFAULT NULL,
  `pos` varchar(255) DEFAULT NULL,
  `jumlah` double DEFAULT NULL
) ENGINE=InnoDB DEFAULT CHARSET=utf8 COLLATE=utf8_general_ci;

--
-- Dumping data untuk tabel `tbl_pendapatan_bulanan`
--

INSERT INTO `tbl_pendapatan_bulanan` (`nomer`, `tanggal`, `bulan`, `tahun`, `uraian`, `rekening`, `kodrek`, `pos`, `jumlah`) VALUES
('IB-00001', '2023-04-02', 'April', '2023', 'POTONGAN KASBON DR. FERRI', 'Pengembalian Pinjaman Pegawai', 'A41', 'Pendapatan Lain-lain', 235000),
('IB-00002', '2023-04-08', 'April', '2023', 'POTONGAN KASBON DR. NANANG', 'Pengembalian Pinjaman Pegawai', 'A41', 'Pendapatan Lain-lain', 50000),
('IB-00003', '2023-04-09', 'April', '2023', 'POTONGAN KASBON DR. FERRI ', 'Pengembalian Pinjaman Pegawai', 'A41', 'Pendapatan Lain-lain', 1500000),
('IB-00004', '2023-04-13', 'April', '2023', 'POTONGAN KASBON DR. NANANG 13 APRIL', 'Pengembalian Pinjaman Pegawai', 'A41', 'Pendapatan Lain-lain', 200000),
('IB-00005', '2023-04-17', 'April', '2023', 'POTONGAN KASBON DR. FERRI 17 APRIL', 'Pengembalian Pinjaman Pegawai', 'A41', 'Pendapatan Lain-lain', 200000),
('IB-00006', '2023-04-18', 'April', '2023', 'PEMBAYARAN KAPITASI BPJS APRIL 2023', 'Pembayaran Kapitasi BPJSK', 'A22', 'Pendapatan Operasional', 91670169),
('IB-00007', '2023-04-21', 'April', '2023', 'POTONGAN KASBON DR. NANANG 20 APRIL 2023', 'Pengembalian Pinjaman Pegawai', 'A41', 'Pendapatan Lain-lain', 50000),
('IB-00008', '2023-04-24', 'April', '2023', 'POTONGAN KASBON DR. FERRI 23 APRIL 2023', 'Pengembalian Pinjaman Pegawai', 'A41', 'Pendapatan Lain-lain', 1700000),
('IB-00009', '2023-04-30', 'April', '2023', 'POTONGAN KASBON DR. FERRI 30 APRIL', 'Pengembalian Pinjaman Pegawai', 'A41', 'Pendapatan Lain-lain', 300000),
('IB-00010', '2023-04-30', 'April', '2023', 'POTONGAN PINJAMAN DARI GAJI', 'Pengembalian Pinjaman Pegawai', 'A41', 'Pendapatan Lain-lain', 2679000),
('IB-00011', '2023-04-30', 'April', '2023', 'POTONGAN GAJI IURAN BPJS APRIL 2023', 'Potongan Iuran BPJS', 'A44', 'Pendapatan Lain-lain', 166944),
('IB-00012', '2023-04-30', 'April', '2023', 'POTONGAN GAJI IURAN BP JAMSOSTEK APRIL 2023', 'Potongan Iuran BP Jamsostek', 'A45', 'Pendapatan Lain-lain', 381000),
('IB-00013', '2023-04-30', 'April', '2023', 'POTONGAN PEMAKAIAN OBAT APRIL 2023', 'Potongan Pemakaian Obat', 'A46', 'Pendapatan Lain-lain', 0);

-- --------------------------------------------------------

--
-- Struktur dari tabel `tbl_pendapatan_harian`
--

CREATE TABLE `tbl_pendapatan_harian` (
  `nomer` varchar(255) NOT NULL,
  `tanggal` date DEFAULT NULL,
  `bulan` varchar(255) DEFAULT NULL,
  `tahun` varchar(255) DEFAULT NULL,
  `uraian` varchar(255) DEFAULT NULL,
  `rekening` varchar(255) DEFAULT NULL,
  `kodrek` varchar(255) DEFAULT NULL,
  `pos` varchar(255) DEFAULT NULL,
  `jumlah` double DEFAULT NULL
) ENGINE=InnoDB DEFAULT CHARSET=utf8 COLLATE=utf8_general_ci;

--
-- Dumping data untuk tabel `tbl_pendapatan_harian`
--

INSERT INTO `tbl_pendapatan_harian` (`nomer`, `tanggal`, `bulan`, `tahun`, `uraian`, `rekening`, `kodrek`, `pos`, `jumlah`) VALUES
('IH-00001', '2023-04-01', 'April', '2023', 'Pendapatan Tanggal 01/04/2023', 'Pelayanan Pasien Umum', 'A21', 'Pendapatan Operasional', 5571000),
('IH-00002', '2023-04-02', 'April', '2023', 'Pendapatan Tanggal 02/04/2023', 'Pelayanan Pasien Umum', 'A21', 'Pendapatan Operasional', 3682710),
('IH-00003', '2023-04-03', 'April', '2023', 'Pendapatan Tanggal 03/04/2023', 'Pelayanan Pasien Umum', 'A21', 'Pendapatan Operasional', 6872560),
('IH-00004', '2023-04-04', 'April', '2023', 'Pendapatan Tanggal 04/04/2023', 'Pelayanan Pasien Umum', 'A21', 'Pendapatan Operasional', 3407000),
('IH-00005', '2023-04-05', 'April', '2023', 'Pendapatan Tanggal 05/04/2023', 'Pelayanan Pasien Umum', 'A21', 'Pendapatan Operasional', 4732000),
('IH-00006', '2023-04-06', 'April', '2023', 'Pendapatan Tanggal 06/04/2023', 'Pelayanan Pasien Umum', 'A21', 'Pendapatan Operasional', 3476082),
('IH-00007', '2023-04-07', 'April', '2023', 'Pendapatan Tanggal 07/04/2023', 'Pelayanan Pasien Umum', 'A21', 'Pendapatan Operasional', 3215000),
('IH-00008', '2023-04-08', 'April', '2023', 'Pendapatan Tanggal 08-04-2023', 'Pelayanan Pasien Umum', 'A21', 'Pendapatan Operasional', 2356000),
('IH-00009', '2023-04-09', 'April', '2023', 'Pendapatan Tanggal 09-04-2023', 'Pelayanan Pasien Umum', 'A21', 'Pendapatan Operasional', 5997500),
('IH-00010', '2023-04-10', 'April', '2023', 'Pendapatan Tanggal 10-04-2023', 'Pelayanan Pasien Umum', 'A21', 'Pendapatan Operasional', 2920500),
('IH-00011', '2023-04-11', 'April', '2023', 'Pendapatan Tanggal 11-04-2023', 'Pelayanan Pasien Umum', 'A21', 'Pendapatan Operasional', 2272000),
('IH-00012', '2023-04-12', 'April', '2023', 'Pendapatan Tanggal 12-04-2023', 'Pelayanan Pasien Umum', 'A21', 'Pendapatan Operasional', 2560000),
('IH-00013', '2023-04-13', 'April', '2023', 'Pendapatan Tanggal 13-04-2023', 'Pelayanan Pasien Umum', 'A21', 'Pendapatan Operasional', 3496000),
('IH-00014', '2023-04-14', 'April', '2023', 'Pendapatan Tanggal 14-04-2023', 'Pelayanan Pasien Umum', 'A21', 'Pendapatan Operasional', 4420000),
('IH-00015', '2023-04-15', 'April', '2023', 'Pendapatan Tanggal 15-04-2023', 'Pelayanan Pasien Umum', 'A21', 'Pendapatan Operasional', 5261315),
('IH-00016', '2023-04-16', 'April', '2023', 'Pendapatan Tanggal 16-04-2023', 'Pelayanan Pasien Umum', 'A21', 'Pendapatan Operasional', 5604000),
('IH-00017', '2023-04-17', 'April', '2023', 'Pendapatan Tanggal 17-04-2023', 'Pelayanan Pasien Umum', 'A21', 'Pendapatan Operasional', 4397000),
('IH-00018', '2023-04-18', 'April', '2023', 'Pendapatan Tanggal 18-04-2023', 'Pelayanan Pasien Umum', 'A21', 'Pendapatan Operasional', 4462000),
('IH-00019', '2023-04-19', 'April', '2023', 'Pendapatan Tanggal 19-04-2023', 'Pelayanan Pasien Umum', 'A21', 'Pendapatan Operasional', 5064000),
('IH-00020', '2023-04-20', 'April', '2023', 'Pendapatan Tanggal 20-04-2023', 'Pelayanan Pasien Umum', 'A21', 'Pendapatan Operasional', 5455000),
('IH-00021', '2023-04-21', 'April', '2023', 'Pendapatan Tanggal 21-04-2023', 'Pelayanan Pasien Umum', 'A21', 'Pendapatan Operasional', 2253370),
('IH-00022', '2023-04-22', 'April', '2023', 'Pendapatan Tanggal 22-04-2023', 'Pelayanan Pasien Umum', 'A21', 'Pendapatan Operasional', 5705440),
('IH-00023', '2023-04-23', 'April', '2023', 'Pendapatan Tanggal 23-04-2023', 'Pelayanan Pasien Umum', 'A21', 'Pendapatan Operasional', 7560550),
('IH-00024', '2023-04-24', 'April', '2023', 'Pendapatan Tanggal 24-04-2023', 'Pelayanan Pasien Umum', 'A21', 'Pendapatan Operasional', 4252000),
('IH-00025', '2023-04-25', 'April', '2023', 'Pendapatan Tanggal 25-04-2023', 'Pelayanan Pasien Umum', 'A21', 'Pendapatan Operasional', 6113000),
('IH-00026', '2023-04-26', 'April', '2023', 'Pendapatan Tanggal 26-04-2023', 'Pelayanan Pasien Umum', 'A21', 'Pendapatan Operasional', 4724000),
('IH-00027', '2023-04-27', 'April', '2023', 'Pendapatan Tanggal 27-04-2023', 'Pelayanan Pasien Umum', 'A21', 'Pendapatan Operasional', 4192640),
('IH-00028', '2023-04-28', 'April', '2023', 'Pendapatan Tanggal 28-04-2023', 'Pelayanan Pasien Umum', 'A21', 'Pendapatan Operasional', 3018000),
('IH-00029', '2023-04-29', 'April', '2023', 'Pendapatan Tanggal 29-04-2023', 'Pelayanan Pasien Umum', 'A21', 'Pendapatan Operasional', 6435000),
('IH-00030', '2023-04-30', 'Mei', '2023', 'Pendapatan Tanggal 30-04-2023', 'Pelayanan Pasien Umum', 'A21', 'Pendapatan Operasional', 3748050);

-- --------------------------------------------------------

--
-- Struktur dari tabel `tbl_pendapatan_lain`
--

CREATE TABLE `tbl_pendapatan_lain` (
  `nomer` varchar(255) NOT NULL,
  `tanggal` date DEFAULT NULL,
  `bulan` varchar(255) DEFAULT NULL,
  `tahun` varchar(255) DEFAULT NULL,
  `uraian` varchar(255) DEFAULT NULL,
  `rekening` varchar(255) DEFAULT NULL,
  `kodrek` varchar(255) DEFAULT NULL,
  `pos` varchar(255) DEFAULT NULL,
  `jumlah` double DEFAULT NULL
) ENGINE=InnoDB DEFAULT CHARSET=utf8 COLLATE=utf8_general_ci;

--
-- Dumping data untuk tabel `tbl_pendapatan_lain`
--

INSERT INTO `tbl_pendapatan_lain` (`nomer`, `tanggal`, `bulan`, `tahun`, `uraian`, `rekening`, `kodrek`, `pos`, `jumlah`) VALUES
('IL-00001', '2023-04-07', 'April', '2023', 'RS BHAKTI HUSADA ', 'Fee Rujukan Dari Rumah Sakit', 'A42', 'Pendapatan Lain-lain', 100000),
('IL-00002', '2023-04-07', 'April', '2023', 'RS RAMA HADI ', 'Fee Rujukan Dari Rumah Sakit', 'A42', 'Pendapatan Lain-lain', 350000),
('IL-00003', '2023-04-07', 'April', '2023', 'RS RADJAK HOSPITAL ', 'Fee Rujukan Dari Rumah Sakit', 'A42', 'Pendapatan Lain-lain', 235000);

-- --------------------------------------------------------

--
-- Struktur dari tabel `tbl_profit`
--

CREATE TABLE `tbl_profit` (
  `profitowner` varchar(255) DEFAULT NULL,
  `profitpengelola` varchar(255) DEFAULT NULL
) ENGINE=InnoDB DEFAULT CHARSET=utf8 COLLATE=utf8_general_ci;

-- --------------------------------------------------------

--
-- Struktur dari tabel `tbl_rab_belanja`
--

CREATE TABLE `tbl_rab_belanja` (
  `nomer` varchar(255) NOT NULL,
  `tanggal` date DEFAULT NULL,
  `bulan` varchar(255) DEFAULT NULL,
  `tahun` varchar(255) DEFAULT NULL,
  `rekening` varchar(255) DEFAULT NULL,
  `kodrek` varchar(255) DEFAULT NULL,
  `pos` varchar(255) DEFAULT NULL,
  `jumlah` varchar(255) DEFAULT NULL
) ENGINE=InnoDB DEFAULT CHARSET=utf8 COLLATE=utf8_general_ci;

--
-- Dumping data untuk tabel `tbl_rab_belanja`
--

INSERT INTO `tbl_rab_belanja` (`nomer`, `tanggal`, `bulan`, `tahun`, `rekening`, `kodrek`, `pos`, `jumlah`) VALUES
('RK-00001', '2023-03-15', 'Maret', '2023', 'Gaji Pegawai', 'A01', 'Biaya Pegawai', '45000000'),
('RK-00002', '2023-03-15', 'Maret', '2023', 'Uang Duduk Dokter Jaga', 'A02', 'Biaya Pegawai', '9300000'),
('RK-00003', '2023-03-15', 'Maret', '2023', 'Jasa Tindakan Dokter Jaga', 'A03', 'Biaya Pegawai', '20000000'),
('RK-00004', '2023-03-15', 'Maret', '2023', 'Jasa Tindakan Paramedik Kelompok', 'A04', 'Biaya Pegawai', '8000000'),
('RK-00005', '2023-03-15', 'Maret', '2023', 'Jasa Tindakan Paramedik Individu', 'A05', 'Biaya Pegawai', '1000000'),
('RK-00006', '2023-03-15', 'Maret', '2023', 'Jasa Tindakan Vaksin Dokter', 'A06', 'Biaya Pegawai', '500000'),
('RK-00007', '2023-03-15', 'Maret', '2023', 'Jasa Tindakan Vaksin Paramedik', 'A07', 'Biaya Pegawai', '250000'),
('RK-00008', '2023-03-15', 'Maret', '2023', 'Honorarium Dokter Pemegang SIP', 'A10', 'Biaya Pegawai', '3000000'),
('RK-00009', '2023-03-15', 'Maret', '2023', 'Honorarium SIP Tenaga Kesehatan', 'A11', 'Biaya Pegawai', '1750000'),
('RK-00010', '2023-03-15', 'Maret', '2023', 'Pembayaran Iuran BPJS Kesehatan', 'A12', 'Biaya Pegawai', '1500000'),
('RK-00011', '2023-03-15', 'Maret', '2023', 'Pembayaran Iuran BP Jamsostek', 'A13', 'Biaya Pegawai', '1200000'),
('RK-00012', '2023-03-15', 'Maret', '2023', 'Jasa Lembur Pegawai (Overtime)', 'A14', 'Biaya Pegawai', '2000000'),
('RK-00013', '2023-03-15', 'Maret', '2023', 'Jasa Petugas Parkir dan Jaga Malam', 'A15', 'Biaya Pegawai', '800000'),
('RK-00014', '2023-03-15', 'Maret', '2023', 'Pembelian Obat dan BHP', 'B01', 'Biaya Operasional', '35000000'),
('RK-00015', '2023-03-15', 'Maret', '2023', 'Pembelian Reagen Laboratorium', 'B02', 'Biaya Operasional', '1500000'),
('RK-00016', '2023-03-15', 'Maret', '2023', 'Biaya Tagihan Listrik dan Token Prabayar', 'B05', 'Biaya Operasional', '4500000'),
('RK-00017', '2023-03-15', 'Maret', '2023', 'Biaya Tagihan Telephon dan Internet', 'B06', 'Biaya Operasional', '980000'),
('RK-00018', '2023-03-15', 'Maret', '2023', 'Biaya Kegiatan Marketing', 'B07', 'Biaya Operasional', '3500000'),
('RK-00019', '2023-03-15', 'Maret', '2023', 'Pembelian ATK', 'B08', 'Biaya Operasional', '750000'),
('RK-00020', '2023-03-15', 'Maret', '2023', 'Pembelian Alat Rumah Tangga dan Kebersihan', 'B09', 'Biaya Operasional', '2500000'),
('RK-00021', '2023-03-15', 'Maret', '2023', 'Biaya Kebutuhan Dapur', 'B10', 'Biaya Operasional', '3500000'),
('RK-00022', '2023-03-15', 'Maret', '2023', 'Pembelian Bensin Ambulance', 'B11', 'Biaya Operasional', '1000000'),
('RK-00023', '2023-03-15', 'Maret', '2023', 'Pembelian Bensin Genset', 'B12', 'Biaya Operasional', '500000'),
('RK-00024', '2023-03-15', 'Maret', '2023', 'Pembelian Alat Perkantoran dan Mebeulair', 'C03', 'Biaya Modal', '150000'),
('RK-00025', '2023-03-15', 'Maret', '2023', 'Pembelian Alat Elektronik dan Mesin', 'C04', 'Biaya Modal', '150000'),
('RK-00026', '2023-03-15', 'Maret', '2023', 'Pembayaran Angsuran Pinjaman Bank', 'C05', 'Biaya Modal', '47000000'),
('RK-00027', '2023-03-15', 'Maret', '2023', 'Fee Rujukan Paraji dan Kader', 'E02', 'Biaya Lain-lain', '150000'),
('RK-00028', '2023-03-15', 'Maret', '2023', 'Dana Sosial Santunan Pasien', 'E03', 'Biaya Lain-lain', '100000'),
('RK-00029', '2023-03-15', 'Maret', '2023', 'Dana Sosial Santunan Pegawai', 'E04', 'Biaya Lain-lain', '500000'),
('RK-00030', '2023-03-15', 'Maret', '2023', 'Sumbangan Kegiatan Posyandu dan UKS', 'E05', 'Biaya Lain-lain', '150000'),
('RK-00031', '2023-03-15', 'Maret', '2023', 'Iuran Keamanan dan Kebersihan', 'E06', 'Biaya Lain-lain', '125000'),
('RK-00032', '2023-03-15', 'Maret', '2023', 'Pengurangan Transaksi Non Tunai', 'E07', 'Biaya Lain-lain', '1000000'),
('RK-00033', '2023-03-15', 'Maret', '2023', 'Pengeluaran Tak Terduga (BTT)', 'E08', 'Biaya Lain-lain', '2500000'),
('RK-00034', '2023-04-07', 'April', '2023', 'Gaji Pegawai', 'A01', 'Biaya Pegawai', '45000000'),
('RK-00035', '2023-04-07', 'April', '2023', 'Uang Duduk Dokter Jaga', 'A02', 'Biaya Pegawai', '9000000'),
('RK-00036', '2023-04-07', 'April', '2023', 'Jasa Tindakan Dokter Jaga', 'A03', 'Biaya Pegawai', '20000000'),
('RK-00037', '2023-04-07', 'April', '2023', 'Jasa Tindakan Paramedik Kelompok', 'A04', 'Biaya Pegawai', '8000000'),
('RK-00038', '2023-04-07', 'April', '2023', 'Jasa Tindakan Paramedik Individu', 'A05', 'Biaya Pegawai', '2500000'),
('RK-00039', '2023-04-07', 'April', '2023', 'Jasa Tindakan Vaksin Dokter', 'A06', 'Biaya Pegawai', '500000'),
('RK-00040', '2023-04-07', 'April', '2023', 'Jasa Tindakan Vaksin Paramedik', 'A07', 'Biaya Pegawai', '250000'),
('RK-00041', '2023-04-07', 'April', '2023', 'Jasa Driver Ambulance', 'A08', 'Biaya Pegawai', '100000'),
('RK-00042', '2023-04-07', 'April', '2023', 'Jasa Petugas Visite Homecare', 'A09', 'Biaya Pegawai', '50000'),
('RK-00043', '2023-04-07', 'April', '2023', 'Honorarium Dokter Pemegang SIP', 'A10', 'Biaya Pegawai', '2000000'),
('RK-00044', '2023-04-07', 'April', '2023', 'Honorarium SIP Tenaga Kesehatan', 'A11', 'Biaya Pegawai', '4150000'),
('RK-00045', '2023-04-07', 'April', '2023', 'Pembayaran Iuran BPJS Kesehatan', 'A12', 'Biaya Pegawai', '1500000'),
('RK-00046', '2023-04-07', 'April', '2023', 'Pembayaran Iuran BP Jamsostek', 'A13', 'Biaya Pegawai', '1185000'),
('RK-00047', '2023-04-07', 'April', '2023', 'Jasa Lembur Pegawai (Overtime)', 'A14', 'Biaya Pegawai', '5000000'),
('RK-00048', '2023-04-07', 'April', '2023', 'Jasa Petugas Parkir dan Jaga Malam', 'A15', 'Biaya Pegawai', '1000000'),
('RK-00049', '2023-04-07', 'April', '2023', 'Pembelian Obat dan BHP', 'B01', 'Biaya Operasional', '42000000'),
('RK-00050', '2023-04-07', 'April', '2023', 'Pembelian Reagen Laboratorium', 'B02', 'Biaya Operasional', '2000000'),
('RK-00051', '2023-04-07', 'April', '2023', 'Biaya Tagihan Listrik dan Token Prabayar', 'B05', 'Biaya Operasional', '3500000'),
('RK-00052', '2023-04-07', 'April', '2023', 'Biaya Tagihan Telephon dan Internet', 'B06', 'Biaya Operasional', '1000000'),
('RK-00053', '2023-04-07', 'April', '2023', 'Biaya Kegiatan Marketing', 'B07', 'Biaya Operasional', '2000000'),
('RK-00054', '2023-04-07', 'April', '2023', 'Pembelian ATK', 'B08', 'Biaya Operasional', '800000'),
('RK-00055', '2023-04-07', 'April', '2023', 'Pembelian Alat Rumah Tangga dan Kebersihan', 'B09', 'Biaya Operasional', '1200000'),
('RK-00056', '2023-04-07', 'April', '2023', 'Biaya Kebutuhan Dapur', 'B10', 'Biaya Operasional', '7500000'),
('RK-00057', '2023-04-07', 'April', '2023', 'Pembelian Bensin Ambulance', 'B11', 'Biaya Operasional', '400000'),
('RK-00058', '2023-04-07', 'April', '2023', 'Pembelian Bensin Genset', 'B12', 'Biaya Operasional', '150000'),
('RK-00059', '2023-04-07', 'April', '2023', 'Pinjaman Pegawai', 'E01', 'Biaya Lain-lain', '5000000'),
('RK-00060', '2023-04-07', 'April', '2023', 'Fee Rujukan Paraji dan Kader', 'E02', 'Biaya Lain-lain', '150000'),
('RK-00061', '2023-04-07', 'April', '2023', 'Dana Sosial Santunan Pasien', 'E03', 'Biaya Lain-lain', '100000'),
('RK-00062', '2023-04-07', 'April', '2023', 'Dana Sosial Santunan Pegawai', 'E04', 'Biaya Lain-lain', '200000'),
('RK-00063', '2023-04-07', 'April', '2023', 'Sumbangan Kegiatan Posyandu dan UKS', 'E05', 'Biaya Lain-lain', '200000'),
('RK-00064', '2023-04-07', 'April', '2023', 'Iuran Keamanan dan Kebersihan', 'E06', 'Biaya Lain-lain', '150000'),
('RK-00065', '2023-04-07', 'April', '2023', 'Pengurangan Transaksi Non Tunai', 'E07', 'Biaya Lain-lain', '1000000'),
('RK-00066', '2023-04-07', 'April', '2023', 'Pengeluaran Tak Terduga (BTT)', 'E08', 'Biaya Lain-lain', '4000000'),
('RK-00067', '2023-04-07', 'April', '2023', 'Pembayaran Angsuran Pinjaman Bank', 'C05', 'Biaya Modal', '47000000'),
('RK-00068', '2023-04-07', 'April', '2023', 'COD Obat dan BHP', 'B13', 'Biaya Operasional', '2000000'),
('RK-00069', '2023-04-07', 'April', '2023', 'COD Reagen Laboratorium', 'B14', 'Biaya Operasional', '500000'),
('RK-00070', '2023-04-07', 'April', '2023', 'COD KB Suntik', 'B15', 'Biaya Operasional', '500000'),
('RK-00071', '2023-04-28', 'April', '2023', 'THR Pegawai', 'A18', 'Biaya Pegawai', '26000000');

-- --------------------------------------------------------

--
-- Struktur dari tabel `tbl_rab_pendapatan`
--

CREATE TABLE `tbl_rab_pendapatan` (
  `nomer` varchar(255) NOT NULL,
  `tanggal` date DEFAULT NULL,
  `bulan` varchar(255) DEFAULT NULL,
  `tahun` varchar(255) DEFAULT NULL,
  `rekening` varchar(255) DEFAULT NULL,
  `kodrek` varchar(255) DEFAULT NULL,
  `pos` varchar(255) DEFAULT NULL,
  `jumlah` varchar(255) DEFAULT NULL
) ENGINE=InnoDB DEFAULT CHARSET=utf8 COLLATE=utf8_general_ci;

--
-- Dumping data untuk tabel `tbl_rab_pendapatan`
--

INSERT INTO `tbl_rab_pendapatan` (`nomer`, `tanggal`, `bulan`, `tahun`, `rekening`, `kodrek`, `pos`, `jumlah`) VALUES
('RM-00001', '2023-03-15', 'Maret', '2023', 'Pelayanan Pasien Umum', 'A21', 'Pendapatan Operasional', '110000000'),
('RM-00002', '2023-03-15', 'Maret', '2023', 'Pembayaran Kapitasi BPJSK', 'A22', 'Pendapatan Operasional', '100000000'),
('RM-00003', '2023-03-15', 'Maret', '2023', 'Pembayaran Klaim Persalinan BPJSK', 'A23', 'Pendapatan Operasional', '3500000'),
('RM-00004', '2023-03-15', 'Maret', '2023', 'Pelayanan Vaksin dan MCU', 'A25', 'Pendapatan Operasional', '20000000'),
('RM-00005', '2023-03-15', 'Maret', '2023', 'Pengembalian Pinjaman Pegawai', 'A41', 'Pendapatan Lain-lain', '2500000'),
('RM-00006', '2023-04-07', 'April', '2023', 'Pelayanan Pasien Umum', 'A21', 'Pendapatan Operasional', '120000000'),
('RM-00007', '2023-04-07', 'April', '2023', 'Pembayaran Kapitasi BPJSK', 'A22', 'Pendapatan Operasional', '100000000'),
('RM-00008', '2023-04-07', 'April', '2023', 'Pembayaran Klaim Persalinan BPJSK', 'A23', 'Pendapatan Operasional', '1200000'),
('RM-00009', '2023-04-07', 'April', '2023', 'Pelayanan Vaksin dan MCU', 'A25', 'Pendapatan Operasional', '500000'),
('RM-00010', '2023-04-07', 'April', '2023', 'Pengembalian Pinjaman Pegawai', 'A41', 'Pendapatan Lain-lain', '2500000'),
('RM-00011', '2023-04-07', 'April', '2023', 'Potongan Gaji Iuran BPJS', 'A44', 'Pendapatan Lain-lain', '166944'),
('RM-00012', '2023-04-07', 'April', '2023', 'Potongan Gaji Iuran BP Jamsostek', 'A45', 'Pendapatan Lain-lain', '381000'),
('RM-00013', '2023-04-07', 'April', '2023', 'Potongan Pemakaian Obat', 'A46', 'Pendapatan Lain-lain', '150000');

--
-- Indexes for dumped tables
--

--
-- Indeks untuk tabel `tbl_belanja_bulanan`
--
ALTER TABLE `tbl_belanja_bulanan`
  ADD PRIMARY KEY (`nomer`);

--
-- Indeks untuk tabel `tbl_belanja_harian`
--
ALTER TABLE `tbl_belanja_harian`
  ADD PRIMARY KEY (`nomer`);

--
-- Indeks untuk tabel `tbl_kodrekbelanja`
--
ALTER TABLE `tbl_kodrekbelanja`
  ADD PRIMARY KEY (`kodrek`);

--
-- Indeks untuk tabel `tbl_kodrekincome`
--
ALTER TABLE `tbl_kodrekincome`
  ADD PRIMARY KEY (`kodrek`);

--
-- Indeks untuk tabel `tbl_pendapatan_bulanan`
--
ALTER TABLE `tbl_pendapatan_bulanan`
  ADD PRIMARY KEY (`nomer`);

--
-- Indeks untuk tabel `tbl_pendapatan_harian`
--
ALTER TABLE `tbl_pendapatan_harian`
  ADD PRIMARY KEY (`nomer`);

--
-- Indeks untuk tabel `tbl_pendapatan_lain`
--
ALTER TABLE `tbl_pendapatan_lain`
  ADD PRIMARY KEY (`nomer`);

--
-- Indeks untuk tabel `tbl_rab_belanja`
--
ALTER TABLE `tbl_rab_belanja`
  ADD PRIMARY KEY (`nomer`);

--
-- Indeks untuk tabel `tbl_rab_pendapatan`
--
ALTER TABLE `tbl_rab_pendapatan`
  ADD PRIMARY KEY (`nomer`);
COMMIT;

